-- https://www.phpmyadmin.net/
--
-- Tempo de geração: 10/06/2026 às 20:37
-- Versão do servidor: 10.11.16-MariaDB-cll-lve
-- Versão do PHP: 8.4.21

START TRANSACTION;



--
-- Banco de dados: `miguelde_modulo3`
--

DELIMITER $$
--
-- Procedimentos
--
CREATE DEFINER=`miguelde`@`localhost` PROCEDURE `verificaativolaura` (IN `$idmac` VARCHAR(17), OUT `$ativo` TINYTEXT)   BEGIN
SELECT ativo into $ativo
from mac WHERE idmac=$idmac;
END$$

CREATE DEFINER=`miguelde`@`localhost` PROCEDURE `verificalimitealunolaura` (IN `$idaluno` INT, OUT `$limitealuno` INT, OUT `$contadoraluno` INT)   BEGIN 
SELECT limite into $limitealuno
from aluno
WHERE idaluno=$idaluno;
SELECT contador INTO $contadoraluno
from aluno
WHERE idaluno=$idaluno;

END$$

CREATE DEFINER=`miguelde`@`localhost` PROCEDURE `verificalimitemaclaura` (IN `$idmac` VARCHAR(17), OUT `$limitemac` INT, OUT `$contadormac` INT)   BEGIN 
SELECT limite into $limitemac
from mac
WHERE idmac=$idmac;
SELECT contador INTO $contadormac
from mac
WHERE idmac=$idmac;

END$$

CREATE DEFINER=`miguelde`@`localhost` PROCEDURE `verificalimitesensorlaura` (IN `$idsensor` INT, OUT `$limitesensor` INT, OUT `$contadorsensor` INT)   BEGIN 
SELECT limite into $limitesensor
from sensor
WHERE idsensor=$idsensor;
SELECT contador INTO $contadorsensor
from sensor
WHERE idsensor=$idsensor;

END$$

DELIMITER ;

-- --------------------------------------------------------

--
-- Estrutura para tabela `casjoao`
--

CREATE TABLE `casjoao` (
  `idcasjoao` int(10) UNSIGNED NOT NULL,
  `tratamentojoao_idtratamentoJoao` int(10) UNSIGNED NOT NULL,
  `sintomasjoao_idsintomasJoao` int(10) UNSIGNED NOT NULL,
  `consultajoao_idconsultaJoao` int(10) UNSIGNED NOT NULL,
  `datatramento` date DEFAULT NULL
) ENGINE=InnoDB DEFAULT CHARSET=utf8mb4 COLLATE=utf8mb4_general_ci;

--
-- Despejando dados para a tabela `casjoao`
--

INSERT INTO `casjoao` (`idcasjoao`, `tratamentojoao_idtratamentoJoao`, `sintomasjoao_idsintomasJoao`, `consultajoao_idconsultaJoao`, `datatramento`) VALUES
(1, 5, 10, 1, '2026-04-22'),
(2, 2, 2, 1, '2026-04-23'),
(3, 8, 13, 2, '2026-05-13'),
(4, 5, 7, 2, '2026-05-13'),
(5, 4, 7, 2, '2026-05-13');

-- --------------------------------------------------------

--
-- Estrutura para tabela `castalves`
--

CREATE TABLE `castalves` (
  `idcastalves` int(10) UNSIGNED NOT NULL,
  `tratamentoalves_idtratamentoalves` int(10) UNSIGNED NOT NULL,
  `sintomaalves_idsintomaalves` int(10) UNSIGNED NOT NULL,
  `consultaalves_idconsultaalves` int(10) UNSIGNED NOT NULL,
  `datatratamento` date DEFAULT NULL
) ENGINE=InnoDB DEFAULT CHARSET=utf8mb4 COLLATE=utf8mb4_general_ci;

--
-- Despejando dados para a tabela `castalves`
--

INSERT INTO `castalves` (`idcastalves`, `tratamentoalves_idtratamentoalves`, `sintomaalves_idsintomaalves`, `consultaalves_idconsultaalves`, `datatratamento`) VALUES
(1, 4, 10, 1, '2026-04-22'),
(2, 5, 10, 1, '2026-04-23'),
(3, 4, 8, 2, '2026-04-29'),
(4, 6, 4, 3, '2026-05-06'),
(5, 2, 9, 4, '2026-05-06'),
(6, 8, 13, 5, '2026-05-13'),
(7, 6, 4, 5, '2026-05-13'),
(8, 2, 4, 5, '2026-05-13');

-- --------------------------------------------------------

--
-- Estrutura para tabela `castamandha`
--

CREATE TABLE `castamandha` (
  `idcastamandha` int(10) UNSIGNED NOT NULL,
  `tratamentoamandha_idtratamentoamandha` int(10) UNSIGNED NOT NULL,
  `sintomaamandha_issintomaamandha` int(10) UNSIGNED NOT NULL,
  `consultaamandha_idconsultamandha` int(10) UNSIGNED NOT NULL,
  `datatratamento` date DEFAULT NULL
) ENGINE=InnoDB DEFAULT CHARSET=utf8mb4 COLLATE=utf8mb4_general_ci;

--
-- Despejando dados para a tabela `castamandha`
--

INSERT INTO `castamandha` (`idcastamandha`, `tratamentoamandha_idtratamentoamandha`, `sintomaamandha_issintomaamandha`, `consultaamandha_idconsultamandha`, `datatratamento`) VALUES
(1, 6, 5, 1, '2026-04-22');

-- --------------------------------------------------------

--
-- Estrutura para tabela `castana`
--

CREATE TABLE `castana` (
  `id_castana` int(10) UNSIGNED NOT NULL,
  `tratamentoana_idtratamentoana` int(10) UNSIGNED NOT NULL,
  `sintomaana_idsintomaana` int(10) UNSIGNED NOT NULL,
  `consultaana_idconsultaana` int(10) UNSIGNED NOT NULL,
  `datatratamento` date DEFAULT NULL
) ENGINE=InnoDB DEFAULT CHARSET=utf8mb4 COLLATE=utf8mb4_general_ci;

--
-- Despejando dados para a tabela `castana`
--

INSERT INTO `castana` (`id_castana`, `tratamentoana_idtratamentoana`, `sintomaana_idsintomaana`, `consultaana_idconsultaana`, `datatratamento`) VALUES
(1, 1, 1, 1, '2026-04-22'),
(2, 7, 5, 1, '2026-04-23'),
(3, 7, 3, 2, '2026-04-29'),
(4, 6, 2, 3, '2026-05-06'),
(5, 4, 4, 4, '2026-05-07'),
(6, 8, 8, 6, '2026-05-13'),
(7, 1, 3, 6, '2026-05-13'),
(8, 5, 2, 6, '2026-05-13');

-- --------------------------------------------------------

--
-- Estrutura para tabela `castarthur`
--

CREATE TABLE `castarthur` (
  `idcasarthur` int(10) UNSIGNED NOT NULL,
  `tratamentoarthur_idtratamentoarthur` int(10) UNSIGNED NOT NULL,
  `consultaarthur_idconsultaarthur` int(10) UNSIGNED NOT NULL,
  `sintomaarthur_idsintomaarthur` int(10) UNSIGNED NOT NULL,
  `datatratamento` date DEFAULT NULL
) ENGINE=InnoDB DEFAULT CHARSET=utf8mb4 COLLATE=utf8mb4_general_ci;

--
-- Despejando dados para a tabela `castarthur`
--

INSERT INTO `castarthur` (`idcasarthur`, `tratamentoarthur_idtratamentoarthur`, `consultaarthur_idconsultaarthur`, `sintomaarthur_idsintomaarthur`, `datatratamento`) VALUES
(1, 1, 1, 1, '2026-04-22'),
(2, 2, 1, 1, '2026-04-23'),
(3, 4, 2, 2, '2026-04-29'),
(4, 6, 3, 3, '2026-05-06'),
(5, 4, 4, 2, '2026-05-06'),
(6, 5, 5, 10, '2026-05-13'),
(7, 7, 5, 2, '2026-05-14'),
(8, 2, 5, 10, '2026-05-13');

-- --------------------------------------------------------

--
-- Estrutura para tabela `castdavi`
--

CREATE TABLE `castdavi` (
  `idcastdavi` int(11) NOT NULL,
  `sintomadavi_idsintomadavi` int(11) NOT NULL,
  `tratamentodavi_idtratamentodavi` int(11) NOT NULL,
  `consultadavi_idconsultadavi` int(11) NOT NULL,
  `datatratamento` date DEFAULT NULL
) ENGINE=InnoDB DEFAULT CHARSET=utf8mb4 COLLATE=utf8mb4_general_ci;

--
-- Despejando dados para a tabela `castdavi`
--

INSERT INTO `castdavi` (`idcastdavi`, `sintomadavi_idsintomadavi`, `tratamentodavi_idtratamentodavi`, `consultadavi_idconsultadavi`, `datatratamento`) VALUES
(1, 1, 1, 1, '2026-05-01'),
(2, 2, 2, 1, '2026-05-01'),
(3, 3, 1, 2, '2026-05-02'),
(4, 4, 4, 3, '2026-05-03'),
(5, 5, 7, 3, '2026-05-03'),
(6, 1, 5, 4, '2026-05-04'),
(7, 1, 1, 5, '2026-05-13'),
(9, 4, 8, 5, '2026-05-13'),
(10, 2, 2, 5, '2026-05-13');

-- --------------------------------------------------------

--
-- Estrutura para tabela `castdeidiani`
--

CREATE TABLE `castdeidiani` (
  `idcastdeidiani` int(10) UNSIGNED NOT NULL,
  `tratamentodeidiani_idtratamentodeidiani` int(10) UNSIGNED NOT NULL,
  `sintomadeidiani_idsintomadeidiani` int(10) UNSIGNED NOT NULL,
  `consultadeidiani_idconsultadeidiani` int(10) UNSIGNED NOT NULL,
  `datatratamento` date DEFAULT NULL
) ENGINE=InnoDB DEFAULT CHARSET=utf8mb4 COLLATE=utf8mb4_general_ci;

-- --------------------------------------------------------

--
-- Estrutura para tabela `casteduardo`
--

CREATE TABLE `casteduardo` (
  `idcasteduardo` int(10) UNSIGNED NOT NULL,
  `tratamentoeduardo_idtratamentoeduardo` int(10) UNSIGNED NOT NULL,
  `sintomaeduardo_idsintomaeduardo` int(10) UNSIGNED NOT NULL,
  `consultaeduardo_idconsultaeduardo` int(10) UNSIGNED NOT NULL,
  `datatratamento` date DEFAULT NULL
) ENGINE=InnoDB DEFAULT CHARSET=utf8mb4 COLLATE=utf8mb4_general_ci;

--
-- Despejando dados para a tabela `casteduardo`
--

INSERT INTO `casteduardo` (`idcasteduardo`, `tratamentoeduardo_idtratamentoeduardo`, `sintomaeduardo_idsintomaeduardo`, `consultaeduardo_idconsultaeduardo`, `datatratamento`) VALUES
(1, 1, 6, 3, '2026-04-22'),
(3, 7, 8, 4, '2026-04-22'),
(4, 5, 5, 1, '2026-04-24'),
(5, 3, 7, 2, '2026-04-23'),
(6, 4, 8, 4, '2026-04-22'),
(7, 7, 4, 6, '2026-05-06'),
(8, 8, 12, 7, '2026-05-14'),
(9, 9, 13, 8, '2026-05-13'),
(10, 5, 9, 7, '2026-05-13'),
(11, 9, 13, 7, '2026-05-14');

-- --------------------------------------------------------

--
-- Estrutura para tabela `castenzo`
--

CREATE TABLE `castenzo` (
  `idcastenzo` int(10) UNSIGNED NOT NULL,
  `consultaenzo_idconsultaenzo` int(10) UNSIGNED NOT NULL,
  `tratamentoenzo_idtratamentoenzo` int(10) UNSIGNED NOT NULL,
  `sintomaenzo_idsintomaenzo` int(10) UNSIGNED NOT NULL,
  `datatratamento` date DEFAULT NULL
) ENGINE=InnoDB DEFAULT CHARSET=utf8mb4 COLLATE=utf8mb4_general_ci;

--
-- Despejando dados para a tabela `castenzo`
--

INSERT INTO `castenzo` (`idcastenzo`, `consultaenzo_idconsultaenzo`, `tratamentoenzo_idtratamentoenzo`, `sintomaenzo_idsintomaenzo`, `datatratamento`) VALUES
(1, 2, 5, 4, '2026-03-04'),
(2, 3, 6, 7, '2026-01-21'),
(3, 7, 10, 4, '2019-02-13'),
(4, 4, 3, 9, '2026-05-15'),
(5, 7, 3, 4, '2025-09-09'),
(6, 5, 9, 2, '2026-01-08'),
(7, 9, 2, 4, '2019-02-13'),
(8, 7, 7, 2, '2025-09-09'),
(9, 1, 1, 1, '2001-01-01'),
(10, 9, 5, 4, '2023-05-30'),
(11, 6, 4, 6, '2025-02-19'),
(12, 8, 6, 5, '2017-05-04'),
(13, 2, 8, 8, '2025-07-09'),
(14, 1, 1, 3, '2026-05-03'),
(15, 10, 10, 10, '2026-05-10'),
(16, 3, 7, 11, '2026-05-10'),
(17, 2, 5, 12, '2026-05-10'),
(18, 11, 4, 12, '2025-11-05'),
(19, 12, 5, 11, '2025-08-14'),
(20, 13, 10, 10, '2025-06-18'),
(21, 14, 12, 13, '2016-05-11'),
(22, 14, 1, 3, '2026-05-03'),
(23, 14, 1, 1, '2026-05-27');

-- --------------------------------------------------------

--
-- Estrutura para tabela `castfelipe`
--

CREATE TABLE `castfelipe` (
  `idcastfelipe` int(10) UNSIGNED NOT NULL,
  `tratamentofelipe_idtratamentofelipe` int(10) UNSIGNED NOT NULL,
  `sintomasfelipe_idsintomasfelipe` int(10) UNSIGNED NOT NULL,
  `consultafelipe_idconsultafelipe` int(10) UNSIGNED NOT NULL,
  `datatratamento` date DEFAULT NULL
) ENGINE=InnoDB DEFAULT CHARSET=utf8mb4 COLLATE=utf8mb4_general_ci;

--
-- Despejando dados para a tabela `castfelipe`
--

INSERT INTO `castfelipe` (`idcastfelipe`, `tratamentofelipe_idtratamentofelipe`, `sintomasfelipe_idsintomasfelipe`, `consultafelipe_idconsultafelipe`, `datatratamento`) VALUES
(1, 3, 1, 1, '2026-05-01'),
(2, 3, 5, 1, '2026-05-01'),
(3, 1, 2, 2, '2026-05-02'),
(4, 4, 3, 2, '2026-05-02'),
(5, 2, 4, 3, '2026-05-03'),
(6, 6, 7, 3, '2026-05-03'),
(7, 5, 1, 4, '2026-05-04'),
(8, 5, 8, 4, '2026-05-04'),
(9, 7, 1, 5, '2026-05-05'),
(10, 6, 7, 5, '2026-05-05');

-- --------------------------------------------------------

--
-- Estrutura para tabela `castgabrieli`
--

CREATE TABLE `castgabrieli` (
  `idcastgabrieli` int(10) UNSIGNED NOT NULL,
  `tratamentogabrieli_idtratamentogabrieli` int(10) UNSIGNED NOT NULL,
  `sintomagabrieli_idsintomagabrieli` int(10) UNSIGNED NOT NULL,
  `consultagabrieli_idconsultagabrieli` int(10) UNSIGNED NOT NULL,
  `datatratamento` date DEFAULT NULL
) ENGINE=InnoDB DEFAULT CHARSET=utf8mb4 COLLATE=utf8mb4_general_ci;

--
-- Despejando dados para a tabela `castgabrieli`
--

INSERT INTO `castgabrieli` (`idcastgabrieli`, `tratamentogabrieli_idtratamentogabrieli`, `sintomagabrieli_idsintomagabrieli`, `consultagabrieli_idconsultagabrieli`, `datatratamento`) VALUES
(1, 2, 7, 1, '2026-04-22'),
(2, 1, 7, 1, '2026-04-23'),
(3, 6, 9, 3, '2026-04-29'),
(6, 6, 4, 4, '2026-05-06'),
(7, 2, 10, 5, '2026-05-03');

-- --------------------------------------------------------

--
-- Estrutura para tabela `castgean`
--

CREATE TABLE `castgean` (
  `idcastgean` int(11) NOT NULL,
  `sintomagean_idsintomagean` int(11) NOT NULL,
  `tratamentogean_idtratamentogean` int(11) NOT NULL,
  `consultagean_idconsultagean` int(11) NOT NULL,
  `datatratamento` date DEFAULT NULL
) ENGINE=InnoDB DEFAULT CHARSET=utf8mb4 COLLATE=utf8mb4_general_ci;

--
-- Despejando dados para a tabela `castgean`
--

INSERT INTO `castgean` (`idcastgean`, `sintomagean_idsintomagean`, `tratamentogean_idtratamentogean`, `consultagean_idconsultagean`, `datatratamento`) VALUES
(1, 1, 1, 1, '2026-05-01'),
(2, 2, 2, 1, '2026-05-01'),
(3, 3, 1, 2, '2026-05-02'),
(4, 4, 4, 3, '2026-05-03'),
(5, 5, 7, 3, '2026-05-03'),
(6, 1, 5, 4, '2026-05-04'),
(7, 1, 1, 5, '2026-05-13'),
(9, 4, 8, 5, '2026-05-13'),
(10, 2, 2, 5, '2026-05-13');

-- --------------------------------------------------------

--
-- Estrutura para tabela `castguilherme`
--

CREATE TABLE `castguilherme` (
  `idcastguilherme` int(10) UNSIGNED NOT NULL,
  `tratamentoguilherme_idtratamentoguilherme` int(10) UNSIGNED NOT NULL,
  `sintomaguilherme_idsintomaguilherme` int(10) UNSIGNED NOT NULL,
  `consultaguilherme_idconsultaguilherme` int(10) UNSIGNED NOT NULL,
  `datatratamento` date DEFAULT NULL
) ENGINE=InnoDB DEFAULT CHARSET=utf8mb4 COLLATE=utf8mb4_general_ci;

--
-- Despejando dados para a tabela `castguilherme`
--

INSERT INTO `castguilherme` (`idcastguilherme`, `tratamentoguilherme_idtratamentoguilherme`, `sintomaguilherme_idsintomaguilherme`, `consultaguilherme_idconsultaguilherme`, `datatratamento`) VALUES
(1, 1, 1, 1, '2026-04-10'),
(2, 2, 1, 1, '2026-04-10'),
(3, 4, 2, 2, '2026-04-15'),
(4, 3, 4, 3, '2026-04-20'),
(5, 4, 4, 4, '2026-04-25'),
(6, 3, 4, 5, '2026-04-26'),
(9, 5, 5, 6, '2026-05-13'),
(10, 3, 4, 6, '2026-05-13'),
(11, 4, 4, 6, '2026-05-13'),
(12, 3, 3, 6, '2026-05-13'),
(13, 3, 3, 6, '2026-05-13');

-- --------------------------------------------------------

--
-- Estrutura para tabela `casthigor`
--

CREATE TABLE `casthigor` (
  `idcasthigor` int(10) UNSIGNED NOT NULL,
  `tratamentohigor_idtratamentohigor` int(10) UNSIGNED NOT NULL,
  `sintomahigor_idsintomahigor` int(10) UNSIGNED NOT NULL,
  `consultahigor_idconsultahigor` int(10) UNSIGNED NOT NULL,
  `datatratamento` date DEFAULT NULL
) ENGINE=InnoDB DEFAULT CHARSET=utf8mb4 COLLATE=utf8mb4_general_ci;

--
-- Despejando dados para a tabela `casthigor`
--

INSERT INTO `casthigor` (`idcasthigor`, `tratamentohigor_idtratamentohigor`, `sintomahigor_idsintomahigor`, `consultahigor_idconsultahigor`, `datatratamento`) VALUES
(1, 3, 3, 3, '2026-01-12'),
(2, 4, 1, 2, '2026-03-02'),
(3, 2, 2, 3, '2026-02-28'),
(4, 3, 4, 1, '2026-04-09'),
(5, 5, 3, 4, '2026-04-12');

-- --------------------------------------------------------

--
-- Estrutura para tabela `castluiza`
--

CREATE TABLE `castluiza` (
  `idcastluiza` int(10) UNSIGNED NOT NULL,
  `tratamentoluiza_idtratamentoluiza` int(10) UNSIGNED NOT NULL,
  `sintomaluiza_idsintomaluiza` int(10) UNSIGNED NOT NULL,
  `consultaluiza_idconsultaluiza` int(10) UNSIGNED NOT NULL,
  `datatratamento` date DEFAULT NULL
) ENGINE=InnoDB DEFAULT CHARSET=utf8mb4 COLLATE=utf8mb4_general_ci;

--
-- Despejando dados para a tabela `castluiza`
--

INSERT INTO `castluiza` (`idcastluiza`, `tratamentoluiza_idtratamentoluiza`, `sintomaluiza_idsintomaluiza`, `consultaluiza_idconsultaluiza`, `datatratamento`) VALUES
(1, 4, 9, 1, '2026-04-22'),
(2, 5, 9, 1, '2026-04-23'),
(3, 4, 3, 2, '2026-04-29'),
(4, 6, 8, 4, '2026-05-06'),
(6, 2, 7, 3, '2026-05-06'),
(7, 7, 11, 5, '2026-05-13'),
(8, 1, 3, 5, '2026-05-13'),
(9, 2, 3, 5, '2026-05-13');

-- --------------------------------------------------------

--
-- Estrutura para tabela `castmiguel`
--

CREATE TABLE `castmiguel` (
  `idcastmiguel` int(10) UNSIGNED NOT NULL,
  `tratamentomiguel_idtratamentomiguel` int(10) UNSIGNED NOT NULL,
  `sintomamiguel_idsintomamiguel` int(10) UNSIGNED NOT NULL,
  `consultamiguel_idconsultamiguel` int(10) UNSIGNED NOT NULL,
  `datatratamento` date DEFAULT NULL
) ENGINE=InnoDB DEFAULT CHARSET=latin1 COLLATE=latin1_swedish_ci;

--
-- Despejando dados para a tabela `castmiguel`
--

INSERT INTO `castmiguel` (`idcastmiguel`, `tratamentomiguel_idtratamentomiguel`, `sintomamiguel_idsintomamiguel`, `consultamiguel_idconsultamiguel`, `datatratamento`) VALUES
(1, 4, 8, 1, '2026-04-22'),
(2, 5, 8, 1, '2026-04-23'),
(3, 4, 6, 2, '2026-04-29'),
(4, 1, 4, 4, '2026-05-06'),
(5, 4, 6, 5, '2026-05-07'),
(6, 3, 7, 1, '2026-05-18');

-- --------------------------------------------------------

--
-- Estrutura para tabela `castnicolas`
--

CREATE TABLE `castnicolas` (
  `idcastnicolas` int(10) UNSIGNED NOT NULL,
  `consultanicolas_idconsultanicolas` int(10) UNSIGNED NOT NULL,
  `tratamentonicolas_idtratamentonicolas` int(10) UNSIGNED NOT NULL,
  `sintomanicolas_idsintomanicolas` int(10) UNSIGNED NOT NULL,
  `datatratamento` date DEFAULT NULL
) ENGINE=InnoDB DEFAULT CHARSET=utf8mb4 COLLATE=utf8mb4_general_ci;

--
-- Despejando dados para a tabela `castnicolas`
--

INSERT INTO `castnicolas` (`idcastnicolas`, `consultanicolas_idconsultanicolas`, `tratamentonicolas_idtratamentonicolas`, `sintomanicolas_idsintomanicolas`, `datatratamento`) VALUES
(1, 1, 5, 4, '2026-04-22'),
(3, 1, 4, 5, '2026-04-22'),
(4, 1, 4, 7, '2026-04-22'),
(5, 6, 10, 12, '2026-05-13'),
(6, 6, 7, 10, '2026-05-13'),
(7, 6, 2, 10, '2026-05-13'),
(8, 3, 10, 11, '2026-05-13'),
(9, 4, 1, 3, '2026-03-20');

-- --------------------------------------------------------

--
-- Estrutura para tabela `castotavio`
--

CREATE TABLE `castotavio` (
  `idcastotavio` int(10) UNSIGNED NOT NULL,
  `tratamentootavio_idtratamentootavio` int(10) UNSIGNED NOT NULL,
  `sintomaotavio_idsintomaotavio` int(10) UNSIGNED NOT NULL,
  `consultaotavio_idconsultaotavio` int(10) UNSIGNED NOT NULL,
  `datatratamento` date DEFAULT NULL
) ENGINE=InnoDB DEFAULT CHARSET=utf8mb4 COLLATE=utf8mb4_general_ci;

--
-- Despejando dados para a tabela `castotavio`
--

INSERT INTO `castotavio` (`idcastotavio`, `tratamentootavio_idtratamentootavio`, `sintomaotavio_idsintomaotavio`, `consultaotavio_idconsultaotavio`, `datatratamento`) VALUES
(1, 2, 10, 1, '2026-02-27'),
(2, 1, 10, 1, '2026-02-27');

-- --------------------------------------------------------

--
-- Estrutura para tabela `castpedro`
--

CREATE TABLE `castpedro` (
  `idcastpedro` int(10) UNSIGNED NOT NULL,
  `sintomapedro_idsintomapedro` int(10) UNSIGNED NOT NULL,
  `tratamentopedro_idtratamentopedro` int(10) UNSIGNED NOT NULL,
  `consultapedro_idconsultapedro` int(10) UNSIGNED NOT NULL,
  `datatratamento` date DEFAULT NULL
) ENGINE=InnoDB DEFAULT CHARSET=utf8mb4 COLLATE=utf8mb4_general_ci;

--
-- Despejando dados para a tabela `castpedro`
--

INSERT INTO `castpedro` (`idcastpedro`, `sintomapedro_idsintomapedro`, `tratamentopedro_idtratamentopedro`, `consultapedro_idconsultapedro`, `datatratamento`) VALUES
(1, 4, 3, 1, '2036-04-06'),
(2, 6, 4, 2, '2034-04-12'),
(3, 1, 3, 5, '2026-05-13'),
(4, 7, 3, 4, '2026-05-20'),
(5, 8, 6, 8, '2026-05-23'),
(6, 8, 3, 8, '2026-05-23'),
(7, 8, 5, 8, '2026-05-23'),
(8, 8, 6, 8, '2026-05-23');

-- --------------------------------------------------------

--
-- Estrutura para tabela `castpietro`
--

CREATE TABLE `castpietro` (
  `idcastpietro` int(10) UNSIGNED NOT NULL,
  `tratamentopietro_idtratamentopietro` int(10) UNSIGNED NOT NULL,
  `sintomaspietro_idsintomaspietro` int(10) UNSIGNED NOT NULL,
  `consultapietro_idconsultapietro` int(10) UNSIGNED NOT NULL,
  `datatratamento` date DEFAULT NULL
) ENGINE=InnoDB DEFAULT CHARSET=utf8mb4 COLLATE=utf8mb4_general_ci;

--
-- Despejando dados para a tabela `castpietro`
--

INSERT INTO `castpietro` (`idcastpietro`, `tratamentopietro_idtratamentopietro`, `sintomaspietro_idsintomaspietro`, `consultapietro_idconsultapietro`, `datatratamento`) VALUES
(1, 7, 10, 1, '2026-04-22'),
(2, 6, 10, 1, '2026-04-22'),
(3, 2, 4, 2, '2026-04-29'),
(4, 2, 7, 3, '1967-06-07'),
(5, 5, 9, 5, '2026-05-06'),
(6, 1, 11, 4, '2026-04-04'),
(7, 8, 14, 1, '2026-05-13'),
(8, 6, 10, 1, '2026-05-13'),
(9, 7, 10, 6, '2026-05-13');

-- --------------------------------------------------------

--
-- Estrutura para tabela `castsarah`
--

CREATE TABLE `castsarah` (
  `idcastsarah` int(10) UNSIGNED NOT NULL,
  `tratamentosarah_idtratamentosarah` int(10) UNSIGNED NOT NULL,
  `sintomasarah_idsintomasarah` int(10) UNSIGNED NOT NULL,
  `consultasarah_idconsultasarah` int(10) UNSIGNED NOT NULL,
  `datatratamento` date DEFAULT NULL
) ENGINE=InnoDB DEFAULT CHARSET=utf8mb4 COLLATE=utf8mb4_general_ci;

--
-- Despejando dados para a tabela `castsarah`
--

INSERT INTO `castsarah` (`idcastsarah`, `tratamentosarah_idtratamentosarah`, `sintomasarah_idsintomasarah`, `consultasarah_idconsultasarah`, `datatratamento`) VALUES
(1, 2, 7, 1, '2026-04-22'),
(2, 1, 7, 1, '2026-04-23'),
(3, 6, 9, 3, '2026-04-29'),
(4, 5, 1, 4, '2026-05-06'),
(5, 2, 7, 5, '2026-05-06'),
(6, 8, 10, 7, '2026-05-13'),
(7, 2, 7, 7, '2026-05-13'),
(8, 1, 7, 7, '2026-05-13');

-- --------------------------------------------------------

--
-- Estrutura para tabela `caststella`
--

CREATE TABLE `caststella` (
  `idcaststella` int(10) UNSIGNED NOT NULL,
  `tratamentostella_idtratamentostella` int(10) UNSIGNED NOT NULL,
  `sintomastella_idsintomastella` int(10) UNSIGNED NOT NULL,
  `consultastella_idconsultastella` int(10) UNSIGNED NOT NULL,
  `datatratamento` date DEFAULT NULL
) ENGINE=InnoDB DEFAULT CHARSET=utf8mb4 COLLATE=utf8mb4_general_ci;

--
-- Despejando dados para a tabela `caststella`
--

INSERT INTO `caststella` (`idcaststella`, `tratamentostella_idtratamentostella`, `sintomastella_idsintomastella`, `consultastella_idconsultastella`, `datatratamento`) VALUES
(1, 6, 10, 1, '2026-04-22'),
(2, 1, 10, 1, '2026-04-23'),
(3, 1, 10, 1, '2026-05-06'),
(4, 3, 13, 2, '2026-05-07'),
(9, 9, 13, 8, '2026-05-13'),
(10, 9, 13, 8, '2026-05-13'),
(11, 1, 15, 8, '2026-05-13'),
(12, 1, 15, 8, '2026-05-13'),
(14, 7, 15, 8, '2026-05-13'),
(15, 7, 13, 8, '2026-05-13'),
(16, 7, 15, 8, '2026-05-13');

-- --------------------------------------------------------

--
-- Estrutura para tabela `casttais`
--

CREATE TABLE `casttais` (
  `idcasttais` int(10) UNSIGNED NOT NULL,
  `tratamentotais_idtratamentotais` int(10) UNSIGNED NOT NULL,
  `sintomatais_idsintomatais` int(10) UNSIGNED NOT NULL,
  `consultatais_idconsultatais` int(10) UNSIGNED NOT NULL,
  `datatratamento` date DEFAULT NULL
) ENGINE=InnoDB DEFAULT CHARSET=utf8mb4 COLLATE=utf8mb4_general_ci;

--
-- Despejando dados para a tabela `casttais`
--

INSERT INTO `casttais` (`idcasttais`, `tratamentotais_idtratamentotais`, `sintomatais_idsintomatais`, `consultatais_idconsultatais`, `datatratamento`) VALUES
(1, 1, 7, 1, '2026-04-22'),
(2, 2, 7, 1, '2026-04-23'),
(3, 2, 6, 2, '2026-04-29'),
(4, 2, 1, 3, '2026-05-06'),
(5, 1, 3, 4, '2026-05-06'),
(6, 7, 9, 5, '2026-05-13'),
(7, 4, 9, 5, '2026-05-13'),
(8, 2, 8, 5, '2026-05-13');

-- --------------------------------------------------------

--
-- Estrutura para tabela `castvalentina`
--

CREATE TABLE `castvalentina` (
  `idcastvalentina` int(10) UNSIGNED NOT NULL,
  `tratamentovalentina_idtratamentovalentina` int(10) UNSIGNED NOT NULL,
  `consultavalentina_idconsultavalentina` int(10) UNSIGNED NOT NULL,
  `sintomavalentina_idsintomavalentina` int(10) UNSIGNED NOT NULL,
  `data_tratamento` date DEFAULT NULL
) ENGINE=InnoDB DEFAULT CHARSET=utf8mb4 COLLATE=utf8mb4_general_ci;

--
-- Despejando dados para a tabela `castvalentina`
--

INSERT INTO `castvalentina` (`idcastvalentina`, `tratamentovalentina_idtratamentovalentina`, `consultavalentina_idconsultavalentina`, `sintomavalentina_idsintomavalentina`, `data_tratamento`) VALUES
(1, 2, 6, 1, '2026-04-30'),
(2, 1, 7, 1, '2026-04-30'),
(3, 1, 8, 1, '2026-04-30');

-- --------------------------------------------------------

--
-- Estrutura para tabela `castvinicius`
--

CREATE TABLE `castvinicius` (
  `idcastvinicius` int(10) UNSIGNED NOT NULL,
  `tratamentovinicius_idtratamentovinicius` int(10) UNSIGNED NOT NULL,
  `sintomavinicius_idsintomavinicius` int(10) UNSIGNED NOT NULL,
  `consultavinicius_idconsultavinicius` int(10) UNSIGNED NOT NULL,
  `datatratamento` date DEFAULT NULL
) ENGINE=InnoDB DEFAULT CHARSET=utf8mb4 COLLATE=utf8mb4_general_ci;

--
-- Despejando dados para a tabela `castvinicius`
--

INSERT INTO `castvinicius` (`idcastvinicius`, `tratamentovinicius_idtratamentovinicius`, `sintomavinicius_idsintomavinicius`, `consultavinicius_idconsultavinicius`, `datatratamento`) VALUES
(1, 1, 4, 1, '2026-04-22'),
(2, 2, 1, 2, '2026-04-29'),
(7, 1, 1, 4, '2026-05-06'),
(8, 1, 1, 3, '2026-05-06'),
(9, 4, 2, 5, '2026-05-06'),
(12, 7, 9, 6, '2026-05-13'),
(13, 2, 9, 6, '2026-05-13'),
(14, 1, 1, 6, '2026-05-13'),
(15, 3, 3, 4, '2026-05-13');

-- --------------------------------------------------------

--
-- Estrutura para tabela `castvitor`
--

CREATE TABLE `castvitor` (
  `idcastvitor` int(10) UNSIGNED NOT NULL,
  `tratamentovitor_idtratamentovitor` int(10) UNSIGNED NOT NULL,
  `sintomavitor_idsintomavitor` int(10) UNSIGNED NOT NULL,
  `consultavitor_idconsultavitor` int(10) UNSIGNED NOT NULL,
  `datatratamento` date DEFAULT NULL
) ENGINE=InnoDB DEFAULT CHARSET=utf8mb4 COLLATE=utf8mb4_general_ci;

--
-- Despejando dados para a tabela `castvitor`
--

INSERT INTO `castvitor` (`idcastvitor`, `tratamentovitor_idtratamentovitor`, `sintomavitor_idsintomavitor`, `consultavitor_idconsultavitor`, `datatratamento`) VALUES
(1, 3, 3, 3, '2026-01-12'),
(2, 4, 1, 2, '2026-03-02'),
(3, 2, 2, 3, '2026-02-28'),
(4, 3, 4, 1, '2026-04-09'),
(5, 5, 3, 4, '2026-04-12'),
(6, 9, 2, 1, '2026-04-16');

-- --------------------------------------------------------

--
-- Estrutura para tabela `castyasmim`
--

CREATE TABLE `castyasmim` (
  `idcastyasmim` int(10) UNSIGNED NOT NULL,
  `tratamentoyasmim_idtratamentoyasmim` int(10) UNSIGNED NOT NULL,
  `sintomayasmim_idsintomayasmim` int(10) UNSIGNED NOT NULL,
  `consultayasmim_idconsultayasmim` int(10) UNSIGNED NOT NULL,
  `datatratamento` date DEFAULT NULL
) ENGINE=InnoDB DEFAULT CHARSET=utf8mb4 COLLATE=utf8mb4_general_ci;

--
-- Despejando dados para a tabela `castyasmim`
--

INSERT INTO `castyasmim` (`idcastyasmim`, `tratamentoyasmim_idtratamentoyasmim`, `sintomayasmim_idsintomayasmim`, `consultayasmim_idconsultayasmim`, `datatratamento`) VALUES
(1, 5, 8, 2, '2026-04-22'),
(2, 6, 8, 2, '2026-04-23'),
(4, 5, 6, 3, '2026-04-29'),
(5, 1, 4, 4, '2026-05-06'),
(6, 5, 6, 5, '2026-05-07'),
(7, 8, 9, 6, '2026-05-13'),
(8, 2, 4, 6, '2026-05-13'),
(9, 1, 4, 6, '2026-05-13');

-- --------------------------------------------------------

--
-- Estrutura para tabela `consultaalves`
--

CREATE TABLE `consultaalves` (
  `idconsultaalves` int(10) UNSIGNED NOT NULL,
  `pacientealves_idpacientealves` int(10) UNSIGNED NOT NULL,
  `medicoalves_idmedicoalves` int(10) UNSIGNED NOT NULL,
  `nome` varchar(50) DEFAULT NULL,
  `texto` text DEFAULT NULL,
  `dataconsulta` date DEFAULT NULL,
  `bpm` int(10) UNSIGNED DEFAULT NULL,
  `pa` varchar(10) DEFAULT NULL
) ENGINE=InnoDB DEFAULT CHARSET=utf8mb4 COLLATE=utf8mb4_general_ci;

--
-- Despejando dados para a tabela `consultaalves`
--

INSERT INTO `consultaalves` (`idconsultaalves`, `pacientealves_idpacientealves`, `medicoalves_idmedicoalves`, `nome`, `texto`, `dataconsulta`, `bpm`, `pa`) VALUES
(1, 1, 1, 'Consulta sobre dor de estômago', NULL, '2026-04-22', 106, '14/11'),
(2, 4, 2, 'Consulta de rotina', NULL, '2026-04-29', 110, '12/8'),
(3, 2, 2, 'Consulta pre prova da stella', NULL, '2026-05-06', 80, '12/8'),
(4, 4, 2, 'Consulta tais', NULL, '2026-05-06', 90, '12/8'),
(5, 7, 1, 'Consulta sobre nariz congestionado', NULL, '2026-05-13', 70, '12/8'),
(6, 9, 3, 'Consulta teste', 'bla bla bla bla', '2026-06-10', 90, '11/10');

-- --------------------------------------------------------

--
-- Estrutura para tabela `consultaamandha`
--

CREATE TABLE `consultaamandha` (
  `idconsultamandha` int(10) UNSIGNED NOT NULL,
  `medicoamandha_idmedicoamandha` int(10) UNSIGNED NOT NULL,
  `pacienteamandha_idpacienteamandha` int(10) UNSIGNED NOT NULL,
  `nome` varchar(50) DEFAULT NULL,
  `texto` text DEFAULT NULL,
  `dataconsulta` date DEFAULT NULL,
  `bpm` int(10) UNSIGNED DEFAULT NULL,
  `pa` varchar(10) DEFAULT NULL
) ENGINE=InnoDB DEFAULT CHARSET=utf8mb4 COLLATE=utf8mb4_general_ci;

--
-- Despejando dados para a tabela `consultaamandha`
--

INSERT INTO `consultaamandha` (`idconsultamandha`, `medicoamandha_idmedicoamandha`, `pacienteamandha_idpacienteamandha`, `nome`, `texto`, `dataconsulta`, `bpm`, `pa`) VALUES
(1, 1, 1, 'Dor de cabeça', NULL, '2026-04-22', 106, '14/11');

-- --------------------------------------------------------

--
-- Estrutura para tabela `consultaana`
--

CREATE TABLE `consultaana` (
  `idconsultaana` int(10) UNSIGNED NOT NULL,
  `medicoana_idmedicoana` int(10) UNSIGNED NOT NULL,
  `pacienteana_idpacienteana` int(10) UNSIGNED NOT NULL,
  `nome` varchar(50) DEFAULT NULL,
  `texto` text DEFAULT NULL,
  `dataconsulta` date DEFAULT NULL,
  `bpm` int(10) UNSIGNED DEFAULT NULL,
  `pa` varchar(10) DEFAULT NULL
) ENGINE=InnoDB DEFAULT CHARSET=utf8mb4 COLLATE=utf8mb4_general_ci;

--
-- Despejando dados para a tabela `consultaana`
--

INSERT INTO `consultaana` (`idconsultaana`, `medicoana_idmedicoana`, `pacienteana_idpacienteana`, `nome`, `texto`, `dataconsulta`, `bpm`, `pa`) VALUES
(1, 1, 1, 'Dor de estômago.', NULL, '2026-05-01', 106, '14/11'),
(2, 2, 3, 'Consulta de rotina', NULL, '2026-04-29', 110, '12/8'),
(3, 2, 1, 'Consulta suspeita de sarampo', NULL, '2026-05-06', 85, '10/6'),
(4, 1, 4, 'Consulta suspeita de esquizofrenia', NULL, '2026-05-07', 85, '10/6'),
(6, 2, 8, 'Dor de dente', NULL, '2026-05-13', 95, '7/10');

-- --------------------------------------------------------

--
-- Estrutura para tabela `consultaarthur`
--

CREATE TABLE `consultaarthur` (
  `idconsultaarthur` int(10) UNSIGNED NOT NULL,
  `medicoarthur_idmedicoarthur` int(10) UNSIGNED NOT NULL,
  `pacientearthur_idpacientearthur` int(10) UNSIGNED NOT NULL,
  `nome` varchar(50) DEFAULT NULL,
  `texto` text DEFAULT NULL,
  `dataconsulta` date DEFAULT NULL,
  `bpm` int(10) UNSIGNED DEFAULT NULL,
  `pa` varchar(10) DEFAULT NULL
) ENGINE=InnoDB DEFAULT CHARSET=utf8mb4 COLLATE=utf8mb4_general_ci;

--
-- Despejando dados para a tabela `consultaarthur`
--

INSERT INTO `consultaarthur` (`idconsultaarthur`, `medicoarthur_idmedicoarthur`, `pacientearthur_idpacientearthur`, `nome`, `texto`, `dataconsulta`, `bpm`, `pa`) VALUES
(1, 1, 1, 'Consulta sobre dificuldade de respirar', 'O paciente ta tossindo a beça e ta malzinho da silva.', '2026-04-22', 106, '14/11'),
(2, 2, 5, 'Consulta de Rotina', 'blablablalblabla', '2026-04-29', 110, '12/8'),
(3, 1, 5, 'Consulta por perda de memória recente', 'FHsuifgasuyfgo tAY*ÏCBF&I', '2026-05-06', 122, '16/12'),
(4, 2, 2, 'Consulta por pensamentos malucos', 'louco? eu ja fui louco uma vez', '2026-05-05', 87, '3/4'),
(5, 1, 1, 'Consulta de queixa de desidratação rápida', 'O paciente ta mal das ideia todo seco das águas', '2026-05-13', 122, '9/6'),
(6, 3, 2, 'O cara ta mal', '', '2026-06-10', 112, '10/7');

-- --------------------------------------------------------

--
-- Estrutura para tabela `consultadavi`
--

CREATE TABLE `consultadavi` (
  `idconsultadavi` int(11) NOT NULL,
  `medicodavi_idmedicodavi` int(11) NOT NULL,
  `pacientedavi_idpacientedavi` int(11) NOT NULL,
  `nome` varchar(50) DEFAULT NULL,
  `texto` text DEFAULT NULL,
  `dataconsulta` date DEFAULT NULL,
  `bpm` int(11) DEFAULT NULL,
  `pa` varchar(10) DEFAULT NULL
) ENGINE=InnoDB DEFAULT CHARSET=utf8mb4 COLLATE=utf8mb4_general_ci;

--
-- Despejando dados para a tabela `consultadavi`
--

INSERT INTO `consultadavi` (`idconsultadavi`, `medicodavi_idmedicodavi`, `pacientedavi_idpacientedavi`, `nome`, `texto`, `dataconsulta`, `bpm`, `pa`) VALUES
(1, 1, 1, 'Consulta geral', 'Paciente com febre e dor de cabeca.', '2026-05-01', 82, '120/80'),
(2, 2, 2, 'Consulta respiratoria', 'Paciente com tosse persistente.', '2026-05-02', 88, '118/76'),
(3, 3, 3, 'Consulta pediatrica', 'Paciente com dor abdominal e nausea.', '2026-05-03', 90, '110/70'),
(4, 4, 4, 'Retorno medico', 'Paciente em acompanhamento para avaliacao dos sintomas.', '2026-05-04', 78, '122/82'),
(5, 1, 5, 'consulta nova', 'consulta nova pra prova', '2026-04-15', 80, '89');

-- --------------------------------------------------------

--
-- Estrutura para tabela `consultadeidiani`
--

CREATE TABLE `consultadeidiani` (
  `idconsultadeidiani` int(10) UNSIGNED NOT NULL,
  `medicodeidiani_idmedicodeidiani` int(10) UNSIGNED NOT NULL,
  `pacientedeidiani_idpacientedeidiani` int(10) UNSIGNED NOT NULL,
  `nome` varchar(50) DEFAULT NULL,
  `texto` text DEFAULT NULL,
  `dataconsulta` date DEFAULT NULL,
  `bpm` int(10) UNSIGNED DEFAULT NULL,
  `pa` varchar(10) DEFAULT NULL
) ENGINE=InnoDB DEFAULT CHARSET=utf8mb4 COLLATE=utf8mb4_general_ci;

--
-- Despejando dados para a tabela `consultadeidiani`
--

INSERT INTO `consultadeidiani` (`idconsultadeidiani`, `medicodeidiani_idmedicodeidiani`, `pacientedeidiani_idpacientedeidiani`, `nome`, `texto`, `dataconsulta`, `bpm`, `pa`) VALUES
(1, 1, 1, 'mod3', 'consulta', '2026-06-10', 91, '11/'),
(2, 1, 1, 'mod3', 'consulta', '2026-06-10', 90, '11/10');

-- --------------------------------------------------------

--
-- Estrutura para tabela `consultaeduardo`
--

CREATE TABLE `consultaeduardo` (
  `idconsultaeduardo` int(10) UNSIGNED NOT NULL,
  `pacienteeduardo_idpacienteeduardo` int(10) UNSIGNED NOT NULL,
  `medicoeduardo_idmedicoeduardo` int(10) UNSIGNED NOT NULL,
  `nome` varchar(50) DEFAULT NULL,
  `texto` text DEFAULT NULL,
  `dataconsulta` date DEFAULT NULL,
  `bpm` int(10) UNSIGNED DEFAULT NULL,
  `pa` varchar(10) DEFAULT NULL
) ENGINE=InnoDB DEFAULT CHARSET=utf8mb4 COLLATE=utf8mb4_general_ci;

--
-- Despejando dados para a tabela `consultaeduardo`
--

INSERT INTO `consultaeduardo` (`idconsultaeduardo`, `pacienteeduardo_idpacienteeduardo`, `medicoeduardo_idmedicoeduardo`, `nome`, `texto`, `dataconsulta`, `bpm`, `pa`) VALUES
(1, 6, 2, 'consulta sobre demencia', NULL, '2026-04-22', 106, '14/11'),
(2, 5, 1, 'consulta sobre looksmaxxing', NULL, '2026-04-22', 106, '14/11'),
(3, 4, 2, 'consulta sobre obesidade morbida', NULL, '2026-04-22', 106, '14/11'),
(4, 2, 1, 'consulta sobre má formação do pé', NULL, '2026-04-25', 106, '14/11'),
(5, 2, 1, 'consulta sobre deformidade auricular', NULL, '2026-05-06', 66, '12/7'),
(6, 7, 2, 'consulta albino', NULL, '2026-05-07', 66, '12/7'),
(7, 8, 1, 'consulta sobre dor no braço', 'paciente relata dor no braço', '2026-05-13', 80, '120/80'),
(8, 8, 2, 'consulta sobre gastrite', 'paciente relata dor estomacal', '2026-05-13', 80, '120/80');

-- --------------------------------------------------------

--
-- Estrutura para tabela `consultaenzo`
--

CREATE TABLE `consultaenzo` (
  `idconsultaenzo` int(10) UNSIGNED NOT NULL,
  `medicoenzo_idmedicoenzo` int(10) UNSIGNED NOT NULL,
  `pacienteenzo_idpacienteenzo` int(10) UNSIGNED NOT NULL,
  `nome` varchar(50) DEFAULT NULL,
  `texto` text DEFAULT NULL,
  `dataconsulta` date DEFAULT NULL,
  `bpm` int(10) UNSIGNED DEFAULT NULL,
  `pa` varchar(10) DEFAULT NULL
) ENGINE=InnoDB DEFAULT CHARSET=utf8mb4 COLLATE=utf8mb4_general_ci;

--
-- Despejando dados para a tabela `consultaenzo`
--

INSERT INTO `consultaenzo` (`idconsultaenzo`, `medicoenzo_idmedicoenzo`, `pacienteenzo_idpacienteenzo`, `nome`, `texto`, `dataconsulta`, `bpm`, `pa`) VALUES
(1, 3, 5, 'Consulta dor na perna', 'Consulta referente a dor na perna.', '2026-06-07', 67, '16-7'),
(2, 2, 2, 'Dor de dente', 'Consulta sobre a dor de dente de João.', '2026-05-07', 90, '12-9'),
(3, 1, 4, 'Dentista', 'Consulta de dentista.', '2026-01-10', 90, '12-9'),
(4, 11, 7, 'Consulta rotinal', 'Consulta rotinal.', '2026-01-10', 90, '12-9'),
(5, 3, 6, 'Dor nas costas', 'Consulta para verificar uma dor nas costas', '2026-02-09', 67, '12-5'),
(6, 6, 3, 'Dor de garganta', 'Consulta para verificar uma dor de garganta.', '2025-12-19', 89, '12-11'),
(7, 1, 4, 'Dor de dente', 'Consulta para verificar uma dor de dente.', '2026-03-10', 87, '10-5'),
(8, 4, 2, 'Dor de cabeça', 'Consulta para verificar uma dor de cabeça.', '2026-01-10', 90, '12-9'),
(9, 7, 1, 'Respirar pesado', 'Consulta de verificação para um respirar pesado.', '2026-01-10', 90, '12-9'),
(10, 5, 5, 'Dor nas costas', 'Consulta referente à dor nas costas do paciente Vitor.', '2026-03-21', 85, '12-8'),
(11, 8, 5, 'Machucado no joelho', 'Foi marcada uma consulta para tratar de um machucado no joelho do paciente Vitor, com o médico Shearer.', '2026-01-14', 80, '15-10'),
(12, 9, 7, 'Picada de cobra', 'O paciente Nicolas foi picado por uma cobra, e veio até o Dr. Schneider para tratar com o antidoto.', '2025-06-17', 67, '9-6'),
(13, 10, 4, 'Gripe', 'Paciente Goelas veio até nosso estabelecimento, consultar com o DR. Fadioni sobre uma gripe.', '2025-06-17', 76, '10-7'),
(14, 1, 4, 'Consulta sobre a depressão', 'O paciente está sofrendo no seu dia - a - dia.', '2026-05-11', 77, '18-10'),
(15, 3, 3, 'Sobre gripe', '', '2026-06-16', 12, '12/4');

-- --------------------------------------------------------

--
-- Estrutura para tabela `consultafelipe`
--

CREATE TABLE `consultafelipe` (
  `idconsultafelipe` int(10) UNSIGNED NOT NULL,
  `medicofelipe_idmedicofelipe` int(10) UNSIGNED NOT NULL,
  `pacientefelipe_idpacientefelipe` int(10) UNSIGNED NOT NULL,
  `nome` varchar(50) DEFAULT NULL,
  `texto` text DEFAULT NULL,
  `data_consulta` date DEFAULT NULL,
  `bpm` int(11) DEFAULT NULL,
  `pressao_arterial` varchar(10) DEFAULT NULL
) ENGINE=InnoDB DEFAULT CHARSET=utf8mb4 COLLATE=utf8mb4_general_ci;

--
-- Despejando dados para a tabela `consultafelipe`
--

INSERT INTO `consultafelipe` (`idconsultafelipe`, `medicofelipe_idmedicofelipe`, `pacientefelipe_idpacientefelipe`, `nome`, `texto`, `data_consulta`, `bpm`, `pressao_arterial`) VALUES
(1, 1, 1, 'Consulta cardiologica', 'Paciente relatou cansaco e palpitacoes leves.', '2026-05-01', 82, '120/80'),
(2, 2, 2, 'Consulta clinica geral', 'Paciente apresentou febre e dor de garganta.', '2026-05-02', 96, '110/70'),
(3, 1, 3, 'Avaliacao de pressao', 'Paciente com historico de pressao alta.', '2026-05-03', 88, '150/95'),
(4, 3, 4, 'Consulta pos-operatoria', 'Acompanhamento apos procedimento cirurgico.', '2026-05-04', 76, '118/78'),
(5, 2, 5, 'Consulta de rotina', 'Paciente realizou avaliacao geral de saude.', '2026-05-05', 72, '125/82');

-- --------------------------------------------------------

--
-- Estrutura para tabela `consultagabrieli`
--

CREATE TABLE `consultagabrieli` (
  `idconsultagabrieli` int(10) UNSIGNED NOT NULL,
  `medicogabrieli_idmedicogabrieli` int(10) UNSIGNED NOT NULL,
  `pacientegabrieli_idpacientegabrieli` int(10) UNSIGNED NOT NULL,
  `nome` varchar(50) DEFAULT NULL,
  `texto` text DEFAULT NULL,
  `dataconsulta` date DEFAULT NULL,
  `bpm` int(10) UNSIGNED DEFAULT NULL,
  `pa` varchar(10) DEFAULT NULL
) ENGINE=InnoDB DEFAULT CHARSET=utf8mb4 COLLATE=utf8mb4_general_ci;

--
-- Despejando dados para a tabela `consultagabrieli`
--

INSERT INTO `consultagabrieli` (`idconsultagabrieli`, `medicogabrieli_idmedicogabrieli`, `pacientegabrieli_idpacientegabrieli`, `nome`, `texto`, `dataconsulta`, `bpm`, `pa`) VALUES
(1, 1, 1, 'Consulta sobre dor abdominal', NULL, '2026-04-22', 106, '14/11'),
(3, 2, 3, 'Consulta de rotina', NULL, '2026-04-29', 110, '12/8'),
(4, 1, 3, 'Consulta sobre fraqueza', NULL, '2026-05-06', 89, '10/8'),
(5, 2, 2, 'Consulta sobre dor no tornozelo', NULL, '2026-05-03', 110, '12/5'),
(6, 1, 9, 'Consulta cardÃ­aca', 'Consulta de rotina', '2026-06-10', 105, '11/4');

-- --------------------------------------------------------

--
-- Estrutura para tabela `consultagean`
--

CREATE TABLE `consultagean` (
  `idconsultagean` int(11) NOT NULL,
  `medicogean_idmedicogean` int(11) NOT NULL,
  `pacientegean_idpacientegean` int(11) NOT NULL,
  `nome` varchar(50) DEFAULT NULL,
  `texto` text DEFAULT NULL,
  `dataconsulta` date DEFAULT NULL,
  `bpm` int(11) DEFAULT NULL,
  `pa` varchar(10) DEFAULT NULL
) ENGINE=InnoDB DEFAULT CHARSET=utf8mb4 COLLATE=utf8mb4_general_ci;

--
-- Despejando dados para a tabela `consultagean`
--

INSERT INTO `consultagean` (`idconsultagean`, `medicogean_idmedicogean`, `pacientegean_idpacientegean`, `nome`, `texto`, `dataconsulta`, `bpm`, `pa`) VALUES
(0, 4, 5, 'Consulta trise', 'deu tudo certo', '2026-06-03', 67, '30/90'),
(1, 1, 1, 'Consulta geral', 'Paciente com febre e dor de cabeca.', '2026-05-01', 82, '120/80'),
(2, 2, 2, 'Consulta respiratoria', 'Paciente com tosse persistente.', '2026-05-02', 88, '118/76'),
(3, 3, 3, 'Consulta pediatrica', 'Paciente com dor abdominal e nausea.', '2026-05-03', 90, '110/70'),
(4, 4, 4, 'Retorno medico', 'Paciente em acompanhamento para avaliacao dos sintomas.', '2026-05-04', 78, '122/82'),
(5, 1, 5, 'consulta nova', 'consulta nova pra prova', '2026-04-15', 80, '89');

-- --------------------------------------------------------

--
-- Estrutura para tabela `consultaguilherme`
--

CREATE TABLE `consultaguilherme` (
  `idconsultaguilherme` int(10) UNSIGNED NOT NULL,
  `medicoguilherme_idmedicoguilherme` int(10) UNSIGNED NOT NULL,
  `pacienteguilherme_idpacienteguilherme` int(10) UNSIGNED NOT NULL,
  `nome` varchar(50) DEFAULT NULL,
  `texto` text DEFAULT NULL,
  `dataconsulta` date DEFAULT NULL,
  `bpm` int(10) UNSIGNED DEFAULT NULL,
  `pa` varchar(10) DEFAULT NULL
) ENGINE=InnoDB DEFAULT CHARSET=utf8mb4 COLLATE=utf8mb4_general_ci;

--
-- Despejando dados para a tabela `consultaguilherme`
--

INSERT INTO `consultaguilherme` (`idconsultaguilherme`, `medicoguilherme_idmedicoguilherme`, `pacienteguilherme_idpacienteguilherme`, `nome`, `texto`, `dataconsulta`, `bpm`, `pa`) VALUES
(1, 1, 1, 'Consulta de Rotina', 'Paciente relatou dores estomacais fortes.', '2026-04-10', 72, '12/8'),
(2, 2, 1, 'Retorno Otorrino', 'Avaliação de queixa auditiva.', '2026-04-15', 80, '13/8'),
(3, 1, 2, 'Atendimento Geral', 'Paciente com forte cefaleia.', '2026-04-20', 65, '11/7'),
(4, 1, 3, 'Consulta Cardiologia', 'Paciente relatou palpitações leves.', '2026-04-25', 90, '14/9'),
(5, 2, 4, 'Consulta Pronto Atendimento', 'Paciente com forte enxaqueca e sensibilidade à luz.', '2026-04-26', 74, '12/7'),
(6, 1, 5, 'Atendimento Ortopédico', 'Paciente apresenta dor lombar e cefaleia.', '2026-05-13', 70, '12/8');

-- --------------------------------------------------------

--
-- Estrutura para tabela `consultahigor`
--

CREATE TABLE `consultahigor` (
  `idconsultahigor` int(10) UNSIGNED NOT NULL,
  `medicohigor_idmedicohigor` int(10) UNSIGNED NOT NULL,
  `pacientehigor_idpacientehigor` int(10) UNSIGNED NOT NULL,
  `nome` varchar(50) DEFAULT NULL,
  `texto` text DEFAULT NULL,
  `dataconsulta` date DEFAULT NULL,
  `bpm` int(10) UNSIGNED DEFAULT NULL,
  `pa` varchar(10) DEFAULT NULL
) ENGINE=InnoDB DEFAULT CHARSET=utf8mb4 COLLATE=utf8mb4_general_ci;

--
-- Despejando dados para a tabela `consultahigor`
--

INSERT INTO `consultahigor` (`idconsultahigor`, `medicohigor_idmedicohigor`, `pacientehigor_idpacientehigor`, `nome`, `texto`, `dataconsulta`, `bpm`, `pa`) VALUES
(1, 1, 3, 'Dor Cerebral', NULL, NULL, NULL, NULL),
(2, 1, 3, 'Dor Cerebral', NULL, NULL, NULL, NULL),
(3, 2, 4, 'Problema de Visão', NULL, NULL, NULL, NULL),
(4, 2, 5, 'Dor no Joelho', NULL, NULL, NULL, NULL),
(5, 1, 1, 'Dor no Braço', NULL, NULL, NULL, NULL);

-- --------------------------------------------------------

--
-- Estrutura para tabela `consultajoao`
--

CREATE TABLE `consultajoao` (
  `idconsultajoao` int(10) UNSIGNED NOT NULL,
  `medicojoao_idmedicojoao` int(10) UNSIGNED NOT NULL,
  `pacientejoao_idpacientejoao` int(10) UNSIGNED NOT NULL,
  `nome` varchar(255) DEFAULT NULL,
  `texto` text DEFAULT NULL,
  `dataconsulta` date DEFAULT NULL,
  `BPM` int(10) UNSIGNED DEFAULT NULL,
  `pa` varchar(255) DEFAULT NULL
) ENGINE=InnoDB DEFAULT CHARSET=utf8mb4 COLLATE=utf8mb4_general_ci;

--
-- Despejando dados para a tabela `consultajoao`
--

INSERT INTO `consultajoao` (`idconsultajoao`, `medicojoao_idmedicojoao`, `pacientejoao_idpacientejoao`, `nome`, `texto`, `dataconsulta`, `BPM`, `pa`) VALUES
(1, 1, 1, 'Consulta sobre dores', 'Dores no corpo inteiro, queimaduras de 5 grau, diarreia.', '2026-04-09', 63, '14/11'),
(2, 1, 7, 'Consulta sobre a prova', 'Prova de banco de dados', '2026-05-13', 120, '12/8'),
(3, 2, 4, 'asddas', 'reasdf', '2026-06-16', 3123123, '234'),
(4, 3, 5, 'sadas', 'asdawsd', '2026-06-24', 23423, 'sad');

-- --------------------------------------------------------

--
-- Estrutura para tabela `consultaluiza`
--

CREATE TABLE `consultaluiza` (
  `idconsultaluiza` int(10) UNSIGNED NOT NULL,
  `pacienteluiza_idpacienteluiza` int(10) UNSIGNED NOT NULL,
  `medicoluiza_idmedicoluiza` int(10) UNSIGNED ZEROFILL NOT NULL,
  `nome` varchar(50) DEFAULT NULL,
  `texto` text DEFAULT NULL,
  `data_2` date DEFAULT NULL,
  `bpm` int(10) UNSIGNED DEFAULT NULL,
  `pa` varchar(10) DEFAULT NULL
) ENGINE=InnoDB DEFAULT CHARSET=utf8mb4 COLLATE=utf8mb4_general_ci;

--
-- Despejando dados para a tabela `consultaluiza`
--

INSERT INTO `consultaluiza` (`idconsultaluiza`, `pacienteluiza_idpacienteluiza`, `medicoluiza_idmedicoluiza`, `nome`, `texto`, `data_2`, `bpm`, `pa`) VALUES
(1, 1, 0000000001, 'Consulta sobre dor de estômago', NULL, '2026-04-22', 106, '14/11'),
(2, 6, 0000000004, 'Consulta de rotina', NULL, '2026-04-29', 110, '12/8'),
(3, 5, 0000000004, 'Consulta sobre eficiência pulmonar', NULL, '2026-05-06', 100, '10/8'),
(4, 1, 0000000001, 'Consulta de rotina', NULL, '2026-05-06', 100, '12/8'),
(5, 8, 0000000001, 'Consulta sobre dor de barriga', NULL, '2026-05-13', 105, '12/8'),
(6, 9, 0000000004, 'Machucado no joelho', 'ArranhÃ£o no joelho ao andar de bicicleta', '0000-00-00', 80, '12/8');

-- --------------------------------------------------------

--
-- Estrutura para tabela `consultamiguel`
--

CREATE TABLE `consultamiguel` (
  `idconsultamiguel` int(10) UNSIGNED NOT NULL,
  `medicomiguel_idmedicomiguel` int(10) UNSIGNED NOT NULL,
  `pacientemiguel_idpacientemiguel` int(10) UNSIGNED NOT NULL,
  `nome` varchar(50) DEFAULT NULL,
  `texto` text DEFAULT NULL,
  `dataconsulta` date DEFAULT NULL,
  `bpm` int(10) UNSIGNED DEFAULT NULL,
  `pa` varchar(10) DEFAULT NULL
) ENGINE=InnoDB DEFAULT CHARSET=latin1 COLLATE=latin1_swedish_ci;

--
-- Despejando dados para a tabela `consultamiguel`
--

INSERT INTO `consultamiguel` (`idconsultamiguel`, `medicomiguel_idmedicomiguel`, `pacientemiguel_idpacientemiguel`, `nome`, `texto`, `dataconsulta`, `bpm`, `pa`) VALUES
(1, 1, 1, 'Consulta sobre dor de estômago', NULL, '2026-04-22', 106, '14/11'),
(2, 2, 5, 'Consulta de rotina', NULL, '2026-04-29', 110, '12/8'),
(3, 1, 1, 'Consulta pré prova', NULL, '2026-05-06', 122, '15/11'),
(4, 2, 1, 'Consulta pré prova dois', NULL, '2026-05-06', 122, '15/11'),
(5, 2, 4, 'Maria precisa emagrecer', NULL, '2026-05-05', 155, '14/12'),
(6, 3, 4, 'Miguel Debarba', ' sadf asf sad fsadf sadf saf', '2026-06-10', 44, '33'),
(7, 3, 40, 'Placa 92', 's asdf aksjhdf asjh fkjlsha faskjhf lksj hdslkÃ§hj askdhflakdfj hsjhf skdlfj aÃ§sfs', '2026-06-11', 44, '32'),
(8, 3, 41, 'Miguel dasda', 'Nesta consulta lsjkdh fjshf sjhf jshfkshfjsfd', '2026-06-10', 3, '11/'),
(9, 2, 40, 'Consulta do mod 3', 'A qui no texto Ã© aparte legal sakdf asf Ã§ashd fashf klasjhf klashf asklfh aslkfh aslkfh askhf sdh skjhf ashf askhf askjhf askhf askhf laskdfhs', '2026-06-10', 150, '11/'),
(10, 2, 42, 'Consulta do Enzini', 'Enzo precisa descansar do trabalho', '2026-06-07', 1129, '57'),
(11, 3, 52, 'Consulta do mod 3 nova', 'Deu certo a nova consulta !!!', '2026-06-10', 110, '128');

-- --------------------------------------------------------

--
-- Estrutura para tabela `consultamiguel_has_sintomamiguel`
--

CREATE TABLE `consultamiguel_has_sintomamiguel` (
  `consultamiguel_idconsultamiguel` int(10) UNSIGNED NOT NULL,
  `sintomamiguel_idsintomamiguel` int(10) UNSIGNED NOT NULL,
  `tratamentomiguel_idtratamentomiguel` int(10) UNSIGNED NOT NULL
) ENGINE=InnoDB DEFAULT CHARSET=latin1 COLLATE=latin1_swedish_ci;

-- --------------------------------------------------------

--
-- Estrutura para tabela `consultanicolas`
--

CREATE TABLE `consultanicolas` (
  `idconsultanicolas` int(10) UNSIGNED NOT NULL,
  `mediconicolas_idmediconicolas` int(10) UNSIGNED NOT NULL,
  `pacientenicolas_idpacientenicolas` int(10) UNSIGNED NOT NULL,
  `nome` varchar(50) DEFAULT NULL,
  `texto` text DEFAULT NULL,
  `dataconsulta` date DEFAULT NULL,
  `bpm` int(10) UNSIGNED DEFAULT NULL,
  `pa` varchar(10) DEFAULT NULL
) ENGINE=InnoDB DEFAULT CHARSET=utf8mb4 COLLATE=utf8mb4_general_ci;

--
-- Despejando dados para a tabela `consultanicolas`
--

INSERT INTO `consultanicolas` (`idconsultanicolas`, `mediconicolas_idmediconicolas`, `pacientenicolas_idpacientenicolas`, `nome`, `texto`, `dataconsulta`, `bpm`, `pa`) VALUES
(1, 1, 1, 'Consulta sobre dor no cabelo', NULL, '2026-04-22', 106, '14/11'),
(3, 2, 5, 'Consulta sobre braço quebrado', NULL, '0000-00-00', 67, '6/7'),
(4, 1, 2, 'Consulta sobre dor nos testículos', NULL, '2026-05-13', 106, '13/12'),
(5, 2, 5, 'Consulta sobre braço quebrado', 'Otavio quebrou o braço jogando bola', '2026-05-13', 106, '6/7'),
(6, 1, 7, 'Consulta sobre tosse e dor de garganta', NULL, '2026-05-13', 78, '13/12'),
(8, 3, 2, 'Dor na sobrancelha', '', '2026-06-10', 150, '11');

-- --------------------------------------------------------

--
-- Estrutura para tabela `consultaotavio`
--

CREATE TABLE `consultaotavio` (
  `idconsultaotavio` int(10) UNSIGNED NOT NULL,
  `medicootavio_idmedicootavio` int(10) UNSIGNED NOT NULL,
  `pacienteotavio_idpacienteotavio` int(10) UNSIGNED NOT NULL,
  `nome` varchar(50) DEFAULT NULL,
  `texto` text DEFAULT NULL,
  `dataconsulta` date DEFAULT NULL,
  `bpm` int(10) UNSIGNED DEFAULT NULL,
  `pa` varchar(10) DEFAULT NULL
) ENGINE=InnoDB DEFAULT CHARSET=utf8mb4 COLLATE=utf8mb4_general_ci;

--
-- Despejando dados para a tabela `consultaotavio`
--

INSERT INTO `consultaotavio` (`idconsultaotavio`, `medicootavio_idmedicootavio`, `pacienteotavio_idpacienteotavio`, `nome`, `texto`, `dataconsulta`, `bpm`, `pa`) VALUES
(1, 1, 3, 'consulta sobre demência ', NULL, '2026-02-27', 106, '14-11');

-- --------------------------------------------------------

--
-- Estrutura para tabela `consultapedro`
--

CREATE TABLE `consultapedro` (
  `idconsultapedro` int(10) UNSIGNED NOT NULL,
  `medicopedro_idmedicopedro` int(10) UNSIGNED NOT NULL,
  `pacientepedro_idpacientepedro` int(10) UNSIGNED NOT NULL,
  `nome` varchar(50) DEFAULT NULL,
  `texto` text DEFAULT NULL,
  `dataconsulta` date DEFAULT NULL,
  `bpm` int(10) UNSIGNED DEFAULT NULL,
  `pa` varchar(10) DEFAULT NULL
) ENGINE=InnoDB DEFAULT CHARSET=utf8mb4 COLLATE=utf8mb4_general_ci;

--
-- Despejando dados para a tabela `consultapedro`
--

INSERT INTO `consultapedro` (`idconsultapedro`, `medicopedro_idmedicopedro`, `pacientepedro_idpacientepedro`, `nome`, `texto`, `dataconsulta`, `bpm`, `pa`) VALUES
(1, 1, 1, 'Pedro Sudatti', 'Tem Gases', '2036-04-03', 263, '16.2'),
(2, 3, 7, 'Marques Lucas', 'Tristeza', '2033-04-02', 93, '10.8'),
(3, 4, 1, 'Pedro Sudatti', NULL, '2026-04-29', 92, '12/8'),
(4, 3, 5, 'Marques', NULL, '2026-05-13', 89, '10.8'),
(5, 1, 6, 'Breier', NULL, '2026-05-13', 79, '10.15'),
(6, 6, 10, 'Jair', NULL, '2026-05-16', 89, '10.8'),
(7, 2, 5, 'Lucas', NULL, '2026-05-12', 93, '12.8'),
(8, 2, 13, 'Kaio', 'Algumas dores', '2026-05-21', 92, '12.8');

-- --------------------------------------------------------

--
-- Estrutura para tabela `consultapietro`
--

CREATE TABLE `consultapietro` (
  `idconsultapietro` int(10) UNSIGNED NOT NULL,
  `medicopietropietro_idmedicopietro` int(10) UNSIGNED NOT NULL,
  `pacientepietropietro_idpacientepietro` int(10) UNSIGNED NOT NULL,
  `nome` varchar(50) DEFAULT NULL,
  `texto` text DEFAULT NULL,
  `data_consulta` date DEFAULT NULL,
  `bpm` int(11) DEFAULT NULL,
  `pressao_arterial` varchar(10) DEFAULT NULL
) ENGINE=InnoDB DEFAULT CHARSET=utf8mb4 COLLATE=utf8mb4_general_ci;

--
-- Despejando dados para a tabela `consultapietro`
--

INSERT INTO `consultapietro` (`idconsultapietro`, `medicopietropietro_idmedicopietro`, `pacientepietropietro_idpacientepietro`, `nome`, `texto`, `data_consulta`, `bpm`, `pressao_arterial`) VALUES
(1, 1, 1, 'Consulta sobre dor no estômago', NULL, '2026-04-22', 80, '12/9'),
(2, 2, 3, 'Consulta de rotina', NULL, '2026-04-29', 110, '12/8'),
(3, 2, 2, 'Consulta sobre inchaço', NULL, '1967-06-07', 67, '6/7'),
(4, 2, 4, 'Consulta sobre nariz', NULL, '2026-04-04', 80, '12/6'),
(5, 1, 5, 'Consulta sobre rinoplastia', NULL, '2026-05-06', 99, '12/8'),
(6, 1, 6, 'Consulta sobre problemas estomacais e dor no corpo', NULL, '2026-05-13', 72, '12/8');

-- --------------------------------------------------------

--
-- Estrutura para tabela `consultasarah`
--

CREATE TABLE `consultasarah` (
  `idconsultasarah` int(10) UNSIGNED NOT NULL,
  `medicosarah_idmedicosarah` int(10) UNSIGNED NOT NULL,
  `pacientesarah_idpacientesarah` int(10) UNSIGNED NOT NULL,
  `nome` varchar(50) DEFAULT NULL,
  `texto` text DEFAULT NULL,
  `dataconsulta` date DEFAULT NULL,
  `bpm` int(10) UNSIGNED DEFAULT NULL,
  `pa` varchar(10) DEFAULT NULL
) ENGINE=InnoDB DEFAULT CHARSET=utf8mb4 COLLATE=utf8mb4_general_ci;

--
-- Despejando dados para a tabela `consultasarah`
--

INSERT INTO `consultasarah` (`idconsultasarah`, `medicosarah_idmedicosarah`, `pacientesarah_idpacientesarah`, `nome`, `texto`, `dataconsulta`, `bpm`, `pa`) VALUES
(1, 1, 1, 'Consulta sobre dor abdominal', NULL, '2026-04-22', 106, '14/11'),
(3, 2, 3, 'Consulta de rotina', NULL, '2026-04-29', 110, '12/8'),
(4, 1, 2, 'Consulta sobre resfriado', 'A paciente reclama de dores no corpo e dor de cabeça', '2026-05-06', 79, '12/7'),
(5, 1, 1, 'Consulta de retorno', NULL, '2026-05-05', 97, '13/9'),
(7, 2, 3, 'Consulta sobre braço quebrado', 'Paciente fraturou o osso do braço', '2026-05-13', 95, '12/8');

-- --------------------------------------------------------

--
-- Estrutura para tabela `consultastella`
--

CREATE TABLE `consultastella` (
  `idconsultastella` int(10) UNSIGNED NOT NULL,
  `pacientestella_idpacientestella` int(10) UNSIGNED NOT NULL,
  `medicostella_idmedicostella` int(10) UNSIGNED NOT NULL,
  `nome` varchar(50) DEFAULT NULL,
  `texto` text DEFAULT NULL,
  `dataconsulta` date DEFAULT NULL,
  `bpm` int(10) UNSIGNED DEFAULT NULL,
  `pa` varchar(10) DEFAULT NULL
) ENGINE=InnoDB DEFAULT CHARSET=utf8mb4 COLLATE=utf8mb4_general_ci;

--
-- Despejando dados para a tabela `consultastella`
--

INSERT INTO `consultastella` (`idconsultastella`, `pacientestella_idpacientestella`, `medicostella_idmedicostella`, `nome`, `texto`, `dataconsulta`, `bpm`, `pa`) VALUES
(1, 1, 2, 'Consulta sobre sinusite', NULL, '2026-04-22', 106, '14/11'),
(2, 2, 2, 'Consulta de rotina ', NULL, '2026-04-29', 110, '12/8'),
(3, 3, 1, 'Consulta sobre sinusite crônica', NULL, '2026-05-06', 110, '12/8'),
(4, 2, 1, 'Consulta de rotina ', NULL, '2026-05-06', 110, '11/8'),
(8, 7, 1, 'Consulta sobre dores de cabeça e influenza (gripe)', 'A paciente apresentava os sintomas: dores de cabeça e influenza (gripe). Foi recomendado: repouso, tomar chá de boldo e reduzir o consumo de açúcar.', '2026-05-13', 110, '11/8');

-- --------------------------------------------------------

--
-- Estrutura para tabela `consultatais`
--

CREATE TABLE `consultatais` (
  `idconsultatais` int(10) UNSIGNED NOT NULL,
  `medicotais_idmedicotais` int(10) UNSIGNED NOT NULL,
  `pacientetais_idpacientetais` int(10) UNSIGNED NOT NULL,
  `nome` varchar(50) DEFAULT NULL,
  `texto` text DEFAULT NULL,
  `dataconsulta` date DEFAULT NULL,
  `bpm` int(10) UNSIGNED DEFAULT NULL,
  `pa` varchar(10) DEFAULT NULL
) ENGINE=InnoDB DEFAULT CHARSET=utf8mb4 COLLATE=utf8mb4_general_ci;

--
-- Despejando dados para a tabela `consultatais`
--

INSERT INTO `consultatais` (`idconsultatais`, `medicotais_idmedicotais`, `pacientetais_idpacientetais`, `nome`, `texto`, `dataconsulta`, `bpm`, `pa`) VALUES
(1, 1, 1, 'Consulta sobre dor de estômago', NULL, '2026-04-22', 106, '14/11'),
(2, 2, 4, 'Consulta de rotina', NULL, '2026-04-29', 110, '12/8'),
(3, 2, 4, 'Consulta de Rotina', NULL, '2026-05-06', 90, '11/10'),
(4, 1, 5, 'Consulta pré prova', NULL, '2026-05-06', 97, '12/8'),
(5, 2, 6, 'Consulta Urgente', NULL, '2026-05-13', 97, '10/11'),
(6, 2, 4, 'Consulta teste', 'bla bla bla', '2026-06-10', 90, '11/10');

-- --------------------------------------------------------

--
-- Estrutura para tabela `consultavalentina`
--

CREATE TABLE `consultavalentina` (
  `idconsultavalentina` int(10) UNSIGNED NOT NULL,
  `medicovalentina_idmedicovalentina` int(10) UNSIGNED NOT NULL,
  `pacientevalentina_idpacientevalentina` int(10) UNSIGNED NOT NULL,
  `nome` varchar(50) DEFAULT NULL,
  `texto` text DEFAULT NULL,
  `dataconsulta` date DEFAULT NULL,
  `bpm` int(10) UNSIGNED DEFAULT NULL,
  `pa` varchar(10) DEFAULT NULL,
  `sintomavalentina_idsintomavalentina` int(10) UNSIGNED NOT NULL
) ENGINE=InnoDB DEFAULT CHARSET=utf8mb4 COLLATE=utf8mb4_general_ci;

--
-- Despejando dados para a tabela `consultavalentina`
--

INSERT INTO `consultavalentina` (`idconsultavalentina`, `medicovalentina_idmedicovalentina`, `pacientevalentina_idpacientevalentina`, `nome`, `texto`, `dataconsulta`, `bpm`, `pa`, `sintomavalentina_idsintomavalentina`) VALUES
(6, 2, 9, 'Consulta de Rotina', 'Precisa de atendimento na sala 17', '2026-04-29', 76, '10/6', 1),
(7, 1, 2, 'Consulta de Rotina', 'aa', '2026-04-13', 76, '10/6', 1),
(8, 2, 1, 'Consulta de Rotina', 'Sente tosse', '2026-04-17', 666, '666', 1);

-- --------------------------------------------------------

--
-- Estrutura para tabela `consultavinicius`
--

CREATE TABLE `consultavinicius` (
  `idconsultavinicius` int(10) UNSIGNED NOT NULL,
  `medicovinicius_idmedicovinicius` int(10) UNSIGNED NOT NULL,
  `pacientevinicius_idpacientevinicius` int(10) UNSIGNED NOT NULL,
  `nome` varchar(50) DEFAULT NULL,
  `texto` text DEFAULT NULL,
  `dataconsulta` date DEFAULT NULL,
  `bpm` int(10) UNSIGNED DEFAULT NULL,
  `pa` varchar(50) DEFAULT NULL
) ENGINE=InnoDB DEFAULT CHARSET=utf8mb4 COLLATE=utf8mb4_general_ci;

--
-- Despejando dados para a tabela `consultavinicius`
--

INSERT INTO `consultavinicius` (`idconsultavinicius`, `medicovinicius_idmedicovinicius`, `pacientevinicius_idpacientevinicius`, `nome`, `texto`, `dataconsulta`, `bpm`, `pa`) VALUES
(1, 1, 3, 'Consulta sobre diarréia', NULL, '2026-04-22', 106, '14/11'),
(2, 2, 4, 'Consulta de rotina', NULL, '2026-04-29', 110, '12/8'),
(3, 2, 3, 'Consulta sobre Febre', NULL, '2026-05-06', 100, '14/9'),
(4, 1, 1, 'Consulta de rotina', NULL, '2026-05-06', 97, '12/8'),
(5, 1, 2, 'Consulta sobre insuficiência renal', NULL, '2026-05-06', 90, '12/8'),
(6, 1, 5, 'Consulta sobre dor de cabeça', NULL, '2026-05-13', 90, '12/8'),
(7, 1, 4, 'teste php', 'isso Ã© um teste', '2026-06-10', 100, '12/9');

-- --------------------------------------------------------

--
-- Estrutura para tabela `consultavitor`
--

CREATE TABLE `consultavitor` (
  `idconsultavitor` int(10) UNSIGNED NOT NULL,
  `medicovitor_idmedicovitor` int(10) UNSIGNED NOT NULL,
  `pacientevitor_idpacientevitor` int(10) UNSIGNED NOT NULL,
  `nome` varchar(50) DEFAULT NULL,
  `texto` text DEFAULT NULL,
  `dataconsulta` date DEFAULT NULL,
  `bpm` int(10) UNSIGNED DEFAULT NULL,
  `pa` varchar(10) DEFAULT NULL
) ENGINE=InnoDB DEFAULT CHARSET=utf8mb4 COLLATE=utf8mb4_general_ci;

--
-- Despejando dados para a tabela `consultavitor`
--

INSERT INTO `consultavitor` (`idconsultavitor`, `medicovitor_idmedicovitor`, `pacientevitor_idpacientevitor`, `nome`, `texto`, `dataconsulta`, `bpm`, `pa`) VALUES
(1, 2, 3, 'Dor Cerebral', NULL, '2026-05-01', 100, '10.5'),
(2, 1, 3, 'Dor Cerebral', NULL, '2026-05-04', 91, '9.5'),
(3, 2, 1, 'Problema de Visão', NULL, '2026-04-30', 70, '12.8'),
(4, 1, 6, 'Dor no Joelho', NULL, '2025-11-24', 85, '12.9'),
(5, 2, 2, 'Dor no Braço', NULL, '2024-05-31', 72, '11.7');

-- --------------------------------------------------------

--
-- Estrutura para tabela `consultayasmim`
--

CREATE TABLE `consultayasmim` (
  `idconsultayasmim` int(10) UNSIGNED NOT NULL,
  `medicoyasmim_idmedicoyasmim` int(10) UNSIGNED NOT NULL,
  `pacienteyasmim_idpacienteyasmim` int(10) UNSIGNED NOT NULL,
  `dataconsulta` date DEFAULT NULL,
  `texto` text NOT NULL,
  `bpm` int(10) UNSIGNED DEFAULT NULL,
  `pa` varchar(10) DEFAULT NULL,
  `nome` varchar(50) DEFAULT NULL
) ENGINE=InnoDB DEFAULT CHARSET=utf8mb4 COLLATE=utf8mb4_general_ci;

--
-- Despejando dados para a tabela `consultayasmim`
--

INSERT INTO `consultayasmim` (`idconsultayasmim`, `medicoyasmim_idmedicoyasmim`, `pacienteyasmim_idpacienteyasmim`, `dataconsulta`, `texto`, `bpm`, `pa`, `nome`) VALUES
(2, 1, 1, '2026-04-22', '', NULL, '14/11', 'Consulta sobre dor de estômago'),
(3, 2, 4, '2026-04-29', '', 110, '12/8', 'Consulta de rotina'),
(4, 2, 1, '2026-05-06', '', 60, '11/15', 'Consulta pré prova dois'),
(5, 2, 2, '2026-05-06', '', 111, '12/14', 'Maria precisa emagrecer'),
(6, 1, 6, '2026-05-13', '', 120, '12-8', 'Dor de dente');

-- --------------------------------------------------------

--
-- Estrutura para tabela `leituralaura`
--

CREATE TABLE `leituralaura` (
  `idleituralaura` int(10) UNSIGNED NOT NULL,
  `sensor_idsensor` int(10) UNSIGNED NOT NULL,
  `mac_idmac` varchar(17) NOT NULL,
  `aluno_idaluno` int(10) UNSIGNED NOT NULL,
  `dataleitura` date DEFAULT NULL,
  `horaleitura` time DEFAULT NULL,
  `valor` double DEFAULT NULL
) ENGINE=InnoDB DEFAULT CHARSET=utf8mb4 COLLATE=utf8mb4_general_ci;

--
-- Acionadores `leituralaura`
--
DELIMITER $$
CREATE TRIGGER `tgdeleteleituralaura` AFTER DELETE ON `leituralaura` FOR EACH ROW BEGIN
UPDATE aluno
set contador=contador-1
WHERE idaluno=old.aluno_idaluno;
UPDATE mac
set contador=contador-1
WHERE idmac=old.mac_idmac;
UPDATE sensor
set contador=contador-1
WHERE idsensor=old.sensor_idsensor;
END
$$
DELIMITER ;
DELIMITER $$
CREATE TRIGGER `tginsertleituralaura` AFTER INSERT ON `leituralaura` FOR EACH ROW BEGIN
UPDATE aluno
SET contador=contador+1
WHERE idaluno=new.aluno_idaluno;

UPDATE mac
SET contador=contador+1
WHERE idmac=new.mac_idmac;

UPDATE sensor
SET contador=contador+1
WHERE idsensor=new.sensor_idsensor;
END
$$
DELIMITER ;
DELIMITER $$
CREATE TRIGGER `tglimitealunolaura` BEFORE INSERT ON `leituralaura` FOR EACH ROW begin
CALL verificalimitealunolaura(new.aluno_idaluno,@$limite,@$contador);
IF @$contador>=@$limite 
THEN SIGNAL SQLSTATE '45000'
SET MESSAGE_TEXT='Limite de gravações atingido';
END IF;

end
$$
DELIMITER ;
DELIMITER $$
CREATE TRIGGER `tgverificaativolaura` BEFORE INSERT ON `leituralaura` FOR EACH ROW BEGIN
CALL verificaativolaura(new.mac_idmac,@$ativo);
if @$ativo=0 THEN SIGNAL SQLSTATE '45000' SET MESSAGE_TEXT= 'ESta placa esta Inativa';

end if;
end
$$
DELIMITER ;
DELIMITER $$
CREATE TRIGGER `tgverificalimitemaclaura` BEFORE INSERT ON `leituralaura` FOR EACH ROW begin
CALL verificalimitealunolaura(new.mac_idmac,@$limite,@$contador);
IF @$contador>=@$limite
THEN SIGNAL SQLSTATE '45000'
SET MESSAGE_TEXT='Limite de gravações atingido';
END IF;

end
$$
DELIMITER ;
DELIMITER $$
CREATE TRIGGER `tgverificalimitesensorlaura` BEFORE INSERT ON `leituralaura` FOR EACH ROW begin
CALL verificalimitealunolaura(new.sensor_idsensor,@$limite,@$contador);
IF @$contador>=@$limite 
THEN SIGNAL SQLSTATE '45000'
SET MESSAGE_TEXT='Limite de gravações atingido';
END IF;

end
$$
DELIMITER ;

-- --------------------------------------------------------

--
-- Estrutura para tabela `medicoalves`
--

CREATE TABLE `medicoalves` (
  `idmedicoalves` int(10) UNSIGNED NOT NULL,
  `nome` varchar(50) DEFAULT NULL
) ENGINE=InnoDB DEFAULT CHARSET=utf8mb4 COLLATE=utf8mb4_general_ci;

--
-- Despejando dados para a tabela `medicoalves`
--

INSERT INTO `medicoalves` (`idmedicoalves`, `nome`) VALUES
(1, 'João da Silva'),
(2, 'Maria da Silva'),
(3, 'MÃ©dico teste');

-- --------------------------------------------------------

--
-- Estrutura para tabela `medicoamandha`
--

CREATE TABLE `medicoamandha` (
  `idmedicoamandha` int(10) UNSIGNED NOT NULL,
  `nome` varchar(50) DEFAULT NULL
) ENGINE=InnoDB DEFAULT CHARSET=utf8mb4 COLLATE=utf8mb4_general_ci;

--
-- Despejando dados para a tabela `medicoamandha`
--

INSERT INTO `medicoamandha` (`idmedicoamandha`, `nome`) VALUES
(1, 'João da Silva'),
(2, 'Maria Delpiva');

-- --------------------------------------------------------

--
-- Estrutura para tabela `medicoana`
--

CREATE TABLE `medicoana` (
  `idmedicoana` int(10) UNSIGNED NOT NULL,
  `nome` varchar(50) DEFAULT NULL,
  `texto` text DEFAULT NULL
) ENGINE=InnoDB DEFAULT CHARSET=utf8mb4 COLLATE=utf8mb4_general_ci;

--
-- Despejando dados para a tabela `medicoana`
--

INSERT INTO `medicoana` (`idmedicoana`, `nome`, `texto`) VALUES
(1, 'João da Silva', NULL),
(2, 'Maria da Silva', NULL);

-- --------------------------------------------------------

--
-- Estrutura para tabela `medicoarthur`
--

CREATE TABLE `medicoarthur` (
  `idmedicoarthur` int(10) UNSIGNED NOT NULL,
  `nome` varchar(50) DEFAULT NULL
) ENGINE=InnoDB DEFAULT CHARSET=utf8mb4 COLLATE=utf8mb4_general_ci;

--
-- Despejando dados para a tabela `medicoarthur`
--

INSERT INTO `medicoarthur` (`idmedicoarthur`, `nome`) VALUES
(1, 'João da Silva'),
(2, 'Maria Trindade'),
(3, 'Paulo Furtado'),
(4, 'paulo furtado'),
(5, 'gean de souza cavalheiro');

-- --------------------------------------------------------

--
-- Estrutura para tabela `medicodavi`
--

CREATE TABLE `medicodavi` (
  `idmedicodavi` int(11) NOT NULL,
  `nome` varchar(50) DEFAULT NULL
) ENGINE=InnoDB DEFAULT CHARSET=utf8mb4 COLLATE=utf8mb4_general_ci;

--
-- Despejando dados para a tabela `medicodavi`
--

INSERT INTO `medicodavi` (`idmedicodavi`, `nome`) VALUES
(0, 'miguel de barba'),
(1, 'Dr. Carlos Almeida'),
(2, 'Dra. Mariana Souza'),
(3, 'Dr. Rafael Pereira'),
(4, 'Dra. Ana Costa');

-- --------------------------------------------------------

--
-- Estrutura para tabela `medicodeidiani`
--

CREATE TABLE `medicodeidiani` (
  `idmedicodeidiani` int(10) UNSIGNED NOT NULL,
  `nome` varchar(50) DEFAULT NULL
) ENGINE=InnoDB DEFAULT CHARSET=utf8mb4 COLLATE=utf8mb4_general_ci;

--
-- Despejando dados para a tabela `medicodeidiani`
--

INSERT INTO `medicodeidiani` (`idmedicodeidiani`, `nome`) VALUES
(1, 'Joao Silva');

-- --------------------------------------------------------

--
-- Estrutura para tabela `medicoeduardo`
--

CREATE TABLE `medicoeduardo` (
  `idmedicoeduardo` int(10) UNSIGNED NOT NULL,
  `nome` varchar(50) DEFAULT NULL
) ENGINE=InnoDB DEFAULT CHARSET=utf8mb4 COLLATE=utf8mb4_general_ci;

--
-- Despejando dados para a tabela `medicoeduardo`
--

INSERT INTO `medicoeduardo` (`idmedicoeduardo`, `nome`) VALUES
(1, 'joao da silva'),
(2, 'maria da silva'),
(3, 'ef,nrbggrhfmwcfwhiuxgmrehioxurehmiouxehgxmowuehrnx');

-- --------------------------------------------------------

--
-- Estrutura para tabela `medicoenzo`
--

CREATE TABLE `medicoenzo` (
  `idmedicoenzo` int(10) UNSIGNED NOT NULL,
  `nome` varchar(50) DEFAULT NULL
) ENGINE=InnoDB DEFAULT CHARSET=utf8mb4 COLLATE=utf8mb4_general_ci;

--
-- Despejando dados para a tabela `medicoenzo`
--

INSERT INTO `medicoenzo` (`idmedicoenzo`, `nome`) VALUES
(1, 'Ferron '),
(2, 'Artino '),
(3, 'Dellaloubos'),
(4, 'Bhecchi'),
(5, 'Ribeiro'),
(6, 'Otávio '),
(7, 'Higor '),
(8, 'Shearer '),
(9, 'Schneider '),
(10, 'Fadioni '),
(11, 'Gollo ');

-- --------------------------------------------------------

--
-- Estrutura para tabela `medicofelipe`
--

CREATE TABLE `medicofelipe` (
  `idmedicofelipe` int(10) UNSIGNED NOT NULL,
  `nome` varchar(50) DEFAULT NULL
) ENGINE=InnoDB DEFAULT CHARSET=utf8mb4 COLLATE=utf8mb4_general_ci;

--
-- Despejando dados para a tabela `medicofelipe`
--

INSERT INTO `medicofelipe` (`idmedicofelipe`, `nome`) VALUES
(1, 'Dr. Roberto Almeida'),
(2, 'Dra. Camila Fernandes'),
(3, 'Dr. Lucas Martins');

-- --------------------------------------------------------

--
-- Estrutura para tabela `medicogabrieli`
--

CREATE TABLE `medicogabrieli` (
  `idmedicogabrieli` int(10) UNSIGNED NOT NULL,
  `nome` varchar(50) DEFAULT NULL,
  `texto` text DEFAULT NULL
) ENGINE=InnoDB DEFAULT CHARSET=utf8mb4 COLLATE=utf8mb4_general_ci;

--
-- Despejando dados para a tabela `medicogabrieli`
--

INSERT INTO `medicogabrieli` (`idmedicogabrieli`, `nome`, `texto`) VALUES
(1, 'João da Silva', NULL),
(2, 'Maria da Silva', NULL);

-- --------------------------------------------------------

--
-- Estrutura para tabela `medicogean`
--

CREATE TABLE `medicogean` (
  `idmedicogean` int(11) NOT NULL,
  `nome` varchar(50) DEFAULT NULL
) ENGINE=InnoDB DEFAULT CHARSET=utf8mb4 COLLATE=utf8mb4_general_ci;

--
-- Despejando dados para a tabela `medicogean`
--

INSERT INTO `medicogean` (`idmedicogean`, `nome`) VALUES
(1, 'Dr. Carlos Almeida'),
(2, 'Dra. Mariana Souza'),
(3, 'Dr. Rafael Pereira'),
(4, 'Dra. Ana Costa');

-- --------------------------------------------------------

--
-- Estrutura para tabela `medicoguilherme`
--

CREATE TABLE `medicoguilherme` (
  `idmedicoguilherme` int(10) UNSIGNED NOT NULL,
  `nome` varchar(50) DEFAULT NULL
) ENGINE=InnoDB DEFAULT CHARSET=utf8mb4 COLLATE=utf8mb4_general_ci;

--
-- Despejando dados para a tabela `medicoguilherme`
--

INSERT INTO `medicoguilherme` (`idmedicoguilherme`, `nome`) VALUES
(1, 'Dr. Miguel Arcanjo'),
(2, 'Dra. Ana Carolina');

-- --------------------------------------------------------

--
-- Estrutura para tabela `medicohigor`
--

CREATE TABLE `medicohigor` (
  `idmedicohigor` int(10) UNSIGNED NOT NULL,
  `nome` varchar(50) DEFAULT NULL
) ENGINE=InnoDB DEFAULT CHARSET=utf8mb4 COLLATE=utf8mb4_general_ci;

--
-- Despejando dados para a tabela `medicohigor`
--

INSERT INTO `medicohigor` (`idmedicohigor`, `nome`) VALUES
(1, 'João da Silva'),
(2, 'Maria da Silva');

-- --------------------------------------------------------

--
-- Estrutura para tabela `medicojoao`
--

CREATE TABLE `medicojoao` (
  `idmedicojoao` int(10) UNSIGNED NOT NULL,
  `nome` varchar(255) DEFAULT NULL
) ENGINE=InnoDB DEFAULT CHARSET=utf8mb4 COLLATE=utf8mb4_general_ci;

--
-- Despejando dados para a tabela `medicojoao`
--

INSERT INTO `medicojoao` (`idmedicojoao`, `nome`) VALUES
(1, 'João da Silva'),
(2, 'Maria da Silva'),
(3, 'Carlos Miguel'),
(4, 'Nicolas Klaus');

-- --------------------------------------------------------

--
-- Estrutura para tabela `medicoluiza`
--

CREATE TABLE `medicoluiza` (
  `idmedicoluiza` int(10) UNSIGNED ZEROFILL NOT NULL,
  `nome` varchar(50) DEFAULT NULL
) ENGINE=InnoDB DEFAULT CHARSET=utf8mb4 COLLATE=utf8mb4_general_ci;

--
-- Despejando dados para a tabela `medicoluiza`
--

INSERT INTO `medicoluiza` (`idmedicoluiza`, `nome`) VALUES
(0000000001, 'João da Silva'),
(0000000004, 'Maria da Silva'),
(0000000005, 'MÃ©dico teste');

-- --------------------------------------------------------

--
-- Estrutura para tabela `medicomiguel`
--

CREATE TABLE `medicomiguel` (
  `idmedicomiguel` int(10) UNSIGNED NOT NULL,
  `nome` varchar(50) DEFAULT NULL
) ENGINE=InnoDB DEFAULT CHARSET=latin1 COLLATE=latin1_swedish_ci;

--
-- Despejando dados para a tabela `medicomiguel`
--

INSERT INTO `medicomiguel` (`idmedicomiguel`, `nome`) VALUES
(1, 'João da Silva'),
(2, 'Maria da Silva'),
(3, 'JoÃ£o da Silva');

-- --------------------------------------------------------

--
-- Estrutura para tabela `mediconicolas`
--

CREATE TABLE `mediconicolas` (
  `idmediconicolas` int(10) UNSIGNED NOT NULL,
  `nome` varchar(50) DEFAULT NULL
) ENGINE=InnoDB DEFAULT CHARSET=utf8mb4 COLLATE=utf8mb4_general_ci;

--
-- Despejando dados para a tabela `mediconicolas`
--

INSERT INTO `mediconicolas` (`idmediconicolas`, `nome`) VALUES
(1, 'Neymar Junior'),
(2, 'Lionel Messi'),
(3, 'Siqueira Severino');

-- --------------------------------------------------------

--
-- Estrutura para tabela `medicootavio`
--

CREATE TABLE `medicootavio` (
  `idmedicootavio` int(10) UNSIGNED NOT NULL,
  `nome` varchar(50) DEFAULT NULL
) ENGINE=InnoDB DEFAULT CHARSET=utf8mb4 COLLATE=utf8mb4_general_ci;

--
-- Despejando dados para a tabela `medicootavio`
--

INSERT INTO `medicootavio` (`idmedicootavio`, `nome`) VALUES
(1, 'João da Silva'),
(2, 'Maria da Silva');

-- --------------------------------------------------------

--
-- Estrutura para tabela `medicopedro`
--

CREATE TABLE `medicopedro` (
  `idmedicopedro` int(10) UNSIGNED NOT NULL,
  `nome` varchar(50) DEFAULT NULL
) ENGINE=InnoDB DEFAULT CHARSET=utf8mb4 COLLATE=utf8mb4_general_ci;

--
-- Despejando dados para a tabela `medicopedro`
--

INSERT INTO `medicopedro` (`idmedicopedro`, `nome`) VALUES
(1, 'Jorge'),
(2, 'Lucas'),
(3, 'José Maria'),
(4, 'Batavo'),
(5, 'João Luis'),
(6, 'Mario ');

-- --------------------------------------------------------

--
-- Estrutura para tabela `medicopietro`
--

CREATE TABLE `medicopietro` (
  `idmedicopietro` int(10) UNSIGNED NOT NULL,
  `nome` varchar(50) DEFAULT NULL
) ENGINE=InnoDB DEFAULT CHARSET=utf8mb4 COLLATE=utf8mb4_general_ci;

--
-- Despejando dados para a tabela `medicopietro`
--

INSERT INTO `medicopietro` (`idmedicopietro`, `nome`) VALUES
(1, 'João da Silva'),
(2, 'Maria da Silva');

-- --------------------------------------------------------

--
-- Estrutura para tabela `medicosarah`
--

CREATE TABLE `medicosarah` (
  `idmedicosarah` int(10) UNSIGNED NOT NULL,
  `nome` varchar(50) DEFAULT NULL,
  `texto` text DEFAULT NULL
) ENGINE=InnoDB DEFAULT CHARSET=utf8mb4 COLLATE=utf8mb4_general_ci;

--
-- Despejando dados para a tabela `medicosarah`
--

INSERT INTO `medicosarah` (`idmedicosarah`, `nome`, `texto`) VALUES
(1, 'João da Silva', NULL),
(2, 'Maria da Silva', NULL),
(3, 'Thiago Loss', NULL);

-- --------------------------------------------------------

--
-- Estrutura para tabela `medicostella`
--

CREATE TABLE `medicostella` (
  `idmedicostella` int(10) UNSIGNED NOT NULL,
  `nome` varchar(50) DEFAULT NULL
) ENGINE=InnoDB DEFAULT CHARSET=utf8mb4 COLLATE=utf8mb4_general_ci;

--
-- Despejando dados para a tabela `medicostella`
--

INSERT INTO `medicostella` (`idmedicostella`, `nome`) VALUES
(1, 'João da Silva'),
(2, 'Maria da Silva');

-- --------------------------------------------------------

--
-- Estrutura para tabela `medicotais`
--

CREATE TABLE `medicotais` (
  `idmedicotais` int(10) UNSIGNED NOT NULL,
  `nome` varchar(50) DEFAULT NULL
) ENGINE=InnoDB DEFAULT CHARSET=utf8mb4 COLLATE=utf8mb4_general_ci;

--
-- Despejando dados para a tabela `medicotais`
--

INSERT INTO `medicotais` (`idmedicotais`, `nome`) VALUES
(1, 'João da Silva'),
(2, 'Maria da Silva'),
(3, 'GEAN'),
(4, 'AVI LOEB'),
(5, 'NIGOR ');

-- --------------------------------------------------------

--
-- Estrutura para tabela `medicovalentina`
--

CREATE TABLE `medicovalentina` (
  `idmedicovalentina` int(10) UNSIGNED NOT NULL,
  `nome_medico` varchar(50) DEFAULT NULL
) ENGINE=InnoDB DEFAULT CHARSET=utf8mb4 COLLATE=utf8mb4_general_ci;

--
-- Despejando dados para a tabela `medicovalentina`
--

INSERT INTO `medicovalentina` (`idmedicovalentina`, `nome_medico`) VALUES
(1, 'Ana Maria Braga'),
(2, 'Saul Hudson'),
(3, 'Dave Mustaine');

-- --------------------------------------------------------

--
-- Estrutura para tabela `medicovinicius`
--

CREATE TABLE `medicovinicius` (
  `idmedicovinicius` int(10) UNSIGNED NOT NULL,
  `nome` varchar(50) DEFAULT NULL
) ENGINE=InnoDB DEFAULT CHARSET=utf8mb4 COLLATE=utf8mb4_general_ci;

--
-- Despejando dados para a tabela `medicovinicius`
--

INSERT INTO `medicovinicius` (`idmedicovinicius`, `nome`) VALUES
(1, 'João da Silva'),
(2, 'Maria da Silva');

-- --------------------------------------------------------

--
-- Estrutura para tabela `medicovitor`
--

CREATE TABLE `medicovitor` (
  `idmedicovitor` int(10) UNSIGNED NOT NULL,
  `nome` varchar(50) DEFAULT NULL
) ENGINE=InnoDB DEFAULT CHARSET=utf8mb4 COLLATE=utf8mb4_general_ci;

--
-- Despejando dados para a tabela `medicovitor`
--

INSERT INTO `medicovitor` (`idmedicovitor`, `nome`) VALUES
(1, 'João da Silva'),
(2, 'Maria da Silva');

-- --------------------------------------------------------

--
-- Estrutura para tabela `medicoyasmim`
--

CREATE TABLE `medicoyasmim` (
  `idmedicoyasmim` int(10) UNSIGNED NOT NULL,
  `nome` varchar(50) DEFAULT NULL
) ENGINE=InnoDB DEFAULT CHARSET=utf8mb4 COLLATE=utf8mb4_general_ci;

--
-- Despejando dados para a tabela `medicoyasmim`
--

INSERT INTO `medicoyasmim` (`idmedicoyasmim`, `nome`) VALUES
(1, 'Joao da Silva'),
(2, 'Maria da Silva');

-- --------------------------------------------------------

--
-- Estrutura para tabela `pacientealves`
--

CREATE TABLE `pacientealves` (
  `idpacientealves` int(10) UNSIGNED NOT NULL,
  `nome` varchar(50) DEFAULT NULL,
  `nascimento` date DEFAULT NULL,
  `peso` double DEFAULT NULL,
  `altura` double DEFAULT NULL,
  `gruposan` varchar(2) DEFAULT NULL,
  `fator` char(1) DEFAULT NULL
) ENGINE=InnoDB DEFAULT CHARSET=utf8mb4 COLLATE=utf8mb4_general_ci;

--
-- Despejando dados para a tabela `pacientealves`
--

INSERT INTO `pacientealves` (`idpacientealves`, `nome`, `nascimento`, `peso`, `altura`, `gruposan`, `fator`) VALUES
(1, 'Valentina Alves', '2010-02-24', 38, 1.51, 'O', '+'),
(2, 'Stella Montagna', '2009-10-08', 60.2, 1.61, 'O', '+'),
(3, 'Luiza Terribele Montiel', '2010-02-14', 54, 1.6, 'O', '+'),
(4, 'Taís Pinheiro', '2009-09-28', 80, 1.7, 'O', '+'),
(5, 'Maria Conte', '1993-02-21', 61, 1.59, 'AB', '+'),
(7, 'Celina da Silva', '1990-05-11', 80, 1.68, 'O', '+'),
(8, 'Paciente Teste', NULL, NULL, NULL, NULL, NULL),
(9, 'Paciente teste 2', '2000-02-03', 70.2, 1.8, 'A', '+');

-- --------------------------------------------------------

--
-- Estrutura para tabela `pacienteamandha`
--

CREATE TABLE `pacienteamandha` (
  `idpacienteamandha` int(10) UNSIGNED NOT NULL,
  `nome` varchar(50) DEFAULT NULL,
  `nascimento` date DEFAULT NULL,
  `peso` double DEFAULT NULL,
  `altura` double DEFAULT NULL,
  `gruposan` varchar(2) DEFAULT NULL,
  `fator` char(1) DEFAULT NULL
) ENGINE=InnoDB DEFAULT CHARSET=utf8mb4 COLLATE=utf8mb4_general_ci;

--
-- Despejando dados para a tabela `pacienteamandha`
--

INSERT INTO `pacienteamandha` (`idpacienteamandha`, `nome`, `nascimento`, `peso`, `altura`, `gruposan`, `fator`) VALUES
(1, 'Amandha Veiga', '2009-05-02', 55, 1.69, '0', '+'),
(2, 'Lucas Fraporti', '1998-04-12', 55, 1.66, 'B', '-'),
(3, 'Marco Felipe', '1998-04-12', 55, 1.69, 'B', '-'),
(4, 'Marco Felipe', '2008-12-31', 55, 1.77, 'B', '-'),
(5, 'Mariana Bombana', '1998-04-12', 55, 1.71, 'B', '-'),
(6, 'Felipe Marcos', '2008-12-31', 55, 1.83, 'B', '-'),
(7, 'Anthony Wendy', '2005-05-21', 55, 1.75, 'B', '+'),
(8, 'Maria Conte', '1988-08-02', 55, 1, 'B', '-'),
(10, 'Charles Lecler', '1997-06-29', 80, 1.75, 'B', '-'),
(11, 'Luiza Maria', '1998-04-12', 35, 1.55, 'OB', '-');

-- --------------------------------------------------------

--
-- Estrutura para tabela `pacienteana`
--

CREATE TABLE `pacienteana` (
  `idpacienteana` int(10) UNSIGNED NOT NULL,
  `nome` varchar(50) DEFAULT NULL,
  `nascimento` date DEFAULT NULL,
  `peso` double DEFAULT NULL,
  `altura` double DEFAULT NULL,
  `gruposan` varchar(2) DEFAULT NULL,
  `fator` char(1) DEFAULT NULL
) ENGINE=InnoDB DEFAULT CHARSET=utf8mb4 COLLATE=utf8mb4_general_ci;

--
-- Despejando dados para a tabela `pacienteana`
--

INSERT INTO `pacienteana` (`idpacienteana`, `nome`, `nascimento`, `peso`, `altura`, `gruposan`, `fator`) VALUES
(1, 'Ana Clara Seghetto', '2009-07-02', 53, 1.57, 'A', '+'),
(2, 'Miguel Debarba', '1970-07-02', 65, 1.63, 'A', '+'),
(3, 'Gabrieli Stuani', '2010-03-26', 35, 1.75, 'O', '+'),
(4, 'Arthur Tremea', '2009-08-17', 50, 1.3, 'A', '-'),
(5, 'Sarah Piovesan', '2009-06-19', 50, 1.4, 'A', '+'),
(8, 'João Barbosa', '2009-07-02', 60, 1.7, 'A', '+'),
(9, 'Brenda', NULL, NULL, NULL, NULL, NULL);

-- --------------------------------------------------------

--
-- Estrutura para tabela `pacientearthur`
--

CREATE TABLE `pacientearthur` (
  `idpacientearthur` int(10) UNSIGNED NOT NULL,
  `nome` varchar(50) DEFAULT NULL,
  `nascimento` date DEFAULT NULL,
  `peso` double DEFAULT NULL,
  `altura` double DEFAULT NULL,
  `gruposan` varchar(2) DEFAULT NULL,
  `fator` char(1) DEFAULT NULL
) ENGINE=InnoDB DEFAULT CHARSET=utf8mb4 COLLATE=utf8mb4_general_ci;

--
-- Despejando dados para a tabela `pacientearthur`
--

INSERT INTO `pacientearthur` (`idpacientearthur`, `nome`, `nascimento`, `peso`, `altura`, `gruposan`, `fator`) VALUES
(1, 'Arthur Tremea', '2009-08-17', 50, 1.75, 'A', '-'),
(2, 'Guilherme Mantra', '2006-06-22', 64, 1.8, 'AB', '+'),
(3, 'João gomes', '1998-04-18', 67, 1.6, 'O', '+'),
(4, 'Ana Clara', '2009-07-02', 55, 1.55, 'O', '+'),
(5, 'Vitor Queiroz', '2004-11-23', 90, 1.93, 'AB', '-'),
(7, 'Flávio Guimarães', '2005-04-12', 73, 1.94, 'A', '+'),
(8, 'Paulo Furtado', NULL, NULL, NULL, NULL, NULL),
(9, 'Rodrigo Firmino', NULL, NULL, NULL, NULL, NULL),
(10, 'Miguel Debarba', '1980-08-21', 67.4, 1.64, 'AB', '-'),
(11, 'paulo furtado', '2026-06-25', 83, 1.85, 'b', '-'),
(12, 'paulo furtado', '2004-11-25', 83, 1.85, 'a', '+');

-- --------------------------------------------------------

--
-- Estrutura para tabela `pacientedavi`
--

CREATE TABLE `pacientedavi` (
  `idpacientedavi` int(11) NOT NULL,
  `nome` varchar(50) DEFAULT NULL,
  `nascimento` date DEFAULT NULL,
  `peso` double DEFAULT NULL,
  `altura` double DEFAULT NULL,
  `gruposan` varchar(2) DEFAULT NULL,
  `fator` char(1) DEFAULT NULL
) ENGINE=InnoDB DEFAULT CHARSET=utf8mb4 COLLATE=utf8mb4_general_ci;

--
-- Despejando dados para a tabela `pacientedavi`
--

INSERT INTO `pacientedavi` (`idpacientedavi`, `nome`, `nascimento`, `peso`, `altura`, `gruposan`, `fator`) VALUES
(0, 'GEAN', NULL, NULL, NULL, NULL, NULL),
(1, 'Joao Silva', '2005-04-12', 72.5, 1.75, 'O', '+'),
(2, 'Maria Oliveira', '1998-09-23', 63, 1.62, 'A', '+'),
(3, 'Pedro Santos', '2010-01-15', 48.2, 1.55, 'B', '-'),
(4, 'Ana Ferreira', '1987-06-30', 68.4, 1.68, 'AB', '+'),
(5, 'davi lobo', '2009-10-19', 77, 1, 'a', '-');

-- --------------------------------------------------------

--
-- Estrutura para tabela `pacientedeidiani`
--

CREATE TABLE `pacientedeidiani` (
  `idpacientedeidiani` int(10) UNSIGNED NOT NULL,
  `nome` varchar(50) DEFAULT NULL,
  `nascimento` date DEFAULT NULL,
  `peso` double DEFAULT NULL,
  `altura` double DEFAULT NULL,
  `gruposan` varchar(2) DEFAULT NULL,
  `fator` char(1) DEFAULT NULL
) ENGINE=InnoDB DEFAULT CHARSET=utf8mb4 COLLATE=utf8mb4_general_ci;

--
-- Despejando dados para a tabela `pacientedeidiani`
--

INSERT INTO `pacientedeidiani` (`idpacientedeidiani`, `nome`, `nascimento`, `peso`, `altura`, `gruposan`, `fator`) VALUES
(1, 'Maria da Silva', '2026-06-01', 68, 1.81, 'A', '+');

-- --------------------------------------------------------

--
-- Estrutura para tabela `pacienteeduardo`
--

CREATE TABLE `pacienteeduardo` (
  `idpacienteeduardo` int(10) UNSIGNED NOT NULL,
  `nome` varchar(50) DEFAULT NULL,
  `nascimento` date DEFAULT NULL,
  `peso` double DEFAULT NULL,
  `altura` double DEFAULT NULL,
  `gruposan` varchar(2) DEFAULT NULL,
  `fator` char(1) DEFAULT NULL
) ENGINE=InnoDB DEFAULT CHARSET=utf8mb4 COLLATE=utf8mb4_general_ci;

--
-- Despejando dados para a tabela `pacienteeduardo`
--

INSERT INTO `pacienteeduardo` (`idpacienteeduardo`, `nome`, `nascimento`, `peso`, `altura`, `gruposan`, `fator`) VALUES
(2, 'otavio ferron', '2000-10-10', 900, 2, 'O', '+'),
(4, 'higor moraes', '1980-05-09', 200, 1.5, 'O', '+'),
(5, 'pietro rafael', '1999-09-02', 67, 1.75, 'O', '+'),
(6, 'enzo soldado', '2014-01-12', 59, 1.6, 'AB', '+'),
(7, 'felipe bequi', '2026-05-05', 100, 1, 'A', '+'),
(8, 'Gean da Silva', '1990-05-10', 80, 1.8, 'A', '+'),
(9, 'felipao do pao', NULL, NULL, NULL, NULL, NULL),
(10, 'felipeteste', NULL, NULL, NULL, NULL, NULL),
(11, 'edutestelegal', '2013-02-03', 70, 1, 'A', '+');

-- --------------------------------------------------------

--
-- Estrutura para tabela `pacienteenzo`
--

CREATE TABLE `pacienteenzo` (
  `idpacienteenzo` int(10) UNSIGNED NOT NULL,
  `nome` varchar(50) DEFAULT NULL,
  `nascimento` date DEFAULT NULL,
  `peso` double DEFAULT NULL,
  `altura` double DEFAULT NULL,
  `gruposangue` varchar(2) DEFAULT NULL,
  `fatorsangue` char(1) DEFAULT NULL
) ENGINE=InnoDB DEFAULT CHARSET=utf8mb4 COLLATE=utf8mb4_general_ci;

--
-- Despejando dados para a tabela `pacienteenzo`
--

INSERT INTO `pacienteenzo` (`idpacienteenzo`, `nome`, `nascimento`, `peso`, `altura`, `gruposangue`, `fatorsangue`) VALUES
(1, 'Davi', '2009-04-04', 78, 1.9, 'O', '+'),
(2, 'João', '2005-01-15', 87, 1.86, 'O', '+'),
(3, 'Enzo', '2010-01-15', 65, 1.8, 'A', '+'),
(4, 'Goelas', '2009-06-25', 67, 1.7, '0', '+'),
(5, 'Vitor', '2007-07-09', 78, 1.67, 'B', '+'),
(6, 'Otávio ', '2003-09-08', 79, 1.78, 'A', '-'),
(7, 'Nicolas', '2009-06-08', 65, 1.76, 'B', '-'),
(8, 'Ferronico', '2015-12-14', 67, 1.76, 'A', '-'),
(10, 'enzo', NULL, NULL, NULL, NULL, NULL),
(11, 'sou ghai', NULL, NULL, NULL, NULL, NULL),
(12, 'benicios', NULL, NULL, NULL, NULL, NULL),
(13, 'yyjh', NULL, NULL, NULL, NULL, NULL);

-- --------------------------------------------------------

--
-- Estrutura para tabela `pacientefelipe`
--

CREATE TABLE `pacientefelipe` (
  `idpacientefelipe` int(10) UNSIGNED NOT NULL,
  `nome` varchar(50) DEFAULT NULL,
  `nascimento` date DEFAULT NULL,
  `peso` double DEFAULT NULL,
  `altura` double DEFAULT NULL,
  `grupo_sanguineo` varchar(2) DEFAULT NULL,
  `fator_rh` char(1) DEFAULT NULL
) ENGINE=InnoDB DEFAULT CHARSET=utf8mb4 COLLATE=utf8mb4_general_ci;

--
-- Despejando dados para a tabela `pacientefelipe`
--

INSERT INTO `pacientefelipe` (`idpacientefelipe`, `nome`, `nascimento`, `peso`, `altura`, `grupo_sanguineo`, `fator_rh`) VALUES
(1, 'Felipe Becchi', '2007-05-13', 72.5, 1.78, 'O', '+'),
(2, 'Ana Clara Souza', '1999-08-22', 61, 1.65, 'A', '+'),
(3, 'Joao Pedro Lima', '1985-03-10', 83.2, 1.81, 'B', '-'),
(4, 'Mariana Oliveira', '1992-11-05', 68.4, 1.7, 'AB', '+'),
(5, 'Carlos Henrique', '1978-01-30', 90, 1.76, 'O', '-'),
(6, 'Enzo Soldado', '2001-09-11', 67, 1.67, 'AB', '+');

-- --------------------------------------------------------

--
-- Estrutura para tabela `pacientegabrieli`
--

CREATE TABLE `pacientegabrieli` (
  `idpacientegabrieli` int(10) UNSIGNED NOT NULL,
  `nome` varchar(50) DEFAULT NULL,
  `nascimento` date DEFAULT NULL,
  `peso` double DEFAULT NULL,
  `altura` double DEFAULT NULL,
  `gruposan` varchar(2) DEFAULT NULL,
  `fator` char(1) DEFAULT NULL
) ENGINE=InnoDB DEFAULT CHARSET=utf8mb4 COLLATE=utf8mb4_general_ci;

--
-- Despejando dados para a tabela `pacientegabrieli`
--

INSERT INTO `pacientegabrieli` (`idpacientegabrieli`, `nome`, `nascimento`, `peso`, `altura`, `gruposan`, `fator`) VALUES
(1, 'Gabrieli Stuani Balena', '2010-03-26', 75, 1.75, 'O', '+'),
(2, 'Sarah Piovesan', '2009-06-19', 45, 1.7, 'O', '-'),
(3, 'Ana Clara Seguetto', '2009-07-02', 53, 1.57, 'A', '+'),
(4, 'Arthur Tremea Maestri', '2009-08-17', 50, 1.7, 'A', '-'),
(5, 'Brenda Stuani Balena', '2014-09-15', 40, 1.55, 'O', '-'),
(6, 'Naida Navinda Navolta Pereira', NULL, NULL, NULL, NULL, NULL),
(7, 'Chevrolet da Silva Ford', NULL, NULL, NULL, NULL, NULL),
(8, 'Miguel', '2026-06-11', 0, 0, '', ''),
(9, 'Adessane Stuani', '1987-07-24', 1.67, 0, 'O', '+');

-- --------------------------------------------------------

--
-- Estrutura para tabela `pacientegean`
--

CREATE TABLE `pacientegean` (
  `idpacientegean` int(11) NOT NULL,
  `nome` varchar(50) DEFAULT NULL,
  `nascimento` date DEFAULT NULL,
  `peso` double DEFAULT NULL,
  `altura` double DEFAULT NULL,
  `gruposan` varchar(2) DEFAULT NULL,
  `fator` char(1) DEFAULT NULL
) ENGINE=InnoDB DEFAULT CHARSET=utf8mb4 COLLATE=utf8mb4_general_ci;

--
-- Despejando dados para a tabela `pacientegean`
--

INSERT INTO `pacientegean` (`idpacientegean`, `nome`, `nascimento`, `peso`, `altura`, `gruposan`, `fator`) VALUES
(1, 'Joao Silva', '2005-04-12', 72.5, 1.75, 'O', '+'),
(2, 'Maria Oliveira', '1998-09-23', 63, 1.62, 'A', '+'),
(3, 'Pedro Santos', '2010-01-15', 48.2, 1.55, 'B', '-'),
(4, 'Ana Ferreira', '1987-06-30', 68.4, 1.68, 'AB', '+'),
(5, 'gean lobo', '2009-10-19', 77, 1, 'a', '-');

-- --------------------------------------------------------

--
-- Estrutura para tabela `pacienteguilherme`
--

CREATE TABLE `pacienteguilherme` (
  `idpacienteguilherme` int(10) UNSIGNED NOT NULL,
  `nome` varchar(50) DEFAULT NULL,
  `nascimento` date DEFAULT NULL,
  `peso` double DEFAULT NULL,
  `altura` double DEFAULT NULL,
  `gruposan` varchar(2) DEFAULT NULL,
  `fator` char(1) DEFAULT NULL
) ENGINE=InnoDB DEFAULT CHARSET=utf8mb4 COLLATE=utf8mb4_general_ci;

--
-- Despejando dados para a tabela `pacienteguilherme`
--

INSERT INTO `pacienteguilherme` (`idpacienteguilherme`, `nome`, `nascimento`, `peso`, `altura`, `gruposan`, `fator`) VALUES
(1, 'Guilherme Silva', '2000-05-15', 75.5, 1.78, 'O', '+'),
(2, 'Maria Souza', '1995-08-22', 62, 1.65, 'A', '-'),
(3, 'Carlos Eduardo', '1988-11-05', 82.3, 1.8, 'B', '+'),
(4, 'Ana Júlia Costa', '2002-03-30', 55.6, 1.62, 'AB', '-'),
(5, 'Ricardo Oliveira', '1990-01-10', 85, 1.82, 'B', '-');

-- --------------------------------------------------------

--
-- Estrutura para tabela `pacientehigor`
--

CREATE TABLE `pacientehigor` (
  `idpacientehigor` int(10) UNSIGNED NOT NULL,
  `nome` varchar(50) DEFAULT NULL,
  `nascimento` date DEFAULT NULL,
  `peso` double UNSIGNED ZEROFILL DEFAULT NULL,
  `altura` double DEFAULT NULL,
  `gruposan` varchar(2) DEFAULT NULL,
  `fator` char(1) DEFAULT NULL
) ENGINE=InnoDB DEFAULT CHARSET=utf8mb4 COLLATE=utf8mb4_general_ci;

--
-- Despejando dados para a tabela `pacientehigor`
--

INSERT INTO `pacientehigor` (`idpacientehigor`, `nome`, `nascimento`, `peso`, `altura`, `gruposan`, `fator`) VALUES
(1, 'Higor Moraes Peretti', '2009-05-17', 0000000000000000000069, 1.78, 'O', '+'),
(2, 'Ronaldo Nazário', '1976-09-18', 0000000000000000000090, 1.83, 'O', '+'),
(3, 'Otávio Ferron', '2010-03-19', 0000000000000000000062, 1.78, 'O', '+'),
(4, 'Amaral Oliveira', '1976-04-20', 0000000000000000000071, 1.75, 'A', '+'),
(5, 'Lucas Ribamar', '2000-05-03', 0000000000000000000064, 1.81, 'O', '+'),
(6, 'Hg', NULL, NULL, NULL, NULL, NULL);

-- --------------------------------------------------------

--
-- Estrutura para tabela `pacientejoao`
--

CREATE TABLE `pacientejoao` (
  `idpaciente` int(10) UNSIGNED NOT NULL,
  `nome` varchar(255) DEFAULT NULL,
  `nascimento` date DEFAULT NULL,
  `peso` double DEFAULT NULL,
  `altura` double DEFAULT NULL,
  `gruposan` varchar(8) DEFAULT NULL,
  `fator` char(1) DEFAULT NULL
) ENGINE=InnoDB DEFAULT CHARSET=utf8mb4 COLLATE=utf8mb4_general_ci;

--
-- Despejando dados para a tabela `pacientejoao`
--

INSERT INTO `pacientejoao` (`idpaciente`, `nome`, `nascimento`, `peso`, `altura`, `gruposan`, `fator`) VALUES
(1, 'Enzo Francisco Soldi', '2010-01-12', 28, 1.72, 'AB', '+'),
(2, 'Otavio Ferron', '2010-06-17', 68, 1.7, 'B', '+'),
(4, 'Nigor Pereti', '2009-05-20', 73, 1.68, 'A', '+'),
(5, 'João Vytor', '2009-08-24', 63, 1.78, 'AB', '+'),
(7, 'Paciente Prova', '2026-05-13', 45, 171, 'O', '+'),
(8, 'Carmelina Almeida', NULL, NULL, NULL, NULL, NULL),
(9, '2026-06-15', NULL, NULL, NULL, NULL, NULL),
(10, '2026-06-01', NULL, NULL, NULL, NULL, NULL),
(11, 'Carlos Miguel', '2026-06-17', 100, 123, 'O', '+'),
(12, 'JoÃ£o Vytor', '6767-07-06', 67, 6.767, '67', '6');

-- --------------------------------------------------------

--
-- Estrutura para tabela `pacienteluiza`
--

CREATE TABLE `pacienteluiza` (
  `idpacienteluiza` int(10) UNSIGNED NOT NULL,
  `nome` varchar(50) DEFAULT NULL,
  `nascimento` date DEFAULT NULL,
  `peso` double UNSIGNED ZEROFILL DEFAULT NULL,
  `altura` double DEFAULT NULL,
  `gruposan` varchar(2) DEFAULT NULL,
  `fator` char(1) DEFAULT NULL
) ENGINE=InnoDB DEFAULT CHARSET=utf8mb4 COLLATE=utf8mb4_general_ci;

--
-- Despejando dados para a tabela `pacienteluiza`
--

INSERT INTO `pacienteluiza` (`idpacienteluiza`, `nome`, `nascimento`, `peso`, `altura`, `gruposan`, `fator`) VALUES
(1, 'Luiza Terribele Montiel', '2010-02-14', 0000000000000000000054, 1.6, 'O', '+'),
(4, 'Maria Conte', '1993-02-21', 0000000000000000000061, 1.59, 'AB', '+'),
(5, 'Taís Pinheiro', '2009-09-28', 0000000000000000000080, 1.7, 'O', '+'),
(6, 'Stella Montagna', '2010-10-08', 00000000000000000060.2, 1.61, 'O', '+'),
(7, 'Valentina Alvez Ribas', '2010-02-24', 0000000000000000000038, 1.51, 'O', '+'),
(8, 'Jorge Almeida', '1998-05-12', 0000000000000000000067, 1.8, 'A', '+'),
(9, 'Jay Hammer Smith ', NULL, NULL, NULL, NULL, NULL),
(10, 'Jay Hammer Smith ', '2007-08-15', 0000000000000000000076, 1.82, 'O', '+');

-- --------------------------------------------------------

--
-- Estrutura para tabela `pacientemiguel`
--

CREATE TABLE `pacientemiguel` (
  `idpacientemiguel` int(10) UNSIGNED NOT NULL,
  `nome` varchar(50) DEFAULT NULL,
  `nascimento` date DEFAULT NULL,
  `peso` double DEFAULT NULL,
  `altura` double DEFAULT NULL,
  `gruposan` varchar(2) DEFAULT NULL,
  `fator` char(1) DEFAULT NULL
) ENGINE=InnoDB DEFAULT CHARSET=latin1 COLLATE=latin1_swedish_ci;

--
-- Despejando dados para a tabela `pacientemiguel`
--

INSERT INTO `pacientemiguel` (`idpacientemiguel`, `nome`, `nascimento`, `peso`, `altura`, `gruposan`, `fator`) VALUES
(1, 'Miguel Debarba', '1930-12-20', 67, 1.67, 'O', '+'),
(3, 'Pedro Santos', '2019-06-11', 77, 1.83, 'A', '-'),
(4, 'Ana Maria Pedroso', '2014-01-18', 59, 1.61, 'O', '+'),
(5, 'JosÃ© Saramango', '1998-02-12', 77, 1.79, 'B', '+'),
(38, 'Pedro Henrique Dall Igna da Silva', '2011-02-09', 53, 1.6, 'A-', '+'),
(40, 'Elias Casanova', '2010-11-29', 55, 17, 'A', '+'),
(41, 'Eduardo VinÃ­cius de Oliveira Zanivan', '2010-07-11', 55, 1.75, 'O', '+'),
(42, 'Fabio Junior Ferreira Borba', '2011-04-13', 61, 1.76, 'O+', '-'),
(44, 'Lukas Gabryel Orlandi', '2010-04-10', 67, 175, 'O', '+'),
(46, 'Luiz Gabriel ', '2011-01-02', 60.98, 1.7, 'A', '+'),
(47, 'Daniel Brocardo Wasen', '2011-01-18', 90, 1.9, 'O', '+'),
(49, 'Miguel Scheffer Lucietto', '2026-01-04', 65, 1.7325225249489156, 'O', '+'),
(51, 'Lana Clara', '2011-03-26', 62, 1.65, 'A', '-'),
(52, 'Barbara Gregory', '2010-04-09', 55, 1.68, 'A', '+');

-- --------------------------------------------------------

--
-- Estrutura para tabela `pacientenicolas`
--

CREATE TABLE `pacientenicolas` (
  `idpacientenicolas` int(10) UNSIGNED NOT NULL,
  `nome` varchar(50) DEFAULT NULL,
  `nascimento` date DEFAULT NULL,
  `peso` double DEFAULT NULL,
  `altura` double DEFAULT NULL,
  `gruposan` varchar(2) DEFAULT NULL,
  `fator` char(1) DEFAULT NULL
) ENGINE=InnoDB DEFAULT CHARSET=utf8mb4 COLLATE=utf8mb4_general_ci;

--
-- Despejando dados para a tabela `pacientenicolas`
--

INSERT INTO `pacientenicolas` (`idpacientenicolas`, `nome`, `nascimento`, `peso`, `altura`, `gruposan`, `fator`) VALUES
(1, 'Nicolas Luigi Klaus', '2010-01-11', 75, 178, 'A', '+'),
(2, 'Enzo Francisco Bananini', '2009-01-15', 67, 180, 'A', '+'),
(4, 'Miguel de Barba', '1967-12-31', 67, 167, 'O', '-'),
(5, 'Otaviano Aruix', '2010-07-15', 62, 197, 'AB', '-'),
(6, 'Vinicius Bergamo', '2006-09-14', 167, 163, 'O', '+'),
(7, 'Bob', '2005-08-10', 89, 192, 'O', '-'),
(10, 'siques sevenio', NULL, NULL, NULL, NULL, NULL),
(11, 'siques sevenio', NULL, NULL, NULL, NULL, NULL),
(12, 'siques sevenio', NULL, NULL, NULL, NULL, NULL);

-- --------------------------------------------------------

--
-- Estrutura para tabela `pacienteotavio`
--

CREATE TABLE `pacienteotavio` (
  `idpacienteotavio` int(10) UNSIGNED NOT NULL,
  `nome` varchar(50) DEFAULT NULL,
  `nascimento` date DEFAULT NULL,
  `peso` double DEFAULT NULL,
  `altura` double DEFAULT NULL,
  `gruposan` varchar(2) DEFAULT NULL,
  `fator` char(1) DEFAULT NULL
) ENGINE=InnoDB DEFAULT CHARSET=utf8mb4 COLLATE=utf8mb4_general_ci;

--
-- Despejando dados para a tabela `pacienteotavio`
--

INSERT INTO `pacienteotavio` (`idpacienteotavio`, `nome`, `nascimento`, `peso`, `altura`, `gruposan`, `fator`) VALUES
(1, 'Otávio V.  N. Ferron', '2010-02-25', 62, 1.78, 'O', '+'),
(2, 'Eduardo Delalibera', '2025-04-22', 67, 2, 'B', '-'),
(3, 'Higor Hg', '1567-05-28', 90000, 1.5, 'A', '-'),
(4, 'Enzo Soldado', '1000-01-01', 0.0001, 0.1, 'B', '+'),
(5, 'Cleiton Santos', '2009-08-25', 89, 1.67, 'A', '-');

-- --------------------------------------------------------

--
-- Estrutura para tabela `pacientepedro`
--

CREATE TABLE `pacientepedro` (
  `idpacientepedro` int(10) UNSIGNED NOT NULL,
  `nome` varchar(50) DEFAULT NULL,
  `nascimento` date DEFAULT NULL,
  `peso` double DEFAULT NULL,
  `altura` double DEFAULT NULL,
  `gruposan` varchar(2) DEFAULT NULL,
  `fator` char(1) DEFAULT NULL
) ENGINE=InnoDB DEFAULT CHARSET=utf8mb4 COLLATE=utf8mb4_general_ci;

--
-- Despejando dados para a tabela `pacientepedro`
--

INSERT INTO `pacientepedro` (`idpacientepedro`, `nome`, `nascimento`, `peso`, `altura`, `gruposan`, `fator`) VALUES
(1, 'Pedro Sudatti', '2010-03-08', 70, 1.82, 'AB', '-'),
(5, 'Bonner Jovi', '1986-04-03', 160, 1.6, 'B', '+'),
(6, 'Gabriel Breier', '2016-04-14', 32, 1.54, 'O', '-'),
(7, 'Marques Lucas', '1986-04-03', 160, 1.6, 'B', '+'),
(9, 'Fabio', '2026-05-14', 49, 1.67, 'B', '+'),
(10, 'Jair', '2026-05-14', 49, 1.67, 'B', '+'),
(11, 'Flavio', '2026-05-14', 49, 1.67, 'B', '+'),
(12, 'Lucas', '2026-05-14', 49, 1.67, 'B', '+'),
(13, 'Kaio', '2006-04-11', 70.8, 1.78, 'O', '+');

-- --------------------------------------------------------

--
-- Estrutura para tabela `pacientepietro`
--

CREATE TABLE `pacientepietro` (
  `idpacientepietro` int(10) UNSIGNED NOT NULL,
  `nome` varchar(50) DEFAULT NULL,
  `nascimento` date DEFAULT NULL,
  `peso` double DEFAULT NULL,
  `altura` double DEFAULT NULL,
  `grupo_sanguineo` varchar(2) DEFAULT NULL,
  `fator_rh` char(1) DEFAULT NULL
) ENGINE=InnoDB DEFAULT CHARSET=utf8mb4 COLLATE=utf8mb4_general_ci;

--
-- Despejando dados para a tabela `pacientepietro`
--

INSERT INTO `pacientepietro` (`idpacientepietro`, `nome`, `nascimento`, `peso`, `altura`, `grupo_sanguineo`, `fator_rh`) VALUES
(1, 'Pietro Rafael Vicentin', '2010-03-16', 82, 1.78, 'O', '-'),
(2, 'Felipe Becchi Fadoni', '2009-12-30', 67, 1.82, 'A', '+'),
(3, 'Miguel Debarba', '1970-12-20', 68, 1.68, 'O', '+'),
(4, 'Enzo Soldi', '2010-01-15', 62, 1.8, 'A', '+'),
(5, 'Eduardo Dellalibera', '2009-05-08', 64, 1.9, 'O', '+'),
(6, 'Nicolas Klaus', '2009-09-10', 72, 1.77, 'A', '-');

-- --------------------------------------------------------

--
-- Estrutura para tabela `pacientesarah`
--

CREATE TABLE `pacientesarah` (
  `idpacientesarah` int(10) UNSIGNED NOT NULL,
  `nome` varchar(50) DEFAULT NULL,
  `nascimento` date DEFAULT NULL,
  `peso` double DEFAULT NULL,
  `altura` double DEFAULT NULL,
  `gruposan` varchar(2) DEFAULT NULL,
  `fator` char(1) DEFAULT NULL
) ENGINE=InnoDB DEFAULT CHARSET=utf8mb4 COLLATE=utf8mb4_general_ci;

--
-- Despejando dados para a tabela `pacientesarah`
--

INSERT INTO `pacientesarah` (`idpacientesarah`, `nome`, `nascimento`, `peso`, `altura`, `gruposan`, `fator`) VALUES
(1, 'Gabrieli Stuani Balena', '2010-03-26', 75, 1.75, 'O', '+'),
(2, 'Sarah Piovesan', '2009-06-19', 46, 1.7, 'O', '-'),
(3, 'Ana Clara Seguetto', '2009-07-02', 53, 1.57, 'A', '+'),
(4, 'Arthur Tremea Maestri', '2009-08-17', 50, 1.7, 'A', '-'),
(5, 'Brenda Stuani Balena', '2014-09-15', 40, 1.55, 'O', '-'),
(6, 'Alice Tosatti', '2017-04-12', 21, 1.53, 'O', '+'),
(9, 'Stella Montagna', '2026-10-08', 52, 161, 'O', '-');

-- --------------------------------------------------------

--
-- Estrutura para tabela `pacientestella`
--

CREATE TABLE `pacientestella` (
  `idpacientestella` int(10) UNSIGNED NOT NULL,
  `nome` varchar(50) DEFAULT NULL,
  `nascimento` date DEFAULT NULL,
  `peso` double DEFAULT NULL,
  `altura` double DEFAULT NULL,
  `gruposan` varchar(2) DEFAULT NULL,
  `fator` char(1) DEFAULT NULL
) ENGINE=InnoDB DEFAULT CHARSET=utf8mb4 COLLATE=utf8mb4_general_ci;

--
-- Despejando dados para a tabela `pacientestella`
--

INSERT INTO `pacientestella` (`idpacientestella`, `nome`, `nascimento`, `peso`, `altura`, `gruposan`, `fator`) VALUES
(1, 'Stella Montagna', '2009-10-08', 60.2, 1.61, 'O', '+'),
(2, 'Valentina Alves Ribas', '2010-02-24', 38, 1.51, 'O', '+'),
(3, 'Luiza Terribele Montiel', '2010-02-14', 54, 1.6, 'O', '+'),
(4, 'Taís Pinheiro', '2009-09-28', 80, 1.67, 'O', '+'),
(6, 'Gabriela dos Santos', '1986-01-01', 70, 1.78, 'AB', '-'),
(7, 'Lucia dos Santos', '1986-04-01', 67.2, 1.79, 'B', '+');

-- --------------------------------------------------------

--
-- Estrutura para tabela `pacientetais`
--

CREATE TABLE `pacientetais` (
  `idpacientetais` int(10) UNSIGNED NOT NULL,
  `nome` varchar(50) DEFAULT NULL,
  `nascimento` date DEFAULT NULL,
  `peso` double DEFAULT NULL,
  `altura` double DEFAULT NULL,
  `gruposan` varchar(2) DEFAULT NULL,
  `fator` char(1) DEFAULT NULL
) ENGINE=InnoDB DEFAULT CHARSET=utf8mb4 COLLATE=utf8mb4_general_ci;

--
-- Despejando dados para a tabela `pacientetais`
--

INSERT INTO `pacientetais` (`idpacientetais`, `nome`, `nascimento`, `peso`, `altura`, `gruposan`, `fator`) VALUES
(1, 'Taís', '2009-09-28', 80, 1.7, 'O', '+'),
(2, 'Maria Conte', '1993-02-21', 61, 1.59, 'AB', '+'),
(3, 'Luiza', '2010-02-14', 54, 1.6, 'O', '+'),
(4, 'Valentina Alves', '2010-09-28', 38, 1.51, 'O', '+'),
(5, 'Stella', '2009-10-08', 60, 1.61, 'O', '+'),
(6, 'Lorelai', '1997-05-21', 65, 1.8, 'A', '+');

-- --------------------------------------------------------

--
-- Estrutura para tabela `pacientevalentina`
--

CREATE TABLE `pacientevalentina` (
  `idpacientevalentina` int(10) UNSIGNED NOT NULL,
  `nome` varchar(50) DEFAULT NULL,
  `nascimento` date DEFAULT NULL,
  `peso` double DEFAULT NULL,
  `altura` double DEFAULT NULL,
  `gruposan` varchar(2) DEFAULT NULL,
  `fator` char(1) DEFAULT NULL
) ENGINE=InnoDB DEFAULT CHARSET=utf8mb4 COLLATE=utf8mb4_general_ci;

--
-- Despejando dados para a tabela `pacientevalentina`
--

INSERT INTO `pacientevalentina` (`idpacientevalentina`, `nome`, `nascimento`, `peso`, `altura`, `gruposan`, `fator`) VALUES
(1, 'Peter Steele', '2016-01-25', 100, 206, 'O-', NULL),
(2, 'Guilherme Chimek', '2010-02-19', 78, 1.85, NULL, NULL),
(3, 'Jéssica Ferreira', '2009-05-23', 67, 1.7, NULL, NULL),
(4, 'Guilherme Chimek Pereira', '2010-02-19', 78, 1.85, NULL, NULL),
(5, 'Jéssica Ferreira', '2009-05-23', 66, 1.7, 'AB', '+'),
(6, 'Juliana Silva', '2000-06-07', 70, 1.75, 'A', '-'),
(7, 'Hector Nascimentp', '2001-09-11', 67, 1.8, 'O', '-'),
(9, 'Valentina Povala Vidal', '2016-01-25', 65, 175, 'O+', NULL),
(10, 'Tommy Loomi', '1980-05-07', 67, 178, 'O', '-'),
(11, 'Juliana Spritz', NULL, NULL, NULL, NULL, NULL),
(12, 'Um bebÃª', NULL, NULL, NULL, NULL, NULL);

-- --------------------------------------------------------

--
-- Estrutura para tabela `pacientevinicius`
--

CREATE TABLE `pacientevinicius` (
  `idpacientevinicius` int(10) UNSIGNED NOT NULL,
  `nome` varchar(50) DEFAULT NULL,
  `nascimento` date DEFAULT NULL,
  `peso` double DEFAULT NULL,
  `altura` double DEFAULT NULL,
  `gruposan` varchar(2) DEFAULT NULL,
  `fator` char(1) DEFAULT NULL
) ENGINE=InnoDB DEFAULT CHARSET=utf8mb4 COLLATE=utf8mb4_general_ci;

--
-- Despejando dados para a tabela `pacientevinicius`
--

INSERT INTO `pacientevinicius` (`idpacientevinicius`, `nome`, `nascimento`, `peso`, `altura`, `gruposan`, `fator`) VALUES
(1, 'Vinícius Artini Bergamo', '2009-09-27', 60, 1.74, 'O', '-'),
(2, 'João Vytor de Oliveira', '2009-08-24', 62, 1.74, 'AB', '+'),
(3, 'Enzo Francisco Soldi', '2010-01-15', 62, 1.8, 'A', '+'),
(4, 'Davi Lobo', '2009-10-19', 70, 1.72, 'B', '-'),
(5, 'Vitor Gabriel Sherer', '2026-05-13', 70, 1.7, 'B', '+'),
(6, 'Carlos', '2018-02-07', 120.4, 1.8, 'A', '+');

-- --------------------------------------------------------

--
-- Estrutura para tabela `pacientevitor`
--

CREATE TABLE `pacientevitor` (
  `idpacientevitor` int(10) UNSIGNED NOT NULL,
  `nome` varchar(50) DEFAULT NULL,
  `nascimento` date DEFAULT NULL,
  `peso` double UNSIGNED ZEROFILL DEFAULT NULL,
  `altura` double DEFAULT NULL,
  `gruposan` varchar(2) DEFAULT NULL,
  `fator` char(1) DEFAULT NULL
) ENGINE=InnoDB DEFAULT CHARSET=utf8mb4 COLLATE=utf8mb4_general_ci;

--
-- Despejando dados para a tabela `pacientevitor`
--

INSERT INTO `pacientevitor` (`idpacientevitor`, `nome`, `nascimento`, `peso`, `altura`, `gruposan`, `fator`) VALUES
(1, 'Higor Moraes Peretti', '2009-05-17', 0000000000000000000078, 1.78, 'O', '+'),
(2, 'Ronaldo Nazário', '1976-09-18', 0000000000000000000090, 1.83, 'O', '+'),
(3, 'Otávio Ferron', '2010-03-19', 0000000000000000000062, 1.78, 'O', '+'),
(4, 'Amaral Oliveira', '1976-04-20', 0000000000000000000071, 1.75, 'A', '+'),
(5, 'Lucas Ribamar', '2000-05-03', 0000000000000000000064, 1.81, 'O', '+'),
(6, 'Luigi Bros', '1980-08-03', 0000000000000000000067, 1.88, NULL, NULL),
(7, 'Vitor Gabriel Scherer', '2026-05-13', 0000000000000000000070, 1.7, 'A', NULL);

-- --------------------------------------------------------

--
-- Estrutura para tabela `pacienteyasmim`
--

CREATE TABLE `pacienteyasmim` (
  `idpacienteyasmim` int(10) UNSIGNED NOT NULL,
  `nome` varchar(50) DEFAULT NULL,
  `nascimento` date DEFAULT NULL,
  `peso` double DEFAULT NULL,
  `altura` double DEFAULT NULL,
  `gruposan` varchar(2) DEFAULT NULL,
  `fator` char(1) DEFAULT NULL
) ENGINE=InnoDB DEFAULT CHARSET=utf8mb4 COLLATE=utf8mb4_general_ci;

--
-- Despejando dados para a tabela `pacienteyasmim`
--

INSERT INTO `pacienteyasmim` (`idpacienteyasmim`, `nome`, `nascimento`, `peso`, `altura`, `gruposan`, `fator`) VALUES
(1, 'Yasmim ', '2010-03-30', 60, 1.69, 'AB', '+'),
(2, 'Maria Conte ', '1989-06-30', 59, 1.69, 'AB', '+'),
(3, 'Pedro Santos ', '2019-06-11', 77, 1.83, 'A', '-'),
(4, 'José Saramango ', '1998-02-12', 77, 1.69, 'b', '+'),
(6, 'Lavínia da Silva', '2008-05-15', 60, 1.7, 'A', '+'),
(7, 'Maria dos Santos', NULL, NULL, NULL, NULL, NULL),
(8, 'Julia Alves', NULL, NULL, NULL, NULL, NULL),
(9, 'Francisco Adilio LEssa', NULL, NULL, NULL, NULL, NULL),
(10, 'Julia Alves', '2012-02-04', 65, 1.5, 'AB', '+');

-- --------------------------------------------------------

--
-- Estrutura para tabela `sintomaalves`
--

CREATE TABLE `sintomaalves` (
  `idsintomaalves` int(10) UNSIGNED NOT NULL,
  `nome` varchar(50) DEFAULT NULL,
  `texto` text DEFAULT NULL
) ENGINE=InnoDB DEFAULT CHARSET=utf8mb4 COLLATE=utf8mb4_general_ci;

--
-- Despejando dados para a tabela `sintomaalves`
--

INSERT INTO `sintomaalves` (`idsintomaalves`, `nome`, `texto`) VALUES
(1, 'Desnutrição', NULL),
(2, 'Febres tifóide e paratifóide', NULL),
(3, 'Sarampo', NULL),
(4, 'Conjuntivite', NULL),
(5, 'Sinusite crônica', NULL),
(6, 'Asma', NULL),
(7, 'Epilepsia', NULL),
(8, 'Anemia', NULL),
(9, 'Influenza (gripe)', NULL),
(10, 'Gastrite', NULL),
(11, 'Queimaduras', NULL),
(12, 'Quedas', NULL),
(13, 'Sinusite', NULL),
(14, 'Sintoma teste', 'bla bla bla...');

-- --------------------------------------------------------

--
-- Estrutura para tabela `sintomaamandha`
--

CREATE TABLE `sintomaamandha` (
  `issintomaamandha` int(10) UNSIGNED NOT NULL,
  `nome` varchar(50) DEFAULT NULL,
  `texto` text DEFAULT NULL
) ENGINE=InnoDB DEFAULT CHARSET=utf8mb4 COLLATE=utf8mb4_general_ci;

--
-- Despejando dados para a tabela `sintomaamandha`
--

INSERT INTO `sintomaamandha` (`issintomaamandha`, `nome`, `texto`) VALUES
(1, 'Infarto', NULL),
(2, 'Infarto', NULL),
(3, 'Ansiedade', NULL),
(4, 'Dor de garganta', NULL),
(5, 'Enxaqueca', NULL),
(6, 'Dor muscular', NULL),
(7, 'Burnout', NULL);

-- --------------------------------------------------------

--
-- Estrutura para tabela `sintomaana`
--

CREATE TABLE `sintomaana` (
  `idsintomaana` int(10) UNSIGNED NOT NULL,
  `nome` varchar(50) DEFAULT NULL,
  `texto` text DEFAULT NULL
) ENGINE=InnoDB DEFAULT CHARSET=utf8mb4 COLLATE=utf8mb4_general_ci;

--
-- Despejando dados para a tabela `sintomaana`
--

INSERT INTO `sintomaana` (`idsintomaana`, `nome`, `texto`) VALUES
(1, 'Peste', NULL),
(2, 'Caxumba', NULL),
(3, 'Raiva', NULL),
(4, 'Dracunculíase', NULL),
(5, 'Meningite bacteriana', NULL),
(6, 'Estrabismo', NULL),
(7, 'Sinusite crônica', NULL),
(8, 'Dor de dente', NULL);

-- --------------------------------------------------------

--
-- Estrutura para tabela `sintomaarthur`
--

CREATE TABLE `sintomaarthur` (
  `idsintomaarthur` int(10) UNSIGNED NOT NULL,
  `nome` varchar(50) DEFAULT NULL,
  `texto` text DEFAULT NULL
) ENGINE=InnoDB DEFAULT CHARSET=utf8mb4 COLLATE=utf8mb4_general_ci;

--
-- Despejando dados para a tabela `sintomaarthur`
--

INSERT INTO `sintomaarthur` (`idsintomaarthur`, `nome`, `texto`) VALUES
(1, 'Tuberculose respiratória', NULL),
(2, 'Desnutrição', NULL),
(3, 'Infarto cerebral', NULL),
(4, 'Endometriose', NULL),
(5, 'Paralisia cerebral e outras síndromes paralíticas', NULL),
(6, 'Acidentes de transporte', NULL),
(7, 'Tétano neonatal', NULL),
(8, 'Sífilis congênita', NULL),
(9, 'Malária', NULL),
(10, 'Cólera', NULL);

-- --------------------------------------------------------

--
-- Estrutura para tabela `sintomadavi`
--

CREATE TABLE `sintomadavi` (
  `idsintomadavi` int(11) NOT NULL,
  `nome` varchar(50) DEFAULT NULL,
  `texto` text DEFAULT NULL
) ENGINE=InnoDB DEFAULT CHARSET=utf8mb4 COLLATE=utf8mb4_general_ci;

--
-- Despejando dados para a tabela `sintomadavi`
--

INSERT INTO `sintomadavi` (`idsintomadavi`, `nome`, `texto`) VALUES
(1, 'Febre', 'Paciente apresenta temperatura corporal acima do normal.'),
(2, 'Dor de cabeca', 'Paciente relata dor intensa ou moderada na regiao da cabeca.'),
(3, 'Tosse', 'Paciente apresenta tosse seca ou com secrecao.'),
(4, 'Dor abdominal', 'Paciente relata dor na regiao abdominal.'),
(5, 'Nausea', 'Paciente apresenta enjoo e mal-estar.'),
(6, 'diarréia explosiva', 'Diarreia explosiva é um termo popular para evacuações súbitas, ruidosas e violentas de fezes líquidas com gases, geralmente causadas por infecções (bactérias/vírus), intolerâncias alimentares, estresse ou medicamentos. O tratamento foca em hidratação intensa (água, soro, isotônicos) e dieta leve. Busque médico se durar mais de 48h, houver febre ou sangue. ');

-- --------------------------------------------------------

--
-- Estrutura para tabela `sintomadeidiani`
--

CREATE TABLE `sintomadeidiani` (
  `idsintomadeidiani` int(10) UNSIGNED NOT NULL,
  `nome` varchar(50) DEFAULT NULL,
  `texto` text DEFAULT NULL
) ENGINE=InnoDB DEFAULT CHARSET=utf8mb4 COLLATE=utf8mb4_general_ci;

-- --------------------------------------------------------

--
-- Estrutura para tabela `sintomaeduardo`
--

CREATE TABLE `sintomaeduardo` (
  `idsintomaeduardo` int(10) UNSIGNED NOT NULL,
  `nome` varchar(50) DEFAULT NULL,
  `texto` text DEFAULT NULL
) ENGINE=InnoDB DEFAULT CHARSET=utf8mb4 COLLATE=utf8mb4_general_ci;

--
-- Despejando dados para a tabela `sintomaeduardo`
--

INSERT INTO `sintomaeduardo` (`idsintomaeduardo`, `nome`, `texto`) VALUES
(1, 'Difteria', NULL),
(2, 'Colelitíase e colecistite', NULL),
(3, 'Meningite viral', NULL),
(4, 'Anemia por deficiência de ferro', NULL),
(5, 'Demência', NULL),
(6, 'Insuficiência cardíaca', NULL),
(7, 'Transtornos do tecido mole', NULL),
(8, 'Deformidades congênitas dos pés', NULL),
(9, 'Fratura do fêmur', NULL),
(10, 'Traumatismo do olho e da órbita ocular', NULL),
(11, 'Neoplasia maligna da pele', NULL),
(12, 'Dor no braco', NULL),
(13, 'gastrite', NULL);

-- --------------------------------------------------------

--
-- Estrutura para tabela `sintomaenzo`
--

CREATE TABLE `sintomaenzo` (
  `idsintomaenzo` int(10) UNSIGNED NOT NULL,
  `nome` varchar(50) DEFAULT NULL,
  `texto` text DEFAULT NULL
) ENGINE=InnoDB DEFAULT CHARSET=utf8mb4 COLLATE=utf8mb4_general_ci;

--
-- Despejando dados para a tabela `sintomaenzo`
--

INSERT INTO `sintomaenzo` (`idsintomaenzo`, `nome`, `texto`) VALUES
(1, 'Tuberculose', 'A tuberculose é uma doença infecciosa e transmissível causada pelo Mycobacterium tuberculosis (bacilo de Koch), que afeta principalmente os pulmões, sendo transmitida pelo ar ao tossir, espirrar ou falar.'),
(2, 'Infarto', 'O infarto agudo do miocárdio (ataque cardíaco) ocorre quando o fluxo de sangue para uma parte do coração é bloqueado, causando a morte das células cardíacas.'),
(3, 'Cancêr de pele', 'O câncer de pele é o tumor maligno mais comum no Brasil, representando mais de 30% dos diagnósticos, com cerca de 185 mil novos casos anuais.'),
(4, 'Catapora', 'A catapora (varicela) é uma infecção viral altamente contagiosa causada pelo vírus herpes zoster. Caracteriza-se por manchas vermelhas e coceira intensa que evoluem para bolhas e cascas, afetando principalmente crianças, com sintomas de febre e mal-estar.'),
(5, 'Caxumba', 'A caxumba (parotidite) é uma infecção viral contagiosa, causada pelo paramyxovirus, que afeta glândulas salivares (principalmente as parótidas), causando inchaço no pescoço/bochecha, febre e dor ao mastigar.'),
(6, 'Câncer de Pulmão', 'O câncer de pulmão é o crescimento desordenado de células anormais no pulmão, sendo a principal causa de morte por câncer no mundo. Cerca de 85% dos casos estão ligados ao tabagismo.'),
(7, 'Coronavírus', 'O coronavírus (SARS-CoV-2) é um vírus respiratório causador da COVID-19, identificada em dezembro de 2019 e caracterizada por sintomas como febre, tosse seca, fadiga e dispneia.'),
(8, 'Dengue', 'A dengue é uma doença viral febril, transmitida pelo mosquito Aedes aegypti em áreas tropicais, com picos na época de chuvas. Os sintomas incluem febre alta, dores articulares/atrás dos olhos e manchas vermelhas.'),
(9, 'Febre Amarela', 'A febre amarela é uma doença infecciosa febril aguda, causada por vírus e transmitida por mosquitos em áreas silvestres ou urbanas. Os sintomas incluem febre súbita, dor de cabeça, calafrios e dores musculares, podendo evoluir para formas graves com icterícia (pele amarela) e hemorragias. A vacinação é a principal forma de prevenção.'),
(10, 'Gripe', 'A gripe é uma infecção viral aguda do sistema respiratório causada pelo vírus Influenza (tipos A, B, C e D), caracterizada por febre alta, tosse, dores no corpo e cansaço intenso. A vacinação anual, realizada principalmente antes do inverno, é a forma mais eficaz de prevenção, essencial para grupos de risco devido ao alto potencial de transmissão e complicações como pneumonia.'),
(11, 'Sarampo', 'O sarampo é uma doença infecciosa viral extremamente contagiosa, caracterizada por febre alta, tosse, coriza, conjuntivite e manchas vermelhas na pele que se espalham pelo corpo.'),
(12, 'Tétano', 'O tétano é uma infecção grave e não contagiosa, causada pela toxina da bactéria Clostridium tetani, encontrada na terra, fezes e objetos sujos (pregos, latas). Entra no corpo por ferimentos, causando rigidez muscular, espasmos e risco de morte. '),
(13, 'Depressão', 'A depressão é uma doença psiquiátrica crônica e séria, caracterizada por tristeza profunda, perda de interesse (anedonia) e desesperança, que afeta o humor, pensamentos e o corpo por pelo menos duas semanas.');

-- --------------------------------------------------------

--
-- Estrutura para tabela `sintomagabrieli`
--

CREATE TABLE `sintomagabrieli` (
  `idsintomagabrieli` int(10) UNSIGNED NOT NULL,
  `nome` varchar(50) DEFAULT NULL,
  `texto` text DEFAULT NULL
) ENGINE=InnoDB DEFAULT CHARSET=utf8mb4 COLLATE=utf8mb4_general_ci;

--
-- Despejando dados para a tabela `sintomagabrieli`
--

INSERT INTO `sintomagabrieli` (`idsintomagabrieli`, `nome`, `texto`) VALUES
(1, 'Febres tifóide e paratifóide', NULL),
(2, 'Sarampo', NULL),
(3, 'Hepatite aguda B', NULL),
(4, 'Anemia por deficiência de ferro', NULL),
(5, 'Glaucoma', NULL),
(6, 'Laringite e traqueíte agudas', NULL),
(7, 'Dor abdominal e pélvica', NULL),
(8, 'Asma', NULL),
(9, 'Esquizofrenia, transtornos esquizotípicos e delira', NULL),
(10, 'Dores nas articulações', NULL),
(11, 'Tontura e vertigem', NULL),
(12, 'Dor de cabeça', NULL),
(13, ' Urticária', NULL),
(14, 'Tosse ', NULL);

-- --------------------------------------------------------

--
-- Estrutura para tabela `sintomagean`
--

CREATE TABLE `sintomagean` (
  `idsintomagean` int(11) NOT NULL,
  `nome` varchar(50) DEFAULT NULL,
  `texto` text DEFAULT NULL
) ENGINE=InnoDB DEFAULT CHARSET=utf8mb4 COLLATE=utf8mb4_general_ci;

--
-- Despejando dados para a tabela `sintomagean`
--

INSERT INTO `sintomagean` (`idsintomagean`, `nome`, `texto`) VALUES
(1, 'Febre', 'Paciente apresenta temperatura corporal acima do normal.'),
(2, 'Dor de cabeca', 'Paciente relata dor intensa ou moderada na regiao da cabeca.'),
(3, 'Tosse', 'Paciente apresenta tosse seca ou com secrecao.'),
(4, 'Dor abdominal', 'Paciente relata dor na regiao abdominal.'),
(5, 'Nausea', 'Paciente apresenta enjoo e mal-estar.'),
(6, 'diarréia explosiva', 'Diarreia explosiva é um termo popular para evacuações súbitas, ruidosas e violentas de fezes líquidas com gases, geralmente causadas por infecções (bactérias/vírus), intolerâncias alimentares, estresse ou medicamentos. O tratamento foca em hidratação intensa (água, soro, isotônicos) e dieta leve. Busque médico se durar mais de 48h, houver febre ou sangue. ');

-- --------------------------------------------------------

--
-- Estrutura para tabela `sintomaguilherme`
--

CREATE TABLE `sintomaguilherme` (
  `idsintomaguilherme` int(10) UNSIGNED NOT NULL,
  `nome` varchar(50) DEFAULT NULL,
  `texto` text DEFAULT NULL
) ENGINE=InnoDB DEFAULT CHARSET=utf8mb4 COLLATE=utf8mb4_general_ci;

--
-- Despejando dados para a tabela `sintomaguilherme`
--

INSERT INTO `sintomaguilherme` (`idsintomaguilherme`, `nome`, `texto`) VALUES
(1, 'Gastrite', 'Dor de estômago e queimação'),
(2, 'Audição prejudicada', 'Zumbido e dificuldade de audição'),
(3, 'Visão turva', 'Dificuldade para focar em objetos'),
(4, 'Dor de cabeça', 'Cefaleia tensional na região frontal'),
(5, 'Dor Lombar', 'Dor aguda na região inferior das costas');

-- --------------------------------------------------------

--
-- Estrutura para tabela `sintomahigor`
--

CREATE TABLE `sintomahigor` (
  `idsintomahigor` int(10) UNSIGNED NOT NULL,
  `nome` varchar(50) DEFAULT NULL,
  `texto` text DEFAULT NULL
) ENGINE=InnoDB DEFAULT CHARSET=utf8mb4 COLLATE=utf8mb4_general_ci;

--
-- Despejando dados para a tabela `sintomahigor`
--

INSERT INTO `sintomahigor` (`idsintomahigor`, `nome`, `texto`) VALUES
(1, 'Sinusite crônica', NULL),
(2, 'Hemorragia intracraniana', NULL),
(3, 'Cegueira e visão subnormal', NULL),
(4, 'Dracunculíase', NULL),
(5, 'Tétano neonatal', NULL),
(6, 'Hepatite aguda', NULL);

-- --------------------------------------------------------

--
-- Estrutura para tabela `sintomaluiza`
--

CREATE TABLE `sintomaluiza` (
  `idsintomaluiza` int(10) UNSIGNED NOT NULL,
  `nome` varchar(50) DEFAULT NULL,
  `texto` text DEFAULT NULL
) ENGINE=InnoDB DEFAULT CHARSET=utf8mb4 COLLATE=utf8mb4_general_ci;

--
-- Despejando dados para a tabela `sintomaluiza`
--

INSERT INTO `sintomaluiza` (`idsintomaluiza`, `nome`, `texto`) VALUES
(1, 'Febres tifóide e paratifóide ', NULL),
(2, 'Tuberculose respiratória', NULL),
(3, 'Dengue [dengue clássico]', NULL),
(4, 'Malária', NULL),
(5, 'Deficiência de vitamina A', NULL),
(6, 'Epilepsia', NULL),
(7, 'Asma', NULL),
(8, 'Catarata e outros transtornos do cristalino', NULL),
(9, 'Anemia', NULL),
(10, 'Asma', NULL),
(11, 'Dor de estômago', NULL);

-- --------------------------------------------------------

--
-- Estrutura para tabela `sintomamiguel`
--

CREATE TABLE `sintomamiguel` (
  `idsintomamiguel` int(10) UNSIGNED NOT NULL,
  `nome` varchar(50) DEFAULT NULL,
  `texto` text DEFAULT NULL
) ENGINE=InnoDB DEFAULT CHARSET=latin1 COLLATE=latin1_swedish_ci;

--
-- Despejando dados para a tabela `sintomamiguel`
--

INSERT INTO `sintomamiguel` (`idsintomamiguel`, `nome`, `texto`) VALUES
(1, 'Febres tifóide e paratifóide', NULL),
(2, 'Febre amarela', NULL),
(3, 'Diarréia e gastroenterite', NULL),
(4, 'Deficiência de vitamina A', NULL),
(5, 'Conjuntivite e outros transtornos da conjuntiva', NULL),
(6, 'Perda de audição', NULL),
(7, 'Laringite e traqueíte agudas', NULL),
(8, 'Gastrite e duodenite', NULL);

-- --------------------------------------------------------

--
-- Estrutura para tabela `sintomanicolas`
--

CREATE TABLE `sintomanicolas` (
  `idsintomanicolas` int(10) UNSIGNED NOT NULL,
  `nome` varchar(50) DEFAULT NULL,
  `texto` text DEFAULT NULL
) ENGINE=InnoDB DEFAULT CHARSET=utf8mb4 COLLATE=utf8mb4_general_ci;

--
-- Despejando dados para a tabela `sintomanicolas`
--

INSERT INTO `sintomanicolas` (`idsintomanicolas`, `nome`, `texto`) VALUES
(1, 'Hemorróidas', NULL),
(2, 'Hemorróidas', NULL),
(3, 'Agressões', NULL),
(4, 'Leishmaniose', NULL),
(5, 'Raiva', NULL),
(6, 'Hanseníase [lepra]', NULL),
(7, 'Caxumba', NULL),
(8, 'Leucemia', NULL),
(9, 'Insuficiência cardíaca', NULL),
(10, 'Asma', NULL),
(11, 'Dor frequente no úmero', NULL),
(12, 'Tosse ', NULL);

-- --------------------------------------------------------

--
-- Estrutura para tabela `sintomaotavio`
--

CREATE TABLE `sintomaotavio` (
  `idsintomaotavio` int(10) UNSIGNED NOT NULL,
  `nome` varchar(50) DEFAULT NULL,
  `texto` text DEFAULT NULL
) ENGINE=InnoDB DEFAULT CHARSET=utf8mb4 COLLATE=utf8mb4_general_ci;

--
-- Despejando dados para a tabela `sintomaotavio`
--

INSERT INTO `sintomaotavio` (`idsintomaotavio`, `nome`, `texto`) VALUES
(1, 'Doença reumática crônica do coração', NULL),
(2, 'Artrite reumatóide e outras poliartropatias inflam', NULL),
(3, 'Brucelose', NULL),
(4, 'Perda de audição', NULL),
(5, 'Filariose', NULL),
(6, 'Cárie dentária', NULL),
(7, 'Testiculo não-descido', NULL),
(8, 'Anticoncepção', NULL),
(9, 'Otite média e outros transtornos do ouvido médio e', NULL),
(10, 'Demência', NULL);

-- --------------------------------------------------------

--
-- Estrutura para tabela `sintomapedro`
--

CREATE TABLE `sintomapedro` (
  `idsintomapedro` int(10) UNSIGNED NOT NULL,
  `nome` varchar(50) DEFAULT NULL,
  `texto` text DEFAULT NULL
) ENGINE=InnoDB DEFAULT CHARSET=utf8mb4 COLLATE=utf8mb4_general_ci;

--
-- Despejando dados para a tabela `sintomapedro`
--

INSERT INTO `sintomapedro` (`idsintomapedro`, `nome`, `texto`) VALUES
(1, 'Febre ', NULL),
(4, 'gases', NULL),
(5, 'Tristeza ', NULL),
(6, 'Insônia', NULL),
(7, 'Inchaço', NULL),
(8, 'Asía', 'Dores fortes na região do estomago e enjoo');

-- --------------------------------------------------------

--
-- Estrutura para tabela `sintomasarah`
--

CREATE TABLE `sintomasarah` (
  `idsintomasarah` int(10) UNSIGNED NOT NULL,
  `nome` varchar(50) DEFAULT NULL,
  `texto` text DEFAULT NULL
) ENGINE=InnoDB DEFAULT CHARSET=utf8mb4 COLLATE=utf8mb4_general_ci;

--
-- Despejando dados para a tabela `sintomasarah`
--

INSERT INTO `sintomasarah` (`idsintomasarah`, `nome`, `texto`) VALUES
(1, 'Febres tifóide e paratifóide', NULL),
(2, 'Sarampo', NULL),
(3, 'Hepatite aguda B', NULL),
(4, 'Anemia por deficiência de ferro', NULL),
(5, 'Glaucoma', NULL),
(6, 'Laringite e traqueíte agudas', NULL),
(7, 'Dor abdominal e pélvica', NULL),
(8, 'Asma', NULL),
(9, 'Esquizofrenia, transtornos esquizotípicos e delira', NULL),
(10, 'Osso fraturado', NULL);

-- --------------------------------------------------------

--
-- Estrutura para tabela `sintomasfelipe`
--

CREATE TABLE `sintomasfelipe` (
  `idsintomasfelipe` int(10) UNSIGNED NOT NULL,
  `nome` varchar(50) DEFAULT NULL,
  `texto` text DEFAULT NULL
) ENGINE=InnoDB DEFAULT CHARSET=utf8mb4 COLLATE=utf8mb4_general_ci;

--
-- Despejando dados para a tabela `sintomasfelipe`
--

INSERT INTO `sintomasfelipe` (`idsintomasfelipe`, `nome`, `texto`) VALUES
(1, 'Cansaco', 'Sensacao de fadiga ao realizar atividades simples.'),
(2, 'Febre', 'Temperatura corporal elevada durante o dia.'),
(3, 'Dor de garganta', 'Irritacao e dor ao engolir.'),
(4, 'Pressao alta', 'Valores de pressao arterial acima do recomendado.'),
(5, 'Palpitacoes', 'Sensacao de batimentos cardiacos acelerados.'),
(6, 'Dor no peito', 'Dor ou desconforto na regiao toracica.'),
(7, 'Tontura', 'Sensacao de desequilibrio ou vertigem.'),
(8, 'Falta de ar', 'Dificuldade para respirar em repouso ou esforco.');

-- --------------------------------------------------------

--
-- Estrutura para tabela `sintomasjoao`
--

CREATE TABLE `sintomasjoao` (
  `idsintomasjoao` int(10) UNSIGNED NOT NULL,
  `nome` varchar(255) DEFAULT NULL,
  `texto` text DEFAULT NULL
) ENGINE=InnoDB DEFAULT CHARSET=utf8mb4 COLLATE=utf8mb4_general_ci;

--
-- Despejando dados para a tabela `sintomasjoao`
--

INSERT INTO `sintomasjoao` (`idsintomasjoao`, `nome`, `texto`) VALUES
(2, 'Hanseníase [lepra]', NULL),
(3, 'Preprúcio redundante, fimose e parafimose', NULL),
(4, 'Diarréia e gastroenterite de origem infecciosa presumível', NULL),
(5, 'Tuberculose respiratória', NULL),
(6, 'Leptospirose não especificada', NULL),
(7, 'Obesidade', NULL),
(8, 'Exposição ao fumo, ao fogo e às chamas', NULL),
(9, 'Agressões', NULL),
(10, 'Caxumba [parotidite epidêmica]', NULL),
(13, 'Sintoma Prova', NULL);

-- --------------------------------------------------------

--
-- Estrutura para tabela `sintomaspietro`
--

CREATE TABLE `sintomaspietro` (
  `idsintomaspietro` int(10) UNSIGNED NOT NULL,
  `nome` varchar(50) DEFAULT NULL,
  `texto` text DEFAULT NULL
) ENGINE=InnoDB DEFAULT CHARSET=utf8mb4 COLLATE=utf8mb4_general_ci;

--
-- Despejando dados para a tabela `sintomaspietro`
--

INSERT INTO `sintomaspietro` (`idsintomaspietro`, `nome`, `texto`) VALUES
(1, 'Sífilis precoce', NULL),
(2, 'Raiva', NULL),
(3, 'Peste', NULL),
(4, 'Shiguelose', NULL),
(5, 'Tuberculose pulmonar', NULL),
(6, 'Sarampo', NULL),
(7, 'Caxumba ', NULL),
(8, 'Leucemia', NULL),
(9, 'Febre amarela', NULL),
(10, 'Dengue', NULL),
(11, 'Hepatite aguda B', NULL),
(12, 'Malária', NULL),
(13, 'Micoses', NULL),
(14, 'Gastrite', NULL);

-- --------------------------------------------------------

--
-- Estrutura para tabela `sintomastella`
--

CREATE TABLE `sintomastella` (
  `idsintomastella` int(10) UNSIGNED NOT NULL,
  `nome` varchar(50) DEFAULT NULL,
  `texto` text DEFAULT NULL
) ENGINE=InnoDB DEFAULT CHARSET=utf8mb4 COLLATE=utf8mb4_general_ci;

--
-- Despejando dados para a tabela `sintomastella`
--

INSERT INTO `sintomastella` (`idsintomastella`, `nome`, `texto`) VALUES
(1, 'Febres recorrentes [Borrelioses]', NULL),
(2, 'Febres recorrentes [Borrelioses]', NULL),
(3, 'Malária', NULL),
(4, 'Varicela e herpes zoster', NULL),
(5, 'Leptospirose não especificada', NULL),
(6, 'Febre hemorrágica devida ao vírus da dengue', NULL),
(7, 'Sarampo', NULL),
(8, 'Caxumba [parotidite epidêmica]', NULL),
(9, 'Sequelas de tuberculose', NULL),
(10, 'Sinusite crônica', NULL),
(11, 'Pneumonia', NULL),
(12, 'Bronquite aguda e bronquiolite aguda', NULL),
(13, 'Influenza [gripe]', NULL),
(14, 'Asma', NULL),
(15, 'Dor de cabeça', NULL);

-- --------------------------------------------------------

--
-- Estrutura para tabela `sintomatais`
--

CREATE TABLE `sintomatais` (
  `idsintomatais` int(10) UNSIGNED NOT NULL,
  `nome` varchar(50) DEFAULT NULL,
  `texto` text DEFAULT NULL
) ENGINE=InnoDB DEFAULT CHARSET=utf8mb4 COLLATE=utf8mb4_general_ci;

--
-- Despejando dados para a tabela `sintomatais`
--

INSERT INTO `sintomatais` (`idsintomatais`, `nome`, `texto`) VALUES
(1, 'Febres tifóide e paratifóide', NULL),
(2, 'Amebíase', NULL),
(3, 'Tuberculose respiratória', NULL),
(4, 'Coqueluche', NULL),
(5, 'Peste', NULL),
(6, 'Leptospirose icterohemorrágica', NULL),
(7, 'Dracunculíase', NULL),
(8, 'Septicemia', NULL),
(9, 'Enjoo', NULL);

-- --------------------------------------------------------

--
-- Estrutura para tabela `sintomavalentina`
--

CREATE TABLE `sintomavalentina` (
  `idsintomavalentina` int(10) UNSIGNED NOT NULL,
  `nome_sintoma` varchar(50) DEFAULT NULL,
  `texto` text DEFAULT NULL
) ENGINE=InnoDB DEFAULT CHARSET=utf8mb4 COLLATE=utf8mb4_general_ci;

--
-- Despejando dados para a tabela `sintomavalentina`
--

INSERT INTO `sintomavalentina` (`idsintomavalentina`, `nome_sintoma`, `texto`) VALUES
(1, 'Tosse', NULL),
(3, 'Dor de Barriga', NULL),
(4, 'Perda de audição', 'Perda de audição e desequilíbrio'),
(5, 'surdez frequente', NULL);

-- --------------------------------------------------------

--
-- Estrutura para tabela `sintomavinicius`
--

CREATE TABLE `sintomavinicius` (
  `idsintomavinicius` int(10) UNSIGNED NOT NULL,
  `nome` varchar(50) DEFAULT NULL,
  `texto` text DEFAULT NULL
) ENGINE=InnoDB DEFAULT CHARSET=utf8mb4 COLLATE=utf8mb4_general_ci;

--
-- Despejando dados para a tabela `sintomavinicius`
--

INSERT INTO `sintomavinicius` (`idsintomavinicius`, `nome`, `texto`) VALUES
(1, 'Febre de origem desconhecida', NULL),
(2, 'Insuficiência renal', NULL),
(3, 'Tuberculose respiratória', NULL),
(4, 'Diarréia e gastroenterite de origem infecciosa pre', NULL),
(5, 'Outros tétanos', NULL),
(6, 'Tétano neonatal', NULL),
(7, 'Leptospirose não especificada', NULL),
(8, 'Dengue [dengue clássico]', NULL),
(9, 'Dor de Cabeça', NULL),
(10, 'GonorrÃ©ia', 'Que azar');

-- --------------------------------------------------------

--
-- Estrutura para tabela `sintomavitor`
--

CREATE TABLE `sintomavitor` (
  `idsintomavitor` int(10) UNSIGNED NOT NULL,
  `nome` varchar(50) DEFAULT NULL,
  `texto` text DEFAULT NULL
) ENGINE=InnoDB DEFAULT CHARSET=utf8mb4 COLLATE=utf8mb4_general_ci;

--
-- Despejando dados para a tabela `sintomavitor`
--

INSERT INTO `sintomavitor` (`idsintomavitor`, `nome`, `texto`) VALUES
(1, 'Sinusite crônica', NULL),
(2, 'Hemorragia intracraniana', NULL),
(3, 'Cegueira e visão subnormal', NULL),
(4, 'Dracunculíase', NULL),
(5, 'Tétano neonatal', NULL),
(6, 'Hepatite aguda', NULL);

-- --------------------------------------------------------

--
-- Estrutura para tabela `sintomayasmim`
--

CREATE TABLE `sintomayasmim` (
  `idsintomayasmim` int(10) UNSIGNED NOT NULL,
  `nome` varchar(50) DEFAULT NULL,
  `texto` text DEFAULT NULL
) ENGINE=InnoDB DEFAULT CHARSET=utf8mb4 COLLATE=utf8mb4_general_ci;

--
-- Despejando dados para a tabela `sintomayasmim`
--

INSERT INTO `sintomayasmim` (`idsintomayasmim`, `nome`, `texto`) VALUES
(1, 'coceira', NULL),
(2, 'Febre amarela', NULL),
(3, 'Diarréia e gastroenterite', NULL),
(4, 'Deficiência de vitamina A', NULL),
(5, 'Tuberculose do sistema nervoso', NULL),
(6, 'Perda de audição', NULL),
(7, 'Laringite e traqueíte agudas', NULL),
(8, 'Gastrite e duodenite', NULL),
(9, 'Dor de dente', NULL),
(10, 'Dor de dente', NULL);

-- --------------------------------------------------------

--
-- Estrutura para tabela `tratamentoalves`
--

CREATE TABLE `tratamentoalves` (
  `idtratamentoalves` int(10) UNSIGNED NOT NULL,
  `nome` varchar(50) DEFAULT NULL,
  `texto` text DEFAULT NULL
) ENGINE=InnoDB DEFAULT CHARSET=utf8mb4 COLLATE=utf8mb4_general_ci;

--
-- Despejando dados para a tabela `tratamentoalves`
--

INSERT INTO `tratamentoalves` (`idtratamentoalves`, `nome`, `texto`) VALUES
(1, 'Chá de boldo', 'Pegar a folha e ferver na água por 15 minutos. Tomar um copo três vezes ao dia.'),
(2, 'Paracetamol 25mg', 'Tomar um comprimido 2 vezes ao dia.'),
(3, 'Curativo', 'Fazer um curativo no local da lesão 2 vezes ao dia.'),
(4, 'Sal de fruta', 'Tomar um colher em um copo de água após as refeições.'),
(5, 'Consumo de açúcar', 'Diminuir o consumo de açúcar.'),
(6, 'Colírio', 'Lavar o local da inflamação e aplicar o colírio 2 vezes ao dia.'),
(8, 'Lavagem nasal', 'Lavar o nariz com soro fisiológico duas vezes por dia.'),
(9, 'Tratamento teste', 'bla bla...');

-- --------------------------------------------------------

--
-- Estrutura para tabela `tratamentoamandha`
--

CREATE TABLE `tratamentoamandha` (
  `idtratamentoamandha` int(10) UNSIGNED NOT NULL,
  `nome` varchar(50) DEFAULT NULL,
  `texto` text DEFAULT NULL
) ENGINE=InnoDB DEFAULT CHARSET=utf8mb4 COLLATE=utf8mb4_general_ci;

--
-- Despejando dados para a tabela `tratamentoamandha`
--

INSERT INTO `tratamentoamandha` (`idtratamentoamandha`, `nome`, `texto`) VALUES
(1, 'Ibuprofeno 25 mg', NULL),
(2, 'Paracetamol 25 mg', NULL),
(3, 'Tratamento de Infarto', 'Atendimento de emergência imediato, uso de anticoagulantes, controle da dor e possível angioplastia. Mudanças no estilo de vida são essenciais.'),
(4, 'Tratamento de Ansiedade', 'Psicoterapia, técnicas de relaxamento, atividade física e, se necessário, medicamentos sob orientação médica.'),
(5, 'Tratamento de Dor de garganta', 'Repouso, hidratação, analgésicos e anti-inflamatórios. Antibióticos apenas se houver infecção bacteriana.'),
(6, 'Tratamento de Enxaqueca', 'Analgésicos específicos, evitar gatilhos, repouso em ambiente escuro e tratamento preventivo em casos recorrentes.'),
(7, 'Tratamento de Dor muscular', 'Repouso, compressas quentes ou frias, alongamentos e uso de analgésicos se necessário.'),
(8, 'Tratamento de Burnout', 'Redução do estresse, psicoterapia, reorganização da rotina e acompanhamento profissional.');

-- --------------------------------------------------------

--
-- Estrutura para tabela `tratamentoana`
--

CREATE TABLE `tratamentoana` (
  `idtratamentoana` int(10) UNSIGNED NOT NULL,
  `nome` varchar(50) DEFAULT NULL,
  `texto` text DEFAULT NULL
) ENGINE=InnoDB DEFAULT CHARSET=utf8mb4 COLLATE=utf8mb4_general_ci;

--
-- Despejando dados para a tabela `tratamentoana`
--

INSERT INTO `tratamentoana` (`idtratamentoana`, `nome`, `texto`) VALUES
(1, 'Chá de boldo', 'Pegar a folha e ferver na água por 20 minutos. Tomar um copo três vezes ao dia.'),
(2, 'Paracetamol 25 mg', 'Tomar um comprimido duas vezes ao dia.'),
(3, 'Paracetamol 25 mg', 'Tomar um comprimido duas vezes ao dia.'),
(4, 'Curativo', 'Fazer um curativo no local do ferimento trocando sempre após o banho.'),
(5, 'Sal de frutas', 'Tomar uma colher em um copo de água após as refeições.'),
(6, 'Repouso', 'Descanso intenso por uma semana.'),
(7, 'Diminuir açúcar', 'Diminua o consumo de açúcar em nível extremo.'),
(8, 'Dipirona', NULL);

-- --------------------------------------------------------

--
-- Estrutura para tabela `tratamentoarthur`
--

CREATE TABLE `tratamentoarthur` (
  `idtratamentoarthur` int(10) UNSIGNED NOT NULL,
  `nome` varchar(50) DEFAULT NULL,
  `texto` text DEFAULT NULL
) ENGINE=InnoDB DEFAULT CHARSET=utf8mb4 COLLATE=utf8mb4_general_ci;

--
-- Despejando dados para a tabela `tratamentoarthur`
--

INSERT INTO `tratamentoarthur` (`idtratamentoarthur`, `nome`, `texto`) VALUES
(1, 'Chá de boldo', 'Pega o boldo e faz chá. Tomar 3 vezes ao dia.'),
(2, 'Paracetamol 750mg', 'Tomar um comprimido 2 vezes ao dia.'),
(3, 'Curativo', 'Fazer um curativo no local do ferimento trocando sempre após banho.'),
(4, 'Sal de frutas', 'Tomar uma colher em um copo de agua apóes as refeiçoes.'),
(5, 'Diminuir açúcar', 'Consumir menos açúcar nos aluimentos e bebidas.'),
(6, 'Colírio', 'Aplicar no olho 2 vezes ao dia.'),
(7, 'Omeprazol 20mg', 'Tomar antes das refeições');

-- --------------------------------------------------------

--
-- Estrutura para tabela `tratamentodavi`
--

CREATE TABLE `tratamentodavi` (
  `idtratamentodavi` int(11) NOT NULL,
  `nome` varchar(50) DEFAULT NULL,
  `texto` text DEFAULT NULL
) ENGINE=InnoDB DEFAULT CHARSET=utf8mb4 COLLATE=utf8mb4_general_ci;

--
-- Despejando dados para a tabela `tratamentodavi`
--

INSERT INTO `tratamentodavi` (`idtratamentodavi`, `nome`, `texto`) VALUES
(1, 'Repouso e hidratacao', 'Orientado repouso, ingestao de liquidos e observacao dos sintomas.'),
(2, 'Medicacao para dor', 'Uso de medicamento conforme orientacao medica para aliviar a dor.'),
(3, 'Xarope ou inalacao', 'Tratamento indicado para alivio da tosse e melhora respiratoria.'),
(4, 'Exames laboratoriais', 'Solicitacao de exames para investigar a causa dos sintomas.'),
(5, 'Acompanhamento medico', 'Retorno marcado para avaliacao da evolucao do quadro.'),
(6, 'cha de boldo', 'cha caseiro que serve para diversas i fermidades'),
(7, 'sal de fruta', 'comumente usado para má digestão'),
(8, 'soro hospitalar', 'O soro hospitalar, principalmente o cloreto de sódio 0,9% (soro fisiológico), é uma solução estéril utilizada para hidratação intravenosa, reposição de eletrólitos, diluição de medicamentos e limpeza de ferimentos. É essencial na manutenção da volemia (volume sanguíneo) e no equilíbrio eletrolítico. ');

-- --------------------------------------------------------

--
-- Estrutura para tabela `tratamentodeidiani`
--

CREATE TABLE `tratamentodeidiani` (
  `idtratamentodeidiani` int(10) UNSIGNED NOT NULL,
  `nome` varchar(50) DEFAULT NULL,
  `texto` text DEFAULT NULL
) ENGINE=InnoDB DEFAULT CHARSET=utf8mb4 COLLATE=utf8mb4_general_ci;

-- --------------------------------------------------------

--
-- Estrutura para tabela `tratamentoeduardo`
--

CREATE TABLE `tratamentoeduardo` (
  `idtratamentoeduardo` int(10) UNSIGNED NOT NULL,
  `nome` varchar(50) DEFAULT NULL,
  `texto` text DEFAULT NULL
) ENGINE=InnoDB DEFAULT CHARSET=utf8mb4 COLLATE=utf8mb4_general_ci;

--
-- Despejando dados para a tabela `tratamentoeduardo`
--

INSERT INTO `tratamentoeduardo` (`idtratamentoeduardo`, `nome`, `texto`) VALUES
(1, 'chá de água', 'ferver a água e tomar,tome enquanto morno uma vez ao dia '),
(3, 'exposição', 'se exponha ao frio, 20 minutos ao dia e anote a pressão'),
(4, 'dipirona 25g', 'tome um comprimido, antes do almoço e depois da janta'),
(5, 'repouso', 'fique de repouso ausente de esforco fisico por uma semana'),
(6, 'curativo', 'envolva o machucado em gase'),
(7, 'exposicao ao calor', 'fique no sol 15 minutos ao dia'),
(8, 'dorlfex', NULL),
(9, 'sal de fruta', 'tomar sal de frutas dissolvido em água');

-- --------------------------------------------------------

--
-- Estrutura para tabela `tratamentoenzo`
--

CREATE TABLE `tratamentoenzo` (
  `idtratamentoenzo` int(10) UNSIGNED NOT NULL,
  `nome` varchar(50) DEFAULT NULL,
  `texto` text DEFAULT NULL
) ENGINE=InnoDB DEFAULT CHARSET=utf8mb4 COLLATE=utf8mb4_general_ci;

--
-- Despejando dados para a tabela `tratamentoenzo`
--

INSERT INTO `tratamentoenzo` (`idtratamentoenzo`, `nome`, `texto`) VALUES
(1, 'Dipirona', 'A dipirona é um medicamento analgésico e antitérmico muito utilizado no Brasil para o tratamento de febre, dores de cabeça, dores musculares, cólicas (abdominais e menstruais) e dores pós-operatórias.'),
(2, 'Canela de velho', 'Remedio para dores musculares, sem receita médica.'),
(3, 'Dorflex', 'Dorflex é um analgésico e relaxante muscular amplamente utilizado no Brasil para alívio de dores musculares, contraturas e cefaleia tensional.'),
(4, 'Antibiótico', 'Antibióticos são medicamentos essenciais para tratar infecções causadas por bactérias, agindo ao matá-las ou impedir sua multiplicação. '),
(5, 'Vacina', 'Vacinas são substâncias biológicas preparadas, contendo agentes patogênicos (vírus ou bactérias) inativados, enfraquecidos ou apenas partes deles (antígenos), que têm como objetivo induzir a resposta imunológica do organismo.'),
(6, 'Soro fisiológico', 'O soro fisiológico é uma solução estéril de cloreto de sódio a 0,9%, isosmótica em relação aos fluidos corporais, amplamente usada para hidratação, limpeza de ferimentos, queimaduras, lavagem nasal e ocular, inalações, e na limpeza de lentes de contato.'),
(7, 'Atividade física', 'Atividade física é qualquer movimento corporal que resulte em gasto energético acima dos níveis de repouso, como caminhar, dançar ou subir escadas.'),
(8, 'Repouso', 'Repouso significa cessação de movimento ou atividade, indicando um estado de descanso físico, mental ou técnico.'),
(9, 'Buscopan', 'Buscopan é um antiespasmódico indicado para aliviar cólicas abdominais, intestinais, estomacais, urinárias e menstruais. '),
(10, 'Paracetamol', 'O paracetamol é um analgésico e antipirético amplamente utilizado para reduzir a febre e aliviar dores leves a moderadas, como dor de cabeça, dor de dente, dores musculares, nas costas e cólicas menstruais.'),
(11, 'Chá de boldo', 'Tomar 2x ao dia.'),
(12, 'Sál de frutas', 'Misturar com água quando estiver com azia');

-- --------------------------------------------------------

--
-- Estrutura para tabela `tratamentofelipe`
--

CREATE TABLE `tratamentofelipe` (
  `idtratamentofelipe` int(10) UNSIGNED NOT NULL,
  `nome` varchar(50) DEFAULT NULL,
  `texto` text DEFAULT NULL
) ENGINE=InnoDB DEFAULT CHARSET=utf8mb4 COLLATE=utf8mb4_general_ci;

--
-- Despejando dados para a tabela `tratamentofelipe`
--

INSERT INTO `tratamentofelipe` (`idtratamentofelipe`, `nome`, `texto`) VALUES
(1, 'Repouso e hidratacao', 'Paciente deve repousar e ingerir bastante liquido.'),
(2, 'Controle de pressao', 'Medir a pressao arterial duas vezes ao dia.'),
(3, 'Acompanhamento cardiologico', 'Retornar ao cardiologista em 30 dias.'),
(4, 'Medicacao prescrita', 'Utilizar os medicamentos conforme orientacao medica.'),
(5, 'Monitoramento pos-operatorio', 'Acompanhar sinais vitais a cada 6 horas.'),
(6, 'Exames complementares', 'Solicitar exames laboratoriais e de imagem.'),
(7, 'Atividade fisica leve', 'Realizar caminhadas leves conforme liberacao medica.');

-- --------------------------------------------------------

--
-- Estrutura para tabela `tratamentogabrieli`
--

CREATE TABLE `tratamentogabrieli` (
  `idtratamentogabrieli` int(10) UNSIGNED NOT NULL,
  `nome` varchar(50) DEFAULT NULL,
  `texto` text DEFAULT NULL
) ENGINE=InnoDB DEFAULT CHARSET=utf8mb4 COLLATE=utf8mb4_general_ci;

--
-- Despejando dados para a tabela `tratamentogabrieli`
--

INSERT INTO `tratamentogabrieli` (`idtratamentogabrieli`, `nome`, `texto`) VALUES
(1, 'Chá de boldo', 'Pegar a folha e ferver na água por 15 minutos. Tomar um copo 3 vezes ao dia.'),
(2, 'Paracetamol 25mg', 'Tomar um comprimido 2 vezes ao dia.'),
(3, 'Curativo', 'Fazer um curativo no local da lesão duas vezes ao dia.'),
(4, 'Sal de fruta', 'Uma colher em um copo de água após as refeições.'),
(5, 'Amoxicilina 1g', 'Tomar um comprimido a cada 12h.'),
(6, 'Consumo de ferro', 'Dar preferencia em consumir alimentos ricos em ferro e outras vitaminas.'),
(7, 'Colírio', 'Aplicar o colírio 2 vezes ao dia.'),
(8, 'Descanso', NULL),
(9, 'Cirurgia', NULL),
(10, 'Tomar soro', NULL),
(11, 'Injeção', NULL);

-- --------------------------------------------------------

--
-- Estrutura para tabela `tratamentogean`
--

CREATE TABLE `tratamentogean` (
  `idtratamentogean` int(11) NOT NULL,
  `nome` varchar(50) DEFAULT NULL,
  `texto` text DEFAULT NULL
) ENGINE=InnoDB DEFAULT CHARSET=utf8mb4 COLLATE=utf8mb4_general_ci;

--
-- Despejando dados para a tabela `tratamentogean`
--

INSERT INTO `tratamentogean` (`idtratamentogean`, `nome`, `texto`) VALUES
(1, 'Repouso e hidratacao', 'Orientado repouso, ingestao de liquidos e observacao dos sintomas.'),
(2, 'Medicacao para dor', 'Uso de medicamento conforme orientacao medica para aliviar a dor.'),
(3, 'Xarope ou inalacao', 'Tratamento indicado para alivio da tosse e melhora respiratoria.'),
(4, 'Exames laboratoriais', 'Solicitacao de exames para investigar a causa dos sintomas.'),
(5, 'Acompanhamento medico', 'Retorno marcado para avaliacao da evolucao do quadro.'),
(6, 'cha de boldo', 'cha caseiro que serve para diversas i fermidades'),
(7, 'sal de fruta', 'comumente usado para má digestão'),
(8, 'soro hospitalar', 'O soro hospitalar, principalmente o cloreto de sódio 0,9% (soro fisiológico), é uma solução estéril utilizada para hidratação intravenosa, reposição de eletrólitos, diluição de medicamentos e limpeza de ferimentos. É essencial na manutenção da volemia (volume sanguíneo) e no equilíbrio eletrolítico. ');

-- --------------------------------------------------------

--
-- Estrutura para tabela `tratamentoguilherme`
--

CREATE TABLE `tratamentoguilherme` (
  `idtratamentoguilherme` int(10) UNSIGNED NOT NULL,
  `nome` varchar(50) DEFAULT NULL,
  `texto` text DEFAULT NULL
) ENGINE=InnoDB DEFAULT CHARSET=utf8mb4 COLLATE=utf8mb4_general_ci;

--
-- Despejando dados para a tabela `tratamentoguilherme`
--

INSERT INTO `tratamentoguilherme` (`idtratamentoguilherme`, `nome`, `texto`) VALUES
(1, 'Chá de boldo', 'Tomar uma xícara após as refeições principais'),
(2, 'Sal de fruta', 'Dissolver em água em caso de azia extrema'),
(3, 'Analgésico padrão', 'Administrar Dipirona 500mg de 6 em 6 horas se houver dor'),
(4, 'Repouso', 'Evitar esforço físico e manter-se hidratado'),
(5, 'Fisioterapia e cha de boldo', 'Sessões de alongamento e fortalecimento muscular');

-- --------------------------------------------------------

--
-- Estrutura para tabela `tratamentohigor`
--

CREATE TABLE `tratamentohigor` (
  `idtratamentohigor` int(10) UNSIGNED NOT NULL,
  `nome` varchar(50) DEFAULT NULL,
  `texto` text DEFAULT NULL
) ENGINE=InnoDB DEFAULT CHARSET=utf8mb4 COLLATE=utf8mb4_general_ci;

--
-- Despejando dados para a tabela `tratamentohigor`
--

INSERT INTO `tratamentohigor` (`idtratamentohigor`, `nome`, `texto`) VALUES
(1, 'Paracetamol 25mg', 'Tomar um comprimido duas vezes ao dia.'),
(2, 'Hidratação', 'Ingerir cerca de 2 litros ao longo do dia.'),
(3, 'Higiene do Sono', 'Desligar telas 1 hora antes de dormir.'),
(4, 'Atividade Física', 'Praticar 30 minutos de caminhada, 5 vezes por semana.'),
(5, 'Dipirona 1g', 'Tomar um a cada dozes horas.'),
(6, 'Chá de Cidrera', 'Tomar um chá a cada 8 horas.');

-- --------------------------------------------------------

--
-- Estrutura para tabela `tratamentojoao`
--

CREATE TABLE `tratamentojoao` (
  `idtratamentojoao` int(10) UNSIGNED NOT NULL,
  `nome` varchar(255) DEFAULT NULL,
  `texto` text DEFAULT NULL
) ENGINE=InnoDB DEFAULT CHARSET=utf8mb4 COLLATE=utf8mb4_general_ci;

--
-- Despejando dados para a tabela `tratamentojoao`
--

INSERT INTO `tratamentojoao` (`idtratamentojoao`, `nome`, `texto`) VALUES
(2, 'Chá de boldo', 'Pegar a folha e ferver na água por 15 minutos. Tomar 300ml, 3 vezes no dia.'),
(3, 'Canela em pau', 'comer 3 vezes no dia.'),
(4, 'Paracetamol', '25 mg, 2 comprimido por dia 12 em 12 horas.'),
(5, 'vacina', '3 vezes no dia. Com auxílio do medico'),
(6, 'Sal de Frutas', 'Tomar chá de frutas diluído em um copo de agua de 300ml.'),
(8, 'Tratamento Prova', 'Tomar 1 vez ao dia');

-- --------------------------------------------------------

--
-- Estrutura para tabela `tratamentoluiza`
--

CREATE TABLE `tratamentoluiza` (
  `idtratamentoluiza` int(10) UNSIGNED NOT NULL,
  `nome` varchar(50) DEFAULT NULL,
  `texto` text DEFAULT NULL
) ENGINE=InnoDB DEFAULT CHARSET=utf8mb4 COLLATE=utf8mb4_general_ci;

--
-- Despejando dados para a tabela `tratamentoluiza`
--

INSERT INTO `tratamentoluiza` (`idtratamentoluiza`, `nome`, `texto`) VALUES
(1, 'Chá de boldo', 'Pegar a folha e ferver na água por 15 minutos. Tomar um copo três vezes ao dia.'),
(2, 'Paracetamol 25 mg', 'Tomar um comprimido duas vezes ao dia.'),
(3, 'Curativo', 'Fazer um curativo no lugar da lesão duas vezes ao dia.'),
(4, 'Sal de fruta', 'Tomar uma colher em um copo de água após as refeições.'),
(5, 'Consumo de açúcar', 'Diminuir o consumo de açúcar.'),
(6, 'Colírio', 'Lavar o local da inflamação e aplicar o colírio 2 vezes ao dia.'),
(7, 'Chá de marcela', NULL);

-- --------------------------------------------------------

--
-- Estrutura para tabela `tratamentomiguel`
--

CREATE TABLE `tratamentomiguel` (
  `idtratamentomiguel` int(10) UNSIGNED NOT NULL,
  `nome` varchar(50) DEFAULT NULL,
  `texto` text DEFAULT NULL
) ENGINE=InnoDB DEFAULT CHARSET=latin1 COLLATE=latin1_swedish_ci;

--
-- Despejando dados para a tabela `tratamentomiguel`
--

INSERT INTO `tratamentomiguel` (`idtratamentomiguel`, `nome`, `texto`) VALUES
(1, 'Chá de boldo', 'Pegar a folha e ferver na água por 15 minutos. Tomar um copo três vezes ao dia.'),
(2, 'Paracetamol 25 mg', 'Tomar um comprimido duas vezes ao dia.'),
(3, 'Curativo', 'Fazer um curativo no local da lesão 2 vezes ao dia.'),
(4, 'Sal de fruta', 'Tomar uma colher em um copo de água após as refeições.'),
(5, 'Consumo de açúcar', 'Diminuir o consumo de açúcar.'),
(6, 'Colírio', 'Lavar o local da inflamação e aplicar o colírio 2 vezes ao dia.');

-- --------------------------------------------------------

--
-- Estrutura para tabela `tratamentonicolas`
--

CREATE TABLE `tratamentonicolas` (
  `idtratamentonicolas` int(10) UNSIGNED NOT NULL,
  `nome` varchar(50) DEFAULT NULL,
  `texto` text DEFAULT NULL
) ENGINE=InnoDB DEFAULT CHARSET=utf8mb4 COLLATE=utf8mb4_general_ci;

--
-- Despejando dados para a tabela `tratamentonicolas`
--

INSERT INTO `tratamentonicolas` (`idtratamentonicolas`, `nome`, `texto`) VALUES
(1, 'Paracetamol 25mg', 'Tomar um comprimido duas vezes ao dia'),
(2, 'Paracetamol 25mg', 'Tomar um comprimido duas vezes ao dia'),
(3, 'Curativo', 'Fazer um curativo no local da lesão 2 vezes ao dia'),
(4, 'Sal de fruta', 'Tomar uma colher em um copo de água após as refeições'),
(5, 'Consumo de açúcar', 'Diminuir o consumo de açúcar'),
(6, 'Colírio', 'Lavar o local da inflãmação e aplicar o colírio 2 vezes ao dia'),
(7, 'Chá de Boldo', 'Tomar um chá de boldo quando acorda e antes de dormir'),
(10, 'Descanso', 'Descansar em casa sem realizar grandes esforços fisícos.');

-- --------------------------------------------------------

--
-- Estrutura para tabela `tratamentootavio`
--

CREATE TABLE `tratamentootavio` (
  `idtratamentootavio` int(10) UNSIGNED NOT NULL,
  `nome` varchar(50) DEFAULT NULL,
  `texto` text DEFAULT NULL
) ENGINE=InnoDB DEFAULT CHARSET=utf8mb4 COLLATE=utf8mb4_general_ci;

--
-- Despejando dados para a tabela `tratamentootavio`
--

INSERT INTO `tratamentootavio` (`idtratamentootavio`, `nome`, `texto`) VALUES
(1, 'ibuprofeno 25g', 'Tome um comprimido de 8 em 8 horas.'),
(2, 'Chá de Vento', 'Tomar o chá pelo menos 1 vez ao dia.'),
(3, 'ibuprofeno 25g', 'Tome um comprimido de 8 em 8 horas.'),
(4, 'Se hidratar', 'Tome 3 litros de aguá por dia.'),
(5, 'Sal de Frutas', 'Tomar junto com aguá.');

-- --------------------------------------------------------

--
-- Estrutura para tabela `tratamentopedro`
--

CREATE TABLE `tratamentopedro` (
  `idtratamentopedro` int(10) UNSIGNED NOT NULL,
  `nome` varchar(50) DEFAULT NULL,
  `texto` text DEFAULT NULL
) ENGINE=InnoDB DEFAULT CHARSET=utf8mb4 COLLATE=utf8mb4_general_ci;

--
-- Despejando dados para a tabela `tratamentopedro`
--

INSERT INTO `tratamentopedro` (`idtratamentopedro`, `nome`, `texto`) VALUES
(1, 'Cházinho', 'Chá'),
(2, 'Remédio', 'Ibuprofeno, deve ser virose'),
(3, 'Cházinho', 'Chá'),
(4, 'Remédio', 'Ibuprofeno, deve ser virose'),
(5, 'Psicólogo', 'Pedir ajuda faz parte'),
(6, 'Remédio para enjoo', 'Remédio colocado em um copo e dissolvido em água.');

-- --------------------------------------------------------

--
-- Estrutura para tabela `tratamentopietro`
--

CREATE TABLE `tratamentopietro` (
  `idtratamentopietro` int(10) UNSIGNED NOT NULL,
  `nome` varchar(50) DEFAULT NULL,
  `texto` text DEFAULT NULL
) ENGINE=InnoDB DEFAULT CHARSET=utf8mb4 COLLATE=utf8mb4_general_ci;

--
-- Despejando dados para a tabela `tratamentopietro`
--

INSERT INTO `tratamentopietro` (`idtratamentopietro`, `nome`, `texto`) VALUES
(1, 'Chá de Boldo', 'Pegar a folha e ferver na água por 15 minutos. Tomar um copo três vezes ao dia'),
(2, 'Sangria', 'Exposição à sangue-sugas por meia hora'),
(3, 'Antibiótico', 'Tomar estritamente no horário e periodo definidos pelo médico'),
(4, 'Compressa', 'Aplicar pano ou gaze molhados com água ou soro fisiológico no local orientado por uma hora, rehidratando a compressa quando necessário'),
(5, 'Colírio', 'Gotas e frequências à ser definidos pelo médico. Aplicar no olho aberto e rosto inclinado'),
(6, 'Reposição de liquido', 'Tomar água ou soro hospitalar em quantia elevada, geralmente entre 3 e 5 litros'),
(7, 'Repouso', 'Evitar atividades físicas e estresse'),
(8, 'Sal de fruta', NULL);

-- --------------------------------------------------------

--
-- Estrutura para tabela `tratamentosarah`
--

CREATE TABLE `tratamentosarah` (
  `idtratamentosarah` int(10) UNSIGNED NOT NULL,
  `nome` varchar(50) DEFAULT NULL,
  `texto` text DEFAULT NULL
) ENGINE=InnoDB DEFAULT CHARSET=utf8mb4 COLLATE=utf8mb4_general_ci;

--
-- Despejando dados para a tabela `tratamentosarah`
--

INSERT INTO `tratamentosarah` (`idtratamentosarah`, `nome`, `texto`) VALUES
(1, 'Chá de boldo', 'Pegar a folha e ferver na água por 15 minutos. Tomar um copo 3 vezes ao dia.'),
(2, 'Paracetamol 25mg', 'Tomar um comprimido 2 vezes ao dia.'),
(3, 'Curativo', 'Fazer um curativo no local da lesão duas vezes ao dia.'),
(4, 'Sal de fruta', 'Uma colher em um copo de água após as refeições.'),
(5, 'Amoxicilina 1g', 'Tomar um comprimido a cada 12h.'),
(6, 'Consumo de ferro', 'Dar preferencia em consumir alimentos ricos em ferro e outras vitaminas.'),
(7, 'Colírio', 'Aplicar o colírio 2 vezes ao dia.'),
(8, 'Engessar', 'Manter o gesso por 15 dias, não sujar ou molhar o mesmo');

-- --------------------------------------------------------

--
-- Estrutura para tabela `tratamentostella`
--

CREATE TABLE `tratamentostella` (
  `idtratamentostella` int(10) UNSIGNED NOT NULL,
  `nome` varchar(50) DEFAULT NULL,
  `texto` text DEFAULT NULL
) ENGINE=InnoDB DEFAULT CHARSET=utf8mb4 COLLATE=utf8mb4_general_ci;

--
-- Despejando dados para a tabela `tratamentostella`
--

INSERT INTO `tratamentostella` (`idtratamentostella`, `nome`, `texto`) VALUES
(1, 'Chá de Boldo', 'Pegar a folha e ferver em água por 15 minutos. Tomar um copo três vezes ao dia.'),
(2, 'Chá de Boldo', 'Pegar a folha e ferver em água por 15 minutos. Tomar um copo três vezes ao dia.'),
(3, 'Paracetamol 25mg', 'Tomar um comprimido duas vezes ao dia.'),
(4, 'Curativo', 'Fazer um curativo no lugar do lesão duas vezes ao dia.'),
(5, 'Sal de fruta', 'Tomar uma colher em um copo de água após as refeições.'),
(6, 'Colírio', 'Lavar o local da inflamação e aplicar o colírio duas vezes ao dia.'),
(7, 'Consumo de açúcar', 'Diminuir o consumo de açúcar.'),
(9, 'Repouso', 'O paciente deve ficar um dia de repouso.');

-- --------------------------------------------------------

--
-- Estrutura para tabela `tratamentotais`
--

CREATE TABLE `tratamentotais` (
  `idtratamentotais` int(10) UNSIGNED NOT NULL,
  `nome` varchar(50) DEFAULT NULL,
  `texto` text DEFAULT NULL
) ENGINE=InnoDB DEFAULT CHARSET=utf8mb4 COLLATE=utf8mb4_general_ci;

--
-- Despejando dados para a tabela `tratamentotais`
--

INSERT INTO `tratamentotais` (`idtratamentotais`, `nome`, `texto`) VALUES
(1, 'Chá de boldo', 'Pegar a folha e ferver na água por 15 minutos. Tomar um copo três vezes ao dia'),
(2, 'Paracetamol 25 mg', 'Tomar um comprimido duas vezes ao dia.'),
(3, 'Curativo', 'Fazer um curativo no lugar da lesão duas vezes ao dia.'),
(4, 'Sal de fruta', 'Tomar uma colher em um copo de água após as refeições.'),
(5, 'Consumo de açúcar', 'Diminuir o consumo de açúcar.'),
(6, 'Colírio', 'Lavar o local da inflamação e aplicar o colírio 2 vezes ao dia.'),
(7, 'Dipirona', NULL);

-- --------------------------------------------------------

--
-- Estrutura para tabela `tratamentovalentina`
--

CREATE TABLE `tratamentovalentina` (
  `idtratamentovalentina` int(10) UNSIGNED NOT NULL,
  `nome_tratamento` varchar(50) DEFAULT NULL,
  `texto` text DEFAULT NULL
) ENGINE=InnoDB DEFAULT CHARSET=utf8mb4 COLLATE=utf8mb4_general_ci;

--
-- Despejando dados para a tabela `tratamentovalentina`
--

INSERT INTO `tratamentovalentina` (`idtratamentovalentina`, `nome_tratamento`, `texto`) VALUES
(1, 'Radiografia', 'Sala 17, raio X'),
(2, 'Injeção', 'Sala 10'),
(3, 'Chá de boldo', NULL);

-- --------------------------------------------------------

--
-- Estrutura para tabela `tratamentovinicius`
--

CREATE TABLE `tratamentovinicius` (
  `idtratamentovinicius` int(10) UNSIGNED NOT NULL,
  `nome` varchar(50) DEFAULT NULL,
  `texto` text DEFAULT NULL
) ENGINE=InnoDB DEFAULT CHARSET=utf8mb4 COLLATE=utf8mb4_general_ci;

--
-- Despejando dados para a tabela `tratamentovinicius`
--

INSERT INTO `tratamentovinicius` (`idtratamentovinicius`, `nome`, `texto`) VALUES
(1, 'Chá de Boldo', 'Pegar a folha e ferver na água por 15 minutos. Tomar um copo três vezes ao dia'),
(2, 'Paracetamol 25mg', 'Tomar um comprimido duas vezes ao dia'),
(3, 'Curativo', 'Fazer um curativo no local da lesão duas vezes ao dia'),
(4, 'Sal de fruta', 'Tomar uma colher em um copo de água após as refeições'),
(5, 'Consumo de açúcar', 'Diminuir o consumo de açúcar'),
(6, 'Colírio', 'Lavar o local da inflamação e aplicar o colírio duas vezes ao dia'),
(7, 'Cha de camomila', NULL);

-- --------------------------------------------------------

--
-- Estrutura para tabela `tratamentovitor`
--

CREATE TABLE `tratamentovitor` (
  `idtratamentovitor` int(10) UNSIGNED NOT NULL,
  `nome` varchar(50) DEFAULT NULL,
  `texto` text DEFAULT NULL
) ENGINE=InnoDB DEFAULT CHARSET=utf8mb4 COLLATE=utf8mb4_general_ci;

--
-- Despejando dados para a tabela `tratamentovitor`
--

INSERT INTO `tratamentovitor` (`idtratamentovitor`, `nome`, `texto`) VALUES
(1, 'Paracetamol 25mg', 'Tomar um comprimido duas vezes ao dia.'),
(2, 'Hidratação', 'Ingerir cerca de 2 litros ao longo do dia.'),
(3, 'Higiene do Sono', 'Desligar telas 1 hora antes de dormir.'),
(4, 'Atividade Física', 'Praticar 30 minutos de caminhada, 5 vezes por semana.'),
(5, 'Dipirona 1g', 'Tomar um a cada dozes horas.'),
(6, 'Chá de Cidrera', 'Tomar um chá a cada 8 horas.'),
(7, 'Chá de Boldo', 'Tome um chá a cada 6h se não melhorar'),
(8, 'Sal de fruta', ''),
(9, 'Repouso', 'Descansar por uns dias');

-- --------------------------------------------------------

--
-- Estrutura para tabela `tratamentoyasmim`
--

CREATE TABLE `tratamentoyasmim` (
  `idtratamentoyasmim` int(10) UNSIGNED NOT NULL,
  `nome` varchar(50) DEFAULT NULL,
  `texto` text DEFAULT NULL
) ENGINE=InnoDB DEFAULT CHARSET=utf8mb4 COLLATE=utf8mb4_general_ci;

--
-- Despejando dados para a tabela `tratamentoyasmim`
--

INSERT INTO `tratamentoyasmim` (`idtratamentoyasmim`, `nome`, `texto`) VALUES
(1, 'Chá de boldo', 'Pegar a folha e ferver na água por 15 minutos. Tomar um copo três vezes ao dia.'),
(2, 'Parecetamol 25mg', 'Tomar um comprimido duas vezes ao dia'),
(3, 'Curativo', 'Fazer um curativo no local da lesão duas vezes ao dia'),
(5, 'Sal de fruta', 'Tomar uma colher em um copo de água após as refeições'),
(6, 'Consumo de açúcar', 'Diminuir o consumo de açúcar'),
(7, 'Colírio', 'Lavar o local da inflamação e aplicar o colírio 2 vezes ao dia'),
(8, 'Água quente', 'Colocar água morna por 10 minutos no local da dor');

--
-- Índices para tabelas despejadas
--

--
-- Índices de tabela `casjoao`
--
ALTER TABLE `casjoao`
  ADD PRIMARY KEY (`idcasjoao`),
  ADD KEY `casjoao_FKIndex1` (`consultajoao_idconsultaJoao`),
  ADD KEY `casjoao_FKIndex2` (`sintomasjoao_idsintomasJoao`),
  ADD KEY `casjoao_FKIndex3` (`tratamentojoao_idtratamentoJoao`);

--
-- Índices de tabela `castalves`
--
ALTER TABLE `castalves`
  ADD PRIMARY KEY (`idcastalves`),
  ADD KEY `castalves_FKIndex1` (`consultaalves_idconsultaalves`),
  ADD KEY `castalves_FKIndex2` (`sintomaalves_idsintomaalves`),
  ADD KEY `castalves_FKIndex3` (`tratamentoalves_idtratamentoalves`);

--
-- Índices de tabela `castamandha`
--
ALTER TABLE `castamandha`
  ADD PRIMARY KEY (`idcastamandha`),
  ADD KEY `castamandha_FKIndex1` (`consultaamandha_idconsultamandha`),
  ADD KEY `castamandha_FKIndex2` (`sintomaamandha_issintomaamandha`),
  ADD KEY `castamandha_FKIndex3` (`tratamentoamandha_idtratamentoamandha`);

--
-- Índices de tabela `castana`
--
ALTER TABLE `castana`
  ADD PRIMARY KEY (`id_castana`),
  ADD KEY `castana_FKIndex1` (`consultaana_idconsultaana`),
  ADD KEY `castana_FKIndex2` (`sintomaana_idsintomaana`),
  ADD KEY `castana_FKIndex3` (`tratamentoana_idtratamentoana`);

--
-- Índices de tabela `castarthur`
--
ALTER TABLE `castarthur`
  ADD PRIMARY KEY (`idcasarthur`),
  ADD KEY `castarthur_FKIndex1` (`sintomaarthur_idsintomaarthur`),
  ADD KEY `castarthur_FKIndex2` (`consultaarthur_idconsultaarthur`),
  ADD KEY `castarthur_FKIndex3` (`tratamentoarthur_idtratamentoarthur`);

--
-- Índices de tabela `castdavi`
--
ALTER TABLE `castdavi`
  ADD PRIMARY KEY (`idcastdavi`),
  ADD KEY `cas_FKIndex1` (`consultadavi_idconsultadavi`),
  ADD KEY `cas_FKIndex2` (`sintomadavi_idsintomadavi`),
  ADD KEY `cas_FKIndex3` (`tratamentodavi_idtratamentodavi`),
  ADD KEY `IFK_Rel_10` (`consultadavi_idconsultadavi`),
  ADD KEY `IFK_Rel_11` (`sintomadavi_idsintomadavi`),
  ADD KEY `IFK_Rel_12` (`tratamentodavi_idtratamentodavi`);

--
-- Índices de tabela `castdeidiani`
--
ALTER TABLE `castdeidiani`
  ADD PRIMARY KEY (`idcastdeidiani`),
  ADD KEY `castdeidiani_FKIndex1` (`consultadeidiani_idconsultadeidiani`),
  ADD KEY `castdeidiani_FKIndex2` (`sintomadeidiani_idsintomadeidiani`),
  ADD KEY `castdeidiani_FKIndex3` (`tratamentodeidiani_idtratamentodeidiani`);

--
-- Índices de tabela `casteduardo`
--
ALTER TABLE `casteduardo`
  ADD PRIMARY KEY (`idcasteduardo`),
  ADD KEY `casteduardo_FKIndex1` (`consultaeduardo_idconsultaeduardo`),
  ADD KEY `casteduardo_FKIndex2` (`sintomaeduardo_idsintomaeduardo`),
  ADD KEY `casteduardo_FKIndex3` (`tratamentoeduardo_idtratamentoeduardo`);

--
-- Índices de tabela `castenzo`
--
ALTER TABLE `castenzo`
  ADD PRIMARY KEY (`idcastenzo`),
  ADD KEY `castenzo_FKIndex1` (`sintomaenzo_idsintomaenzo`),
  ADD KEY `castenzo_FKIndex2` (`tratamentoenzo_idtratamentoenzo`),
  ADD KEY `castenzo_FKIndex3` (`consultaenzo_idconsultaenzo`);

--
-- Índices de tabela `castfelipe`
--
ALTER TABLE `castfelipe`
  ADD PRIMARY KEY (`idcastfelipe`),
  ADD KEY `castpietro_FKIndex1` (`consultafelipe_idconsultafelipe`),
  ADD KEY `castfelipe_FKIndex2` (`sintomasfelipe_idsintomasfelipe`),
  ADD KEY `castfelipe_FKIndex3` (`tratamentofelipe_idtratamentofelipe`);

--
-- Índices de tabela `castgabrieli`
--
ALTER TABLE `castgabrieli`
  ADD PRIMARY KEY (`idcastgabrieli`),
  ADD KEY `castgabrieli_FKIndex1` (`consultagabrieli_idconsultagabrieli`),
  ADD KEY `castgabrieli_FKIndex2` (`sintomagabrieli_idsintomagabrieli`),
  ADD KEY `castgabrieli_FKIndex3` (`tratamentogabrieli_idtratamentogabrieli`);

--
-- Índices de tabela `castgean`
--
ALTER TABLE `castgean`
  ADD PRIMARY KEY (`idcastgean`),
  ADD KEY `cas_FKIndex1` (`consultagean_idconsultagean`),
  ADD KEY `cas_FKIndex2` (`sintomagean_idsintomagean`),
  ADD KEY `cas_FKIndex3` (`tratamentogean_idtratamentogean`),
  ADD KEY `IFK_Rel_10` (`consultagean_idconsultagean`),
  ADD KEY `IFK_Rel_11` (`sintomagean_idsintomagean`),
  ADD KEY `IFK_Rel_12` (`tratamentogean_idtratamentogean`);

--
-- Índices de tabela `castguilherme`
--
ALTER TABLE `castguilherme`
  ADD PRIMARY KEY (`idcastguilherme`),
  ADD KEY `cas_FKIndex1` (`consultaguilherme_idconsultaguilherme`),
  ADD KEY `cas_FKIndex2` (`sintomaguilherme_idsintomaguilherme`),
  ADD KEY `cas_FKIndex3` (`tratamentoguilherme_idtratamentoguilherme`);

--
-- Índices de tabela `casthigor`
--
ALTER TABLE `casthigor`
  ADD PRIMARY KEY (`idcasthigor`),
  ADD KEY `casthigor_FKIndex1` (`consultahigor_idconsultahigor`),
  ADD KEY `casthigor_FKIndex2` (`sintomahigor_idsintomahigor`),
  ADD KEY `casthigor_FKIndex3` (`tratamentohigor_idtratamentohigor`);

--
-- Índices de tabela `castluiza`
--
ALTER TABLE `castluiza`
  ADD PRIMARY KEY (`idcastluiza`),
  ADD KEY `castluiza_FKIndex1` (`consultaluiza_idconsultaluiza`),
  ADD KEY `castluiza_FKIndex2` (`sintomaluiza_idsintomaluiza`),
  ADD KEY `castluiza_FKIndex3` (`tratamentoluiza_idtratamentoluiza`);

--
-- Índices de tabela `castmiguel`
--
ALTER TABLE `castmiguel`
  ADD PRIMARY KEY (`idcastmiguel`),
  ADD KEY `castmiguel_FKIndex1` (`consultamiguel_idconsultamiguel`),
  ADD KEY `castmiguel_FKIndex2` (`sintomamiguel_idsintomamiguel`),
  ADD KEY `castmiguel_FKIndex3` (`tratamentomiguel_idtratamentomiguel`);

--
-- Índices de tabela `castnicolas`
--
ALTER TABLE `castnicolas`
  ADD PRIMARY KEY (`idcastnicolas`),
  ADD KEY `castnicolas_FKIndex1` (`sintomanicolas_idsintomanicolas`),
  ADD KEY `castnicolas_FKIndex2` (`tratamentonicolas_idtratamentonicolas`),
  ADD KEY `castnicolas_FKIndex3` (`consultanicolas_idconsultanicolas`);

--
-- Índices de tabela `castotavio`
--
ALTER TABLE `castotavio`
  ADD PRIMARY KEY (`idcastotavio`),
  ADD KEY `castotavio_FKIndex1` (`consultaotavio_idconsultaotavio`),
  ADD KEY `castotavio_FKIndex2` (`sintomaotavio_idsintomaotavio`),
  ADD KEY `castotavio_FKIndex3` (`tratamentootavio_idtratamentootavio`);

--
-- Índices de tabela `castpedro`
--
ALTER TABLE `castpedro`
  ADD PRIMARY KEY (`idcastpedro`),
  ADD KEY `castpedro_FKIndex1` (`consultapedro_idconsultapedro`),
  ADD KEY `castpedro_FKIndex2` (`tratamentopedro_idtratamentopedro`),
  ADD KEY `castpedro_FKIndex3` (`sintomapedro_idsintomapedro`);

--
-- Índices de tabela `castpietro`
--
ALTER TABLE `castpietro`
  ADD PRIMARY KEY (`idcastpietro`),
  ADD KEY `castpietro_FKIndex1` (`consultapietro_idconsultapietro`),
  ADD KEY `castpietro_FKIndex2` (`sintomaspietro_idsintomaspietro`),
  ADD KEY `castpietro_FKIndex3` (`tratamentopietro_idtratamentopietro`);

--
-- Índices de tabela `castsarah`
--
ALTER TABLE `castsarah`
  ADD PRIMARY KEY (`idcastsarah`),
  ADD KEY `castgabrieli_FKIndex1` (`consultasarah_idconsultasarah`),
  ADD KEY `castgabrieli_FKIndex2` (`sintomasarah_idsintomasarah`),
  ADD KEY `castgabrieli_FKIndex3` (`tratamentosarah_idtratamentosarah`);

--
-- Índices de tabela `caststella`
--
ALTER TABLE `caststella`
  ADD PRIMARY KEY (`idcaststella`),
  ADD KEY `caststella_FKIndex1` (`consultastella_idconsultastella`),
  ADD KEY `caststella_FKIndex2` (`sintomastella_idsintomastella`),
  ADD KEY `caststella_FKIndex3` (`tratamentostella_idtratamentostella`);

--
-- Índices de tabela `casttais`
--
ALTER TABLE `casttais`
  ADD PRIMARY KEY (`idcasttais`),
  ADD KEY `casttais_FKIndex1` (`consultatais_idconsultatais`),
  ADD KEY `casttais_FKIndex2` (`sintomatais_idsintomatais`),
  ADD KEY `casttais_FKIndex3` (`tratamentotais_idtratamentotais`);

--
-- Índices de tabela `castvalentina`
--
ALTER TABLE `castvalentina`
  ADD PRIMARY KEY (`idcastvalentina`),
  ADD KEY `castguilherme_FKIndex1` (`consultavalentina_idconsultavalentina`),
  ADD KEY `castguilherme_FKIndex2` (`sintomavalentina_idsintomavalentina`),
  ADD KEY `castguilherme_FKIndex3` (`tratamentovalentina_idtratamentovalentina`);

--
-- Índices de tabela `castvinicius`
--
ALTER TABLE `castvinicius`
  ADD PRIMARY KEY (`idcastvinicius`),
  ADD KEY `castvinicius_FKIndex1` (`consultavinicius_idconsultavinicius`),
  ADD KEY `castvinicius_FKIndex2` (`sintomavinicius_idsintomavinicius`),
  ADD KEY `castvinicius_FKIndex3` (`tratamentovinicius_idtratamentovinicius`);

--
-- Índices de tabela `castvitor`
--
ALTER TABLE `castvitor`
  ADD PRIMARY KEY (`idcastvitor`),
  ADD KEY `castvitor_FKIndex1` (`consultavitor_idconsultavitor`) USING BTREE,
  ADD KEY `castvitor_FKIndex3` (`tratamentovitor_idtratamentovitor`) USING BTREE,
  ADD KEY `castvitor_FKIndex2` (`sintomavitor_idsintomavitor`) USING BTREE;

--
-- Índices de tabela `castyasmim`
--
ALTER TABLE `castyasmim`
  ADD PRIMARY KEY (`idcastyasmim`),
  ADD KEY `castyasmim_FKIndex1` (`consultayasmim_idconsultayasmim`),
  ADD KEY `castyasmim_FKIndex2` (`sintomayasmim_idsintomayasmim`),
  ADD KEY `castyasmim_FKIndex3` (`tratamentoyasmim_idtratamentoyasmim`);

--
-- Índices de tabela `consultaalves`
--
ALTER TABLE `consultaalves`
  ADD PRIMARY KEY (`idconsultaalves`),
  ADD KEY `consultaalves_FKIndex1` (`medicoalves_idmedicoalves`),
  ADD KEY `consultaalves_FKIndex2` (`pacientealves_idpacientealves`);

--
-- Índices de tabela `consultaamandha`
--
ALTER TABLE `consultaamandha`
  ADD PRIMARY KEY (`idconsultamandha`),
  ADD KEY `consultaamandha_FKIndex1` (`pacienteamandha_idpacienteamandha`),
  ADD KEY `consultaamandha_FKIndex2` (`medicoamandha_idmedicoamandha`);

--
-- Índices de tabela `consultaana`
--
ALTER TABLE `consultaana`
  ADD PRIMARY KEY (`idconsultaana`),
  ADD KEY `consultagabrieli_FKIndex1` (`pacienteana_idpacienteana`),
  ADD KEY `consultagabrieli_FKIndex2` (`medicoana_idmedicoana`);

--
-- Índices de tabela `consultaarthur`
--
ALTER TABLE `consultaarthur`
  ADD PRIMARY KEY (`idconsultaarthur`),
  ADD KEY `consultaarthur_FKIndex1` (`pacientearthur_idpacientearthur`),
  ADD KEY `consultaarthur_FKIndex2` (`medicoarthur_idmedicoarthur`);

--
-- Índices de tabela `consultadavi`
--
ALTER TABLE `consultadavi`
  ADD PRIMARY KEY (`idconsultadavi`),
  ADD KEY `consultadavi_FKIndex1` (`pacientedavi_idpacientedavi`),
  ADD KEY `consultadavi_FKIndex2` (`medicodavi_idmedicodavi`),
  ADD KEY `IFK_Rel_01` (`pacientedavi_idpacientedavi`),
  ADD KEY `IFK_Rel_02` (`medicodavi_idmedicodavi`);

--
-- Índices de tabela `consultadeidiani`
--
ALTER TABLE `consultadeidiani`
  ADD PRIMARY KEY (`idconsultadeidiani`),
  ADD KEY `consultadeidiani_FKIndex1` (`pacientedeidiani_idpacientedeidiani`),
  ADD KEY `consultadeidiani_FKIndex2` (`medicodeidiani_idmedicodeidiani`);

--
-- Índices de tabela `consultaeduardo`
--
ALTER TABLE `consultaeduardo`
  ADD PRIMARY KEY (`idconsultaeduardo`),
  ADD KEY `consultaotavio_FKIndex1` (`pacienteeduardo_idpacienteeduardo`),
  ADD KEY `consultaotavio_FKIndex2` (`medicoeduardo_idmedicoeduardo`);

--
-- Índices de tabela `consultaenzo`
--
ALTER TABLE `consultaenzo`
  ADD PRIMARY KEY (`idconsultaenzo`),
  ADD KEY `consultaenzo_FKIndex1` (`pacienteenzo_idpacienteenzo`),
  ADD KEY `consultaenzo_FKIndex2` (`medicoenzo_idmedicoenzo`);

--
-- Índices de tabela `consultafelipe`
--
ALTER TABLE `consultafelipe`
  ADD PRIMARY KEY (`idconsultafelipe`),
  ADD KEY `consulta_FKIndex1` (`pacientefelipe_idpacientefelipe`),
  ADD KEY `consulta_FKIndex2` (`medicofelipe_idmedicofelipe`);

--
-- Índices de tabela `consultagabrieli`
--
ALTER TABLE `consultagabrieli`
  ADD PRIMARY KEY (`idconsultagabrieli`),
  ADD KEY `consultagabrieli_FKIndex1` (`pacientegabrieli_idpacientegabrieli`),
  ADD KEY `consultagabrieli_FKIndex2` (`medicogabrieli_idmedicogabrieli`);

--
-- Índices de tabela `consultagean`
--
ALTER TABLE `consultagean`
  ADD PRIMARY KEY (`idconsultagean`),
  ADD KEY `consultagean_FKIndex1` (`pacientegean_idpacientegean`),
  ADD KEY `consultagean_FKIndex2` (`medicogean_idmedicogean`),
  ADD KEY `IFK_Rel_01` (`pacientegean_idpacientegean`),
  ADD KEY `IFK_Rel_02` (`medicogean_idmedicogean`);

--
-- Índices de tabela `consultaguilherme`
--
ALTER TABLE `consultaguilherme`
  ADD PRIMARY KEY (`idconsultaguilherme`),
  ADD KEY `consultaguilherme_FKIndex1` (`pacienteguilherme_idpacienteguilherme`),
  ADD KEY `consultaguilherme_FKIndex2` (`medicoguilherme_idmedicoguilherme`);

--
-- Índices de tabela `consultahigor`
--
ALTER TABLE `consultahigor`
  ADD PRIMARY KEY (`idconsultahigor`),
  ADD KEY `consultahigor_FKIndex1` (`pacientehigor_idpacientehigor`),
  ADD KEY `consultahigor_FKIndex2` (`medicohigor_idmedicohigor`);

--
-- Índices de tabela `consultajoao`
--
ALTER TABLE `consultajoao`
  ADD PRIMARY KEY (`idconsultajoao`),
  ADD KEY `consultaJoao_FKIndex1` (`pacientejoao_idpacientejoao`),
  ADD KEY `consultaJoao_FKIndex2` (`medicojoao_idmedicojoao`);

--
-- Índices de tabela `consultaluiza`
--
ALTER TABLE `consultaluiza`
  ADD PRIMARY KEY (`idconsultaluiza`),
  ADD KEY `consultaluiza_FKIndex1` (`pacienteluiza_idpacienteluiza`),
  ADD KEY `consultaluiza_FKIndex2` (`medicoluiza_idmedicoluiza`);

--
-- Índices de tabela `consultamiguel`
--
ALTER TABLE `consultamiguel`
  ADD PRIMARY KEY (`idconsultamiguel`),
  ADD KEY `consultamiguel_FKIndex1` (`pacientemiguel_idpacientemiguel`),
  ADD KEY `consultamiguel_FKIndex2` (`medicomiguel_idmedicomiguel`);

--
-- Índices de tabela `consultamiguel_has_sintomamiguel`
--
ALTER TABLE `consultamiguel_has_sintomamiguel`
  ADD PRIMARY KEY (`consultamiguel_idconsultamiguel`,`sintomamiguel_idsintomamiguel`),
  ADD KEY `consultamiguel_has_sintomamiguel_FKIndex1` (`consultamiguel_idconsultamiguel`),
  ADD KEY `consultamiguel_has_sintomamiguel_FKIndex2` (`sintomamiguel_idsintomamiguel`),
  ADD KEY `consultamiguel_has_sintomamiguel_FKIndex3` (`tratamentomiguel_idtratamentomiguel`);

--
-- Índices de tabela `consultanicolas`
--
ALTER TABLE `consultanicolas`
  ADD PRIMARY KEY (`idconsultanicolas`),
  ADD KEY `consultanicolas_FKIndex1` (`pacientenicolas_idpacientenicolas`),
  ADD KEY `consultanicolas_FKIndex2` (`mediconicolas_idmediconicolas`);

--
-- Índices de tabela `consultaotavio`
--
ALTER TABLE `consultaotavio`
  ADD PRIMARY KEY (`idconsultaotavio`),
  ADD KEY `consultaotavio_FKIndex1` (`pacienteotavio_idpacienteotavio`),
  ADD KEY `consultaotavio_FKIndex2` (`medicootavio_idmedicootavio`);

--
-- Índices de tabela `consultapedro`
--
ALTER TABLE `consultapedro`
  ADD PRIMARY KEY (`idconsultapedro`),
  ADD KEY `consultapedro_FKIndex1` (`pacientepedro_idpacientepedro`),
  ADD KEY `consultapedro_FKIndex2` (`medicopedro_idmedicopedro`);

--
-- Índices de tabela `consultapietro`
--
ALTER TABLE `consultapietro`
  ADD PRIMARY KEY (`idconsultapietro`),
  ADD KEY `consulta_FKIndex1` (`pacientepietropietro_idpacientepietro`),
  ADD KEY `consulta_FKIndex2` (`medicopietropietro_idmedicopietro`);

--
-- Índices de tabela `consultasarah`
--
ALTER TABLE `consultasarah`
  ADD PRIMARY KEY (`idconsultasarah`),
  ADD KEY `consultagabrieli_FKIndex1` (`pacientesarah_idpacientesarah`),
  ADD KEY `consultagabrieli_FKIndex2` (`medicosarah_idmedicosarah`);

--
-- Índices de tabela `consultastella`
--
ALTER TABLE `consultastella`
  ADD PRIMARY KEY (`idconsultastella`),
  ADD KEY `consultastella_FKIndex1` (`medicostella_idmedicostella`),
  ADD KEY `consultastella_FKIndex2` (`pacientestella_idpacientestella`);

--
-- Índices de tabela `consultatais`
--
ALTER TABLE `consultatais`
  ADD PRIMARY KEY (`idconsultatais`),
  ADD KEY `consultatais_FKIndex1` (`pacientetais_idpacientetais`),
  ADD KEY `consultatais_FKIndex2` (`medicotais_idmedicotais`);

--
-- Índices de tabela `consultavalentina`
--
ALTER TABLE `consultavalentina`
  ADD PRIMARY KEY (`idconsultavalentina`),
  ADD KEY `consultamiguel_FKIndex1` (`pacientevalentina_idpacientevalentina`),
  ADD KEY `consultamiguel_FKIndex2` (`medicovalentina_idmedicovalentina`),
  ADD KEY `fk_consulta_sintoma` (`sintomavalentina_idsintomavalentina`);

--
-- Índices de tabela `consultavinicius`
--
ALTER TABLE `consultavinicius`
  ADD PRIMARY KEY (`idconsultavinicius`),
  ADD KEY `consultavinicius_FKIndex1` (`pacientevinicius_idpacientevinicius`),
  ADD KEY `consultavinicius_FKIndex2` (`medicovinicius_idmedicovinicius`);

--
-- Índices de tabela `consultavitor`
--
ALTER TABLE `consultavitor`
  ADD PRIMARY KEY (`idconsultavitor`),
  ADD KEY `consultahigor_FKIndex1` (`pacientevitor_idpacientevitor`),
  ADD KEY `consultahigor_FKIndex2` (`medicovitor_idmedicovitor`);

--
-- Índices de tabela `consultayasmim`
--
ALTER TABLE `consultayasmim`
  ADD PRIMARY KEY (`idconsultayasmim`),
  ADD KEY `consultamiguel_FKIndex1` (`pacienteyasmim_idpacienteyasmim`),
  ADD KEY `consultayasmim_FKIndex2` (`medicoyasmim_idmedicoyasmim`);

--
-- Índices de tabela `leituralaura`
--
ALTER TABLE `leituralaura`
  ADD PRIMARY KEY (`idleituralaura`),
  ADD KEY `leituralaura_FKIndex1` (`aluno_idaluno`),
  ADD KEY `leituralaura_FKIndex2` (`mac_idmac`),
  ADD KEY `leituralaura_FKIndex3` (`sensor_idsensor`);

--
-- Índices de tabela `medicoalves`
--
ALTER TABLE `medicoalves`
  ADD PRIMARY KEY (`idmedicoalves`);

--
-- Índices de tabela `medicoamandha`
--
ALTER TABLE `medicoamandha`
  ADD PRIMARY KEY (`idmedicoamandha`);

--
-- Índices de tabela `medicoana`
--
ALTER TABLE `medicoana`
  ADD PRIMARY KEY (`idmedicoana`);

--
-- Índices de tabela `medicoarthur`
--
ALTER TABLE `medicoarthur`
  ADD PRIMARY KEY (`idmedicoarthur`);

--
-- Índices de tabela `medicodavi`
--
ALTER TABLE `medicodavi`
  ADD PRIMARY KEY (`idmedicodavi`);

--
-- Índices de tabela `medicodeidiani`
--
ALTER TABLE `medicodeidiani`
  ADD PRIMARY KEY (`idmedicodeidiani`);

--
-- Índices de tabela `medicoeduardo`
--
ALTER TABLE `medicoeduardo`
  ADD PRIMARY KEY (`idmedicoeduardo`);

--
-- Índices de tabela `medicoenzo`
--
ALTER TABLE `medicoenzo`
  ADD PRIMARY KEY (`idmedicoenzo`);

--
-- Índices de tabela `medicofelipe`
--
ALTER TABLE `medicofelipe`
  ADD PRIMARY KEY (`idmedicofelipe`);

--
-- Índices de tabela `medicogabrieli`
--
ALTER TABLE `medicogabrieli`
  ADD PRIMARY KEY (`idmedicogabrieli`);

--
-- Índices de tabela `medicogean`
--
ALTER TABLE `medicogean`
  ADD PRIMARY KEY (`idmedicogean`);

--
-- Índices de tabela `medicoguilherme`
--
ALTER TABLE `medicoguilherme`
  ADD PRIMARY KEY (`idmedicoguilherme`);

--
-- Índices de tabela `medicohigor`
--
ALTER TABLE `medicohigor`
  ADD PRIMARY KEY (`idmedicohigor`);

--
-- Índices de tabela `medicojoao`
--
ALTER TABLE `medicojoao`
  ADD PRIMARY KEY (`idmedicojoao`);

--
-- Índices de tabela `medicoluiza`
--
ALTER TABLE `medicoluiza`
  ADD PRIMARY KEY (`idmedicoluiza`);

--
-- Índices de tabela `medicomiguel`
--
ALTER TABLE `medicomiguel`
  ADD PRIMARY KEY (`idmedicomiguel`);

--
-- Índices de tabela `mediconicolas`
--
ALTER TABLE `mediconicolas`
  ADD PRIMARY KEY (`idmediconicolas`);

--
-- Índices de tabela `medicootavio`
--
ALTER TABLE `medicootavio`
  ADD PRIMARY KEY (`idmedicootavio`);

--
-- Índices de tabela `medicopedro`
--
ALTER TABLE `medicopedro`
  ADD PRIMARY KEY (`idmedicopedro`);

--
-- Índices de tabela `medicopietro`
--
ALTER TABLE `medicopietro`
  ADD PRIMARY KEY (`idmedicopietro`);

--
-- Índices de tabela `medicosarah`
--
ALTER TABLE `medicosarah`
  ADD PRIMARY KEY (`idmedicosarah`);

--
-- Índices de tabela `medicostella`
--
ALTER TABLE `medicostella`
  ADD PRIMARY KEY (`idmedicostella`);

--
-- Índices de tabela `medicotais`
--
ALTER TABLE `medicotais`
  ADD PRIMARY KEY (`idmedicotais`);

--
-- Índices de tabela `medicovalentina`
--
ALTER TABLE `medicovalentina`
  ADD PRIMARY KEY (`idmedicovalentina`);

--
-- Índices de tabela `medicovinicius`
--
ALTER TABLE `medicovinicius`
  ADD PRIMARY KEY (`idmedicovinicius`);

--
-- Índices de tabela `medicovitor`
--
ALTER TABLE `medicovitor`
  ADD PRIMARY KEY (`idmedicovitor`);

--
-- Índices de tabela `medicoyasmim`
--
ALTER TABLE `medicoyasmim`
  ADD PRIMARY KEY (`idmedicoyasmim`);

--
-- Índices de tabela `pacientealves`
--
ALTER TABLE `pacientealves`
  ADD PRIMARY KEY (`idpacientealves`);

--
-- Índices de tabela `pacienteamandha`
--
ALTER TABLE `pacienteamandha`
  ADD PRIMARY KEY (`idpacienteamandha`);

--
-- Índices de tabela `pacienteana`
--
ALTER TABLE `pacienteana`
  ADD PRIMARY KEY (`idpacienteana`);

--
-- Índices de tabela `pacientearthur`
--
ALTER TABLE `pacientearthur`
  ADD PRIMARY KEY (`idpacientearthur`);

--
-- Índices de tabela `pacientedavi`
--
ALTER TABLE `pacientedavi`
  ADD PRIMARY KEY (`idpacientedavi`);

--
-- Índices de tabela `pacientedeidiani`
--
ALTER TABLE `pacientedeidiani`
  ADD PRIMARY KEY (`idpacientedeidiani`);

--
-- Índices de tabela `pacienteeduardo`
--
ALTER TABLE `pacienteeduardo`
  ADD PRIMARY KEY (`idpacienteeduardo`);

--
-- Índices de tabela `pacienteenzo`
--
ALTER TABLE `pacienteenzo`
  ADD PRIMARY KEY (`idpacienteenzo`);

--
-- Índices de tabela `pacientefelipe`
--
ALTER TABLE `pacientefelipe`
  ADD PRIMARY KEY (`idpacientefelipe`);

--
-- Índices de tabela `pacientegabrieli`
--
ALTER TABLE `pacientegabrieli`
  ADD PRIMARY KEY (`idpacientegabrieli`);

--
-- Índices de tabela `pacientegean`
--
ALTER TABLE `pacientegean`
  ADD PRIMARY KEY (`idpacientegean`);

--
-- Índices de tabela `pacienteguilherme`
--
ALTER TABLE `pacienteguilherme`
  ADD PRIMARY KEY (`idpacienteguilherme`);

--
-- Índices de tabela `pacientehigor`
--
ALTER TABLE `pacientehigor`
  ADD PRIMARY KEY (`idpacientehigor`);

--
-- Índices de tabela `pacientejoao`
--
ALTER TABLE `pacientejoao`
  ADD PRIMARY KEY (`idpaciente`);

--
-- Índices de tabela `pacienteluiza`
--
ALTER TABLE `pacienteluiza`
  ADD PRIMARY KEY (`idpacienteluiza`);

--
-- Índices de tabela `pacientemiguel`
--
ALTER TABLE `pacientemiguel`
  ADD PRIMARY KEY (`idpacientemiguel`);

--
-- Índices de tabela `pacientenicolas`
--
ALTER TABLE `pacientenicolas`
  ADD PRIMARY KEY (`idpacientenicolas`);

--
-- Índices de tabela `pacienteotavio`
--
ALTER TABLE `pacienteotavio`
  ADD PRIMARY KEY (`idpacienteotavio`);

--
-- Índices de tabela `pacientepedro`
--
ALTER TABLE `pacientepedro`
  ADD PRIMARY KEY (`idpacientepedro`);

--
-- Índices de tabela `pacientepietro`
--
ALTER TABLE `pacientepietro`
  ADD PRIMARY KEY (`idpacientepietro`);

--
-- Índices de tabela `pacientesarah`
--
ALTER TABLE `pacientesarah`
  ADD PRIMARY KEY (`idpacientesarah`);

--
-- Índices de tabela `pacientestella`
--
ALTER TABLE `pacientestella`
  ADD PRIMARY KEY (`idpacientestella`);

--
-- Índices de tabela `pacientetais`
--
ALTER TABLE `pacientetais`
  ADD PRIMARY KEY (`idpacientetais`);

--
-- Índices de tabela `pacientevalentina`
--
ALTER TABLE `pacientevalentina`
  ADD PRIMARY KEY (`idpacientevalentina`);

--
-- Índices de tabela `pacientevinicius`
--
ALTER TABLE `pacientevinicius`
  ADD PRIMARY KEY (`idpacientevinicius`);

--
-- Índices de tabela `pacientevitor`
--
ALTER TABLE `pacientevitor`
  ADD PRIMARY KEY (`idpacientevitor`);

--
-- Índices de tabela `pacienteyasmim`
--
ALTER TABLE `pacienteyasmim`
  ADD PRIMARY KEY (`idpacienteyasmim`);

--
-- Índices de tabela `sintomaalves`
--
ALTER TABLE `sintomaalves`
  ADD PRIMARY KEY (`idsintomaalves`);

--
-- Índices de tabela `sintomaamandha`
--
ALTER TABLE `sintomaamandha`
  ADD PRIMARY KEY (`issintomaamandha`);

--
-- Índices de tabela `sintomaana`
--
ALTER TABLE `sintomaana`
  ADD PRIMARY KEY (`idsintomaana`);

--
-- Índices de tabela `sintomaarthur`
--
ALTER TABLE `sintomaarthur`
  ADD PRIMARY KEY (`idsintomaarthur`);

--
-- Índices de tabela `sintomadavi`
--
ALTER TABLE `sintomadavi`
  ADD PRIMARY KEY (`idsintomadavi`);

--
-- Índices de tabela `sintomadeidiani`
--
ALTER TABLE `sintomadeidiani`
  ADD PRIMARY KEY (`idsintomadeidiani`);

--
-- Índices de tabela `sintomaeduardo`
--
ALTER TABLE `sintomaeduardo`
  ADD PRIMARY KEY (`idsintomaeduardo`);

--
-- Índices de tabela `sintomaenzo`
--
ALTER TABLE `sintomaenzo`
  ADD PRIMARY KEY (`idsintomaenzo`);

--
-- Índices de tabela `sintomagabrieli`
--
ALTER TABLE `sintomagabrieli`
  ADD PRIMARY KEY (`idsintomagabrieli`);

--
-- Índices de tabela `sintomagean`
--
ALTER TABLE `sintomagean`
  ADD PRIMARY KEY (`idsintomagean`);

--
-- Índices de tabela `sintomaguilherme`
--
ALTER TABLE `sintomaguilherme`
  ADD PRIMARY KEY (`idsintomaguilherme`);

--
-- Índices de tabela `sintomahigor`
--
ALTER TABLE `sintomahigor`
  ADD PRIMARY KEY (`idsintomahigor`);

--
-- Índices de tabela `sintomaluiza`
--
ALTER TABLE `sintomaluiza`
  ADD PRIMARY KEY (`idsintomaluiza`);

--
-- Índices de tabela `sintomamiguel`
--
ALTER TABLE `sintomamiguel`
  ADD PRIMARY KEY (`idsintomamiguel`);

--
-- Índices de tabela `sintomanicolas`
--
ALTER TABLE `sintomanicolas`
  ADD PRIMARY KEY (`idsintomanicolas`);

--
-- Índices de tabela `sintomaotavio`
--
ALTER TABLE `sintomaotavio`
  ADD PRIMARY KEY (`idsintomaotavio`);

--
-- Índices de tabela `sintomapedro`
--
ALTER TABLE `sintomapedro`
  ADD PRIMARY KEY (`idsintomapedro`);

--
-- Índices de tabela `sintomasarah`
--
ALTER TABLE `sintomasarah`
  ADD PRIMARY KEY (`idsintomasarah`);

--
-- Índices de tabela `sintomasfelipe`
--
ALTER TABLE `sintomasfelipe`
  ADD PRIMARY KEY (`idsintomasfelipe`);

--
-- Índices de tabela `sintomasjoao`
--
ALTER TABLE `sintomasjoao`
  ADD PRIMARY KEY (`idsintomasjoao`);

--
-- Índices de tabela `sintomaspietro`
--
ALTER TABLE `sintomaspietro`
  ADD PRIMARY KEY (`idsintomaspietro`);

--
-- Índices de tabela `sintomastella`
--
ALTER TABLE `sintomastella`
  ADD PRIMARY KEY (`idsintomastella`);

--
-- Índices de tabela `sintomatais`
--
ALTER TABLE `sintomatais`
  ADD PRIMARY KEY (`idsintomatais`);

--
-- Índices de tabela `sintomavalentina`
--
ALTER TABLE `sintomavalentina`
  ADD PRIMARY KEY (`idsintomavalentina`);

--
-- Índices de tabela `sintomavinicius`
--
ALTER TABLE `sintomavinicius`
  ADD PRIMARY KEY (`idsintomavinicius`);

--
-- Índices de tabela `sintomavitor`
--
ALTER TABLE `sintomavitor`
  ADD PRIMARY KEY (`idsintomavitor`);

--
-- Índices de tabela `sintomayasmim`
--
ALTER TABLE `sintomayasmim`
  ADD PRIMARY KEY (`idsintomayasmim`);

--
-- Índices de tabela `tratamentoalves`
--
ALTER TABLE `tratamentoalves`
  ADD PRIMARY KEY (`idtratamentoalves`);

--
-- Índices de tabela `tratamentoamandha`
--
ALTER TABLE `tratamentoamandha`
  ADD PRIMARY KEY (`idtratamentoamandha`);

--
-- Índices de tabela `tratamentoana`
--
ALTER TABLE `tratamentoana`
  ADD PRIMARY KEY (`idtratamentoana`);

--
-- Índices de tabela `tratamentoarthur`
--
ALTER TABLE `tratamentoarthur`
  ADD PRIMARY KEY (`idtratamentoarthur`);

--
-- Índices de tabela `tratamentodavi`
--
ALTER TABLE `tratamentodavi`
  ADD PRIMARY KEY (`idtratamentodavi`);

--
-- Índices de tabela `tratamentodeidiani`
--
ALTER TABLE `tratamentodeidiani`
  ADD PRIMARY KEY (`idtratamentodeidiani`);

--
-- Índices de tabela `tratamentoeduardo`
--
ALTER TABLE `tratamentoeduardo`
  ADD PRIMARY KEY (`idtratamentoeduardo`);

--
-- Índices de tabela `tratamentoenzo`
--
ALTER TABLE `tratamentoenzo`
  ADD PRIMARY KEY (`idtratamentoenzo`);

--
-- Índices de tabela `tratamentofelipe`
--
ALTER TABLE `tratamentofelipe`
  ADD PRIMARY KEY (`idtratamentofelipe`);

--
-- Índices de tabela `tratamentogabrieli`
--
ALTER TABLE `tratamentogabrieli`
  ADD PRIMARY KEY (`idtratamentogabrieli`);

--
-- Índices de tabela `tratamentogean`
--
ALTER TABLE `tratamentogean`
  ADD PRIMARY KEY (`idtratamentogean`);

--
-- Índices de tabela `tratamentoguilherme`
--
ALTER TABLE `tratamentoguilherme`
  ADD PRIMARY KEY (`idtratamentoguilherme`);

--
-- Índices de tabela `tratamentohigor`
--
ALTER TABLE `tratamentohigor`
  ADD PRIMARY KEY (`idtratamentohigor`);

--
-- Índices de tabela `tratamentojoao`
--
ALTER TABLE `tratamentojoao`
  ADD PRIMARY KEY (`idtratamentojoao`);

--
-- Índices de tabela `tratamentoluiza`
--
ALTER TABLE `tratamentoluiza`
  ADD PRIMARY KEY (`idtratamentoluiza`);

--
-- Índices de tabela `tratamentomiguel`
--
ALTER TABLE `tratamentomiguel`
  ADD PRIMARY KEY (`idtratamentomiguel`);

--
-- Índices de tabela `tratamentonicolas`
--
ALTER TABLE `tratamentonicolas`
  ADD PRIMARY KEY (`idtratamentonicolas`);

--
-- Índices de tabela `tratamentootavio`
--
ALTER TABLE `tratamentootavio`
  ADD PRIMARY KEY (`idtratamentootavio`);

--
-- Índices de tabela `tratamentopedro`
--
ALTER TABLE `tratamentopedro`
  ADD PRIMARY KEY (`idtratamentopedro`);

--
-- Índices de tabela `tratamentopietro`
--
ALTER TABLE `tratamentopietro`
  ADD PRIMARY KEY (`idtratamentopietro`);

--
-- Índices de tabela `tratamentosarah`
--
ALTER TABLE `tratamentosarah`
  ADD PRIMARY KEY (`idtratamentosarah`);

--
-- Índices de tabela `tratamentostella`
--
ALTER TABLE `tratamentostella`
  ADD PRIMARY KEY (`idtratamentostella`);

--
-- Índices de tabela `tratamentotais`
--
ALTER TABLE `tratamentotais`
  ADD PRIMARY KEY (`idtratamentotais`);

--
-- Índices de tabela `tratamentovalentina`
--
ALTER TABLE `tratamentovalentina`
  ADD PRIMARY KEY (`idtratamentovalentina`);

--
-- Índices de tabela `tratamentovinicius`
--
ALTER TABLE `tratamentovinicius`
  ADD PRIMARY KEY (`idtratamentovinicius`);

--
-- Índices de tabela `tratamentovitor`
--
ALTER TABLE `tratamentovitor`
  ADD PRIMARY KEY (`idtratamentovitor`);

--
-- Índices de tabela `tratamentoyasmim`
--
ALTER TABLE `tratamentoyasmim`
  ADD PRIMARY KEY (`idtratamentoyasmim`);

--
-- AUTO_INCREMENT para tabelas despejadas
--

--
-- AUTO_INCREMENT de tabela `casjoao`
--
ALTER TABLE `casjoao`
  MODIFY `idcasjoao` int(10) UNSIGNED NOT NULL AUTO_INCREMENT, AUTO_INCREMENT=6;

--
-- AUTO_INCREMENT de tabela `castalves`
--
ALTER TABLE `castalves`
  MODIFY `idcastalves` int(10) UNSIGNED NOT NULL AUTO_INCREMENT, AUTO_INCREMENT=9;

--
-- AUTO_INCREMENT de tabela `castamandha`
--
ALTER TABLE `castamandha`
  MODIFY `idcastamandha` int(10) UNSIGNED NOT NULL AUTO_INCREMENT, AUTO_INCREMENT=2;

--
-- AUTO_INCREMENT de tabela `castana`
--
ALTER TABLE `castana`
  MODIFY `id_castana` int(10) UNSIGNED NOT NULL AUTO_INCREMENT, AUTO_INCREMENT=9;

--
-- AUTO_INCREMENT de tabela `castarthur`
--
ALTER TABLE `castarthur`
  MODIFY `idcasarthur` int(10) UNSIGNED NOT NULL AUTO_INCREMENT, AUTO_INCREMENT=9;

--
-- AUTO_INCREMENT de tabela `castdeidiani`
--
ALTER TABLE `castdeidiani`
  MODIFY `idcastdeidiani` int(10) UNSIGNED NOT NULL AUTO_INCREMENT;

--
-- AUTO_INCREMENT de tabela `casteduardo`
--
ALTER TABLE `casteduardo`
  MODIFY `idcasteduardo` int(10) UNSIGNED NOT NULL AUTO_INCREMENT, AUTO_INCREMENT=12;

--
-- AUTO_INCREMENT de tabela `castenzo`
--
ALTER TABLE `castenzo`
  MODIFY `idcastenzo` int(10) UNSIGNED NOT NULL AUTO_INCREMENT, AUTO_INCREMENT=24;

--
-- AUTO_INCREMENT de tabela `castfelipe`
--
ALTER TABLE `castfelipe`
  MODIFY `idcastfelipe` int(10) UNSIGNED NOT NULL AUTO_INCREMENT, AUTO_INCREMENT=11;

--
-- AUTO_INCREMENT de tabela `castgabrieli`
--
ALTER TABLE `castgabrieli`
  MODIFY `idcastgabrieli` int(10) UNSIGNED NOT NULL AUTO_INCREMENT, AUTO_INCREMENT=8;

--
-- AUTO_INCREMENT de tabela `castguilherme`
--
ALTER TABLE `castguilherme`
  MODIFY `idcastguilherme` int(10) UNSIGNED NOT NULL AUTO_INCREMENT, AUTO_INCREMENT=14;

--
-- AUTO_INCREMENT de tabela `casthigor`
--
ALTER TABLE `casthigor`
  MODIFY `idcasthigor` int(10) UNSIGNED NOT NULL AUTO_INCREMENT, AUTO_INCREMENT=6;

--
-- AUTO_INCREMENT de tabela `castluiza`
--
ALTER TABLE `castluiza`
  MODIFY `idcastluiza` int(10) UNSIGNED NOT NULL AUTO_INCREMENT, AUTO_INCREMENT=10;

--
-- AUTO_INCREMENT de tabela `castmiguel`
--
ALTER TABLE `castmiguel`
  MODIFY `idcastmiguel` int(10) UNSIGNED NOT NULL AUTO_INCREMENT, AUTO_INCREMENT=7;

--
-- AUTO_INCREMENT de tabela `castnicolas`
--
ALTER TABLE `castnicolas`
  MODIFY `idcastnicolas` int(10) UNSIGNED NOT NULL AUTO_INCREMENT, AUTO_INCREMENT=10;

--
-- AUTO_INCREMENT de tabela `castotavio`
--
ALTER TABLE `castotavio`
  MODIFY `idcastotavio` int(10) UNSIGNED NOT NULL AUTO_INCREMENT, AUTO_INCREMENT=3;

--
-- AUTO_INCREMENT de tabela `castpedro`
--
ALTER TABLE `castpedro`
  MODIFY `idcastpedro` int(10) UNSIGNED NOT NULL AUTO_INCREMENT, AUTO_INCREMENT=9;

--
-- AUTO_INCREMENT de tabela `castpietro`
--
ALTER TABLE `castpietro`
  MODIFY `idcastpietro` int(10) UNSIGNED NOT NULL AUTO_INCREMENT, AUTO_INCREMENT=10;

--
-- AUTO_INCREMENT de tabela `castsarah`
--
ALTER TABLE `castsarah`
  MODIFY `idcastsarah` int(10) UNSIGNED NOT NULL AUTO_INCREMENT, AUTO_INCREMENT=9;

--
-- AUTO_INCREMENT de tabela `caststella`
--
ALTER TABLE `caststella`
  MODIFY `idcaststella` int(10) UNSIGNED NOT NULL AUTO_INCREMENT, AUTO_INCREMENT=17;

--
-- AUTO_INCREMENT de tabela `casttais`
--
ALTER TABLE `casttais`
  MODIFY `idcasttais` int(10) UNSIGNED NOT NULL AUTO_INCREMENT, AUTO_INCREMENT=9;

--
-- AUTO_INCREMENT de tabela `castvalentina`
--
ALTER TABLE `castvalentina`
  MODIFY `idcastvalentina` int(10) UNSIGNED NOT NULL AUTO_INCREMENT, AUTO_INCREMENT=4;

--
-- AUTO_INCREMENT de tabela `castvinicius`
--
ALTER TABLE `castvinicius`
  MODIFY `idcastvinicius` int(10) UNSIGNED NOT NULL AUTO_INCREMENT, AUTO_INCREMENT=16;

--
-- AUTO_INCREMENT de tabela `castvitor`
--
ALTER TABLE `castvitor`
  MODIFY `idcastvitor` int(10) UNSIGNED NOT NULL AUTO_INCREMENT, AUTO_INCREMENT=7;

--
-- AUTO_INCREMENT de tabela `castyasmim`
--
ALTER TABLE `castyasmim`
  MODIFY `idcastyasmim` int(10) UNSIGNED NOT NULL AUTO_INCREMENT, AUTO_INCREMENT=10;

--
-- AUTO_INCREMENT de tabela `consultaalves`
--
ALTER TABLE `consultaalves`
  MODIFY `idconsultaalves` int(10) UNSIGNED NOT NULL AUTO_INCREMENT, AUTO_INCREMENT=7;

--
-- AUTO_INCREMENT de tabela `consultaamandha`
--
ALTER TABLE `consultaamandha`
  MODIFY `idconsultamandha` int(10) UNSIGNED NOT NULL AUTO_INCREMENT, AUTO_INCREMENT=2;

--
-- AUTO_INCREMENT de tabela `consultaana`
--
ALTER TABLE `consultaana`
  MODIFY `idconsultaana` int(10) UNSIGNED NOT NULL AUTO_INCREMENT, AUTO_INCREMENT=7;

--
-- AUTO_INCREMENT de tabela `consultaarthur`
--
ALTER TABLE `consultaarthur`
  MODIFY `idconsultaarthur` int(10) UNSIGNED NOT NULL AUTO_INCREMENT, AUTO_INCREMENT=7;

--
-- AUTO_INCREMENT de tabela `consultadeidiani`
--
ALTER TABLE `consultadeidiani`
  MODIFY `idconsultadeidiani` int(10) UNSIGNED NOT NULL AUTO_INCREMENT, AUTO_INCREMENT=3;

--
-- AUTO_INCREMENT de tabela `consultaeduardo`
--
ALTER TABLE `consultaeduardo`
  MODIFY `idconsultaeduardo` int(10) UNSIGNED NOT NULL AUTO_INCREMENT, AUTO_INCREMENT=9;

--
-- AUTO_INCREMENT de tabela `consultaenzo`
--
ALTER TABLE `consultaenzo`
  MODIFY `idconsultaenzo` int(10) UNSIGNED NOT NULL AUTO_INCREMENT, AUTO_INCREMENT=16;

--
-- AUTO_INCREMENT de tabela `consultafelipe`
--
ALTER TABLE `consultafelipe`
  MODIFY `idconsultafelipe` int(10) UNSIGNED NOT NULL AUTO_INCREMENT, AUTO_INCREMENT=6;

--
-- AUTO_INCREMENT de tabela `consultagabrieli`
--
ALTER TABLE `consultagabrieli`
  MODIFY `idconsultagabrieli` int(10) UNSIGNED NOT NULL AUTO_INCREMENT, AUTO_INCREMENT=7;

--
-- AUTO_INCREMENT de tabela `consultaguilherme`
--
ALTER TABLE `consultaguilherme`
  MODIFY `idconsultaguilherme` int(10) UNSIGNED NOT NULL AUTO_INCREMENT, AUTO_INCREMENT=7;

--
-- AUTO_INCREMENT de tabela `consultahigor`
--
ALTER TABLE `consultahigor`
  MODIFY `idconsultahigor` int(10) UNSIGNED NOT NULL AUTO_INCREMENT, AUTO_INCREMENT=6;

--
-- AUTO_INCREMENT de tabela `consultajoao`
--
ALTER TABLE `consultajoao`
  MODIFY `idconsultajoao` int(10) UNSIGNED NOT NULL AUTO_INCREMENT, AUTO_INCREMENT=5;

--
-- AUTO_INCREMENT de tabela `consultaluiza`
--
ALTER TABLE `consultaluiza`
  MODIFY `idconsultaluiza` int(10) UNSIGNED NOT NULL AUTO_INCREMENT, AUTO_INCREMENT=7;

--
-- AUTO_INCREMENT de tabela `consultamiguel`
--
ALTER TABLE `consultamiguel`
  MODIFY `idconsultamiguel` int(10) UNSIGNED NOT NULL AUTO_INCREMENT, AUTO_INCREMENT=12;

--
-- AUTO_INCREMENT de tabela `consultanicolas`
--
ALTER TABLE `consultanicolas`
  MODIFY `idconsultanicolas` int(10) UNSIGNED NOT NULL AUTO_INCREMENT, AUTO_INCREMENT=9;

--
-- AUTO_INCREMENT de tabela `consultaotavio`
--
ALTER TABLE `consultaotavio`
  MODIFY `idconsultaotavio` int(10) UNSIGNED NOT NULL AUTO_INCREMENT, AUTO_INCREMENT=2;

--
-- AUTO_INCREMENT de tabela `consultapedro`
--
ALTER TABLE `consultapedro`
  MODIFY `idconsultapedro` int(10) UNSIGNED NOT NULL AUTO_INCREMENT, AUTO_INCREMENT=9;

--
-- AUTO_INCREMENT de tabela `consultapietro`
--
ALTER TABLE `consultapietro`
  MODIFY `idconsultapietro` int(10) UNSIGNED NOT NULL AUTO_INCREMENT, AUTO_INCREMENT=7;

--
-- AUTO_INCREMENT de tabela `consultasarah`
--
ALTER TABLE `consultasarah`
  MODIFY `idconsultasarah` int(10) UNSIGNED NOT NULL AUTO_INCREMENT, AUTO_INCREMENT=8;

--
-- AUTO_INCREMENT de tabela `consultastella`
--
ALTER TABLE `consultastella`
  MODIFY `idconsultastella` int(10) UNSIGNED NOT NULL AUTO_INCREMENT, AUTO_INCREMENT=9;

--
-- AUTO_INCREMENT de tabela `consultatais`
--
ALTER TABLE `consultatais`
  MODIFY `idconsultatais` int(10) UNSIGNED NOT NULL AUTO_INCREMENT, AUTO_INCREMENT=7;

--
-- AUTO_INCREMENT de tabela `consultavalentina`
--
ALTER TABLE `consultavalentina`
  MODIFY `idconsultavalentina` int(10) UNSIGNED NOT NULL AUTO_INCREMENT, AUTO_INCREMENT=10;

--
-- AUTO_INCREMENT de tabela `consultavinicius`
--
ALTER TABLE `consultavinicius`
  MODIFY `idconsultavinicius` int(10) UNSIGNED NOT NULL AUTO_INCREMENT, AUTO_INCREMENT=8;

--
-- AUTO_INCREMENT de tabela `consultavitor`
--
ALTER TABLE `consultavitor`
  MODIFY `idconsultavitor` int(10) UNSIGNED NOT NULL AUTO_INCREMENT, AUTO_INCREMENT=6;

--
-- AUTO_INCREMENT de tabela `consultayasmim`
--
ALTER TABLE `consultayasmim`
  MODIFY `idconsultayasmim` int(10) UNSIGNED NOT NULL AUTO_INCREMENT, AUTO_INCREMENT=7;

--
-- AUTO_INCREMENT de tabela `leituralaura`
--
ALTER TABLE `leituralaura`
  MODIFY `idleituralaura` int(10) UNSIGNED NOT NULL AUTO_INCREMENT, AUTO_INCREMENT=13;

--
-- AUTO_INCREMENT de tabela `medicoalves`
--
ALTER TABLE `medicoalves`
  MODIFY `idmedicoalves` int(10) UNSIGNED NOT NULL AUTO_INCREMENT, AUTO_INCREMENT=4;

--
-- AUTO_INCREMENT de tabela `medicoamandha`
--
ALTER TABLE `medicoamandha`
  MODIFY `idmedicoamandha` int(10) UNSIGNED NOT NULL AUTO_INCREMENT, AUTO_INCREMENT=3;

--
-- AUTO_INCREMENT de tabela `medicoana`
--
ALTER TABLE `medicoana`
  MODIFY `idmedicoana` int(10) UNSIGNED NOT NULL AUTO_INCREMENT, AUTO_INCREMENT=5;

--
-- AUTO_INCREMENT de tabela `medicoarthur`
--
ALTER TABLE `medicoarthur`
  MODIFY `idmedicoarthur` int(10) UNSIGNED NOT NULL AUTO_INCREMENT, AUTO_INCREMENT=6;

--
-- AUTO_INCREMENT de tabela `medicodeidiani`
--
ALTER TABLE `medicodeidiani`
  MODIFY `idmedicodeidiani` int(10) UNSIGNED NOT NULL AUTO_INCREMENT, AUTO_INCREMENT=2;

--
-- AUTO_INCREMENT de tabela `medicoeduardo`
--
ALTER TABLE `medicoeduardo`
  MODIFY `idmedicoeduardo` int(10) UNSIGNED NOT NULL AUTO_INCREMENT, AUTO_INCREMENT=4;

--
-- AUTO_INCREMENT de tabela `medicoenzo`
--
ALTER TABLE `medicoenzo`
  MODIFY `idmedicoenzo` int(10) UNSIGNED NOT NULL AUTO_INCREMENT, AUTO_INCREMENT=13;

--
-- AUTO_INCREMENT de tabela `medicofelipe`
--
ALTER TABLE `medicofelipe`
  MODIFY `idmedicofelipe` int(10) UNSIGNED NOT NULL AUTO_INCREMENT, AUTO_INCREMENT=4;

--
-- AUTO_INCREMENT de tabela `medicogabrieli`
--
ALTER TABLE `medicogabrieli`
  MODIFY `idmedicogabrieli` int(10) UNSIGNED NOT NULL AUTO_INCREMENT, AUTO_INCREMENT=3;

--
-- AUTO_INCREMENT de tabela `medicoguilherme`
--
ALTER TABLE `medicoguilherme`
  MODIFY `idmedicoguilherme` int(10) UNSIGNED NOT NULL AUTO_INCREMENT, AUTO_INCREMENT=3;

--
-- AUTO_INCREMENT de tabela `medicohigor`
--
ALTER TABLE `medicohigor`
  MODIFY `idmedicohigor` int(10) UNSIGNED NOT NULL AUTO_INCREMENT, AUTO_INCREMENT=3;

--
-- AUTO_INCREMENT de tabela `medicojoao`
--
ALTER TABLE `medicojoao`
  MODIFY `idmedicojoao` int(10) UNSIGNED NOT NULL AUTO_INCREMENT, AUTO_INCREMENT=5;

--
-- AUTO_INCREMENT de tabela `medicoluiza`
--
ALTER TABLE `medicoluiza`
  MODIFY `idmedicoluiza` int(10) UNSIGNED ZEROFILL NOT NULL AUTO_INCREMENT, AUTO_INCREMENT=6;

--
-- AUTO_INCREMENT de tabela `medicomiguel`
--
ALTER TABLE `medicomiguel`
  MODIFY `idmedicomiguel` int(10) UNSIGNED NOT NULL AUTO_INCREMENT, AUTO_INCREMENT=4;

--
-- AUTO_INCREMENT de tabela `mediconicolas`
--
ALTER TABLE `mediconicolas`
  MODIFY `idmediconicolas` int(10) UNSIGNED NOT NULL AUTO_INCREMENT, AUTO_INCREMENT=4;

--
-- AUTO_INCREMENT de tabela `medicootavio`
--
ALTER TABLE `medicootavio`
  MODIFY `idmedicootavio` int(10) UNSIGNED NOT NULL AUTO_INCREMENT, AUTO_INCREMENT=3;

--
-- AUTO_INCREMENT de tabela `medicopedro`
--
ALTER TABLE `medicopedro`
  MODIFY `idmedicopedro` int(10) UNSIGNED NOT NULL AUTO_INCREMENT, AUTO_INCREMENT=10;

--
-- AUTO_INCREMENT de tabela `medicopietro`
--
ALTER TABLE `medicopietro`
  MODIFY `idmedicopietro` int(10) UNSIGNED NOT NULL AUTO_INCREMENT, AUTO_INCREMENT=3;

--
-- AUTO_INCREMENT de tabela `medicosarah`
--
ALTER TABLE `medicosarah`
  MODIFY `idmedicosarah` int(10) UNSIGNED NOT NULL AUTO_INCREMENT, AUTO_INCREMENT=4;

--
-- AUTO_INCREMENT de tabela `medicostella`
--
ALTER TABLE `medicostella`
  MODIFY `idmedicostella` int(10) UNSIGNED NOT NULL AUTO_INCREMENT, AUTO_INCREMENT=4;

--
-- AUTO_INCREMENT de tabela `medicotais`
--
ALTER TABLE `medicotais`
  MODIFY `idmedicotais` int(10) UNSIGNED NOT NULL AUTO_INCREMENT, AUTO_INCREMENT=6;

--
-- AUTO_INCREMENT de tabela `medicovalentina`
--
ALTER TABLE `medicovalentina`
  MODIFY `idmedicovalentina` int(10) UNSIGNED NOT NULL AUTO_INCREMENT, AUTO_INCREMENT=6;

--
-- AUTO_INCREMENT de tabela `medicovinicius`
--
ALTER TABLE `medicovinicius`
  MODIFY `idmedicovinicius` int(10) UNSIGNED NOT NULL AUTO_INCREMENT, AUTO_INCREMENT=5;

--
-- AUTO_INCREMENT de tabela `medicovitor`
--
ALTER TABLE `medicovitor`
  MODIFY `idmedicovitor` int(10) UNSIGNED NOT NULL AUTO_INCREMENT, AUTO_INCREMENT=3;

--
-- AUTO_INCREMENT de tabela `medicoyasmim`
--
ALTER TABLE `medicoyasmim`
  MODIFY `idmedicoyasmim` int(10) UNSIGNED NOT NULL AUTO_INCREMENT, AUTO_INCREMENT=3;

--
-- AUTO_INCREMENT de tabela `pacientealves`
--
ALTER TABLE `pacientealves`
  MODIFY `idpacientealves` int(10) UNSIGNED NOT NULL AUTO_INCREMENT, AUTO_INCREMENT=10;

--
-- AUTO_INCREMENT de tabela `pacienteamandha`
--
ALTER TABLE `pacienteamandha`
  MODIFY `idpacienteamandha` int(10) UNSIGNED NOT NULL AUTO_INCREMENT, AUTO_INCREMENT=12;

--
-- AUTO_INCREMENT de tabela `pacienteana`
--
ALTER TABLE `pacienteana`
  MODIFY `idpacienteana` int(10) UNSIGNED NOT NULL AUTO_INCREMENT, AUTO_INCREMENT=11;

--
-- AUTO_INCREMENT de tabela `pacientearthur`
--
ALTER TABLE `pacientearthur`
  MODIFY `idpacientearthur` int(10) UNSIGNED NOT NULL AUTO_INCREMENT, AUTO_INCREMENT=13;

--
-- AUTO_INCREMENT de tabela `pacientedeidiani`
--
ALTER TABLE `pacientedeidiani`
  MODIFY `idpacientedeidiani` int(10) UNSIGNED NOT NULL AUTO_INCREMENT, AUTO_INCREMENT=2;

--
-- AUTO_INCREMENT de tabela `pacienteeduardo`
--
ALTER TABLE `pacienteeduardo`
  MODIFY `idpacienteeduardo` int(10) UNSIGNED NOT NULL AUTO_INCREMENT, AUTO_INCREMENT=12;

--
-- AUTO_INCREMENT de tabela `pacienteenzo`
--
ALTER TABLE `pacienteenzo`
  MODIFY `idpacienteenzo` int(10) UNSIGNED NOT NULL AUTO_INCREMENT, AUTO_INCREMENT=14;

--
-- AUTO_INCREMENT de tabela `pacientefelipe`
--
ALTER TABLE `pacientefelipe`
  MODIFY `idpacientefelipe` int(10) UNSIGNED NOT NULL AUTO_INCREMENT, AUTO_INCREMENT=8;

--
-- AUTO_INCREMENT de tabela `pacientegabrieli`
--
ALTER TABLE `pacientegabrieli`
  MODIFY `idpacientegabrieli` int(10) UNSIGNED NOT NULL AUTO_INCREMENT, AUTO_INCREMENT=10;

--
-- AUTO_INCREMENT de tabela `pacienteguilherme`
--
ALTER TABLE `pacienteguilherme`
  MODIFY `idpacienteguilherme` int(10) UNSIGNED NOT NULL AUTO_INCREMENT, AUTO_INCREMENT=7;

--
-- AUTO_INCREMENT de tabela `pacientehigor`
--
ALTER TABLE `pacientehigor`
  MODIFY `idpacientehigor` int(10) UNSIGNED NOT NULL AUTO_INCREMENT, AUTO_INCREMENT=7;

--
-- AUTO_INCREMENT de tabela `pacientejoao`
--
ALTER TABLE `pacientejoao`
  MODIFY `idpaciente` int(10) UNSIGNED NOT NULL AUTO_INCREMENT, AUTO_INCREMENT=13;

--
-- AUTO_INCREMENT de tabela `pacienteluiza`
--
ALTER TABLE `pacienteluiza`
  MODIFY `idpacienteluiza` int(10) UNSIGNED NOT NULL AUTO_INCREMENT, AUTO_INCREMENT=11;

--
-- AUTO_INCREMENT de tabela `pacientemiguel`
--
ALTER TABLE `pacientemiguel`
  MODIFY `idpacientemiguel` int(10) UNSIGNED NOT NULL AUTO_INCREMENT, AUTO_INCREMENT=53;

--
-- AUTO_INCREMENT de tabela `pacientenicolas`
--
ALTER TABLE `pacientenicolas`
  MODIFY `idpacientenicolas` int(10) UNSIGNED NOT NULL AUTO_INCREMENT, AUTO_INCREMENT=13;

--
-- AUTO_INCREMENT de tabela `pacienteotavio`
--
ALTER TABLE `pacienteotavio`
  MODIFY `idpacienteotavio` int(10) UNSIGNED NOT NULL AUTO_INCREMENT, AUTO_INCREMENT=6;

--
-- AUTO_INCREMENT de tabela `pacientepedro`
--
ALTER TABLE `pacientepedro`
  MODIFY `idpacientepedro` int(10) UNSIGNED NOT NULL AUTO_INCREMENT, AUTO_INCREMENT=14;

--
-- AUTO_INCREMENT de tabela `pacientepietro`
--
ALTER TABLE `pacientepietro`
  MODIFY `idpacientepietro` int(10) UNSIGNED NOT NULL AUTO_INCREMENT, AUTO_INCREMENT=7;

--
-- AUTO_INCREMENT de tabela `pacientesarah`
--
ALTER TABLE `pacientesarah`
  MODIFY `idpacientesarah` int(10) UNSIGNED NOT NULL AUTO_INCREMENT, AUTO_INCREMENT=10;

--
-- AUTO_INCREMENT de tabela `pacientestella`
--
ALTER TABLE `pacientestella`
  MODIFY `idpacientestella` int(10) UNSIGNED NOT NULL AUTO_INCREMENT, AUTO_INCREMENT=10;

--
-- AUTO_INCREMENT de tabela `pacientetais`
--
ALTER TABLE `pacientetais`
  MODIFY `idpacientetais` int(10) UNSIGNED NOT NULL AUTO_INCREMENT, AUTO_INCREMENT=7;

--
-- AUTO_INCREMENT de tabela `pacientevalentina`
--
ALTER TABLE `pacientevalentina`
  MODIFY `idpacientevalentina` int(10) UNSIGNED NOT NULL AUTO_INCREMENT, AUTO_INCREMENT=13;

--
-- AUTO_INCREMENT de tabela `pacientevinicius`
--
ALTER TABLE `pacientevinicius`
  MODIFY `idpacientevinicius` int(10) UNSIGNED NOT NULL AUTO_INCREMENT, AUTO_INCREMENT=7;

--
-- AUTO_INCREMENT de tabela `pacientevitor`
--
ALTER TABLE `pacientevitor`
  MODIFY `idpacientevitor` int(10) UNSIGNED NOT NULL AUTO_INCREMENT, AUTO_INCREMENT=9;

--
-- AUTO_INCREMENT de tabela `pacienteyasmim`
--
ALTER TABLE `pacienteyasmim`
  MODIFY `idpacienteyasmim` int(10) UNSIGNED NOT NULL AUTO_INCREMENT, AUTO_INCREMENT=11;

--
-- AUTO_INCREMENT de tabela `sintomaalves`
--
ALTER TABLE `sintomaalves`
  MODIFY `idsintomaalves` int(10) UNSIGNED NOT NULL AUTO_INCREMENT, AUTO_INCREMENT=15;

--
-- AUTO_INCREMENT de tabela `sintomaamandha`
--
ALTER TABLE `sintomaamandha`
  MODIFY `issintomaamandha` int(10) UNSIGNED NOT NULL AUTO_INCREMENT, AUTO_INCREMENT=8;

--
-- AUTO_INCREMENT de tabela `sintomaana`
--
ALTER TABLE `sintomaana`
  MODIFY `idsintomaana` int(10) UNSIGNED NOT NULL AUTO_INCREMENT, AUTO_INCREMENT=9;

--
-- AUTO_INCREMENT de tabela `sintomaarthur`
--
ALTER TABLE `sintomaarthur`
  MODIFY `idsintomaarthur` int(10) UNSIGNED NOT NULL AUTO_INCREMENT, AUTO_INCREMENT=11;

--
-- AUTO_INCREMENT de tabela `sintomadeidiani`
--
ALTER TABLE `sintomadeidiani`
  MODIFY `idsintomadeidiani` int(10) UNSIGNED NOT NULL AUTO_INCREMENT;

--
-- AUTO_INCREMENT de tabela `sintomaeduardo`
--
ALTER TABLE `sintomaeduardo`
  MODIFY `idsintomaeduardo` int(10) UNSIGNED NOT NULL AUTO_INCREMENT, AUTO_INCREMENT=14;

--
-- AUTO_INCREMENT de tabela `sintomaenzo`
--
ALTER TABLE `sintomaenzo`
  MODIFY `idsintomaenzo` int(10) UNSIGNED NOT NULL AUTO_INCREMENT, AUTO_INCREMENT=15;

--
-- AUTO_INCREMENT de tabela `sintomagabrieli`
--
ALTER TABLE `sintomagabrieli`
  MODIFY `idsintomagabrieli` int(10) UNSIGNED NOT NULL AUTO_INCREMENT, AUTO_INCREMENT=15;

--
-- AUTO_INCREMENT de tabela `sintomaguilherme`
--
ALTER TABLE `sintomaguilherme`
  MODIFY `idsintomaguilherme` int(10) UNSIGNED NOT NULL AUTO_INCREMENT, AUTO_INCREMENT=7;

--
-- AUTO_INCREMENT de tabela `sintomahigor`
--
ALTER TABLE `sintomahigor`
  MODIFY `idsintomahigor` int(10) UNSIGNED NOT NULL AUTO_INCREMENT, AUTO_INCREMENT=11;

--
-- AUTO_INCREMENT de tabela `sintomaluiza`
--
ALTER TABLE `sintomaluiza`
  MODIFY `idsintomaluiza` int(10) UNSIGNED NOT NULL AUTO_INCREMENT, AUTO_INCREMENT=12;

--
-- AUTO_INCREMENT de tabela `sintomamiguel`
--
ALTER TABLE `sintomamiguel`
  MODIFY `idsintomamiguel` int(10) UNSIGNED NOT NULL AUTO_INCREMENT, AUTO_INCREMENT=9;

--
-- AUTO_INCREMENT de tabela `sintomanicolas`
--
ALTER TABLE `sintomanicolas`
  MODIFY `idsintomanicolas` int(10) UNSIGNED NOT NULL AUTO_INCREMENT, AUTO_INCREMENT=13;

--
-- AUTO_INCREMENT de tabela `sintomaotavio`
--
ALTER TABLE `sintomaotavio`
  MODIFY `idsintomaotavio` int(10) UNSIGNED NOT NULL AUTO_INCREMENT, AUTO_INCREMENT=11;

--
-- AUTO_INCREMENT de tabela `sintomapedro`
--
ALTER TABLE `sintomapedro`
  MODIFY `idsintomapedro` int(10) UNSIGNED NOT NULL AUTO_INCREMENT, AUTO_INCREMENT=9;

--
-- AUTO_INCREMENT de tabela `sintomasarah`
--
ALTER TABLE `sintomasarah`
  MODIFY `idsintomasarah` int(10) UNSIGNED NOT NULL AUTO_INCREMENT, AUTO_INCREMENT=11;

--
-- AUTO_INCREMENT de tabela `sintomasfelipe`
--
ALTER TABLE `sintomasfelipe`
  MODIFY `idsintomasfelipe` int(10) UNSIGNED NOT NULL AUTO_INCREMENT, AUTO_INCREMENT=9;

--
-- AUTO_INCREMENT de tabela `sintomasjoao`
--
ALTER TABLE `sintomasjoao`
  MODIFY `idsintomasjoao` int(10) UNSIGNED NOT NULL AUTO_INCREMENT, AUTO_INCREMENT=14;

--
-- AUTO_INCREMENT de tabela `sintomaspietro`
--
ALTER TABLE `sintomaspietro`
  MODIFY `idsintomaspietro` int(10) UNSIGNED NOT NULL AUTO_INCREMENT, AUTO_INCREMENT=15;

--
-- AUTO_INCREMENT de tabela `sintomastella`
--
ALTER TABLE `sintomastella`
  MODIFY `idsintomastella` int(10) UNSIGNED NOT NULL AUTO_INCREMENT, AUTO_INCREMENT=17;

--
-- AUTO_INCREMENT de tabela `sintomatais`
--
ALTER TABLE `sintomatais`
  MODIFY `idsintomatais` int(10) UNSIGNED NOT NULL AUTO_INCREMENT, AUTO_INCREMENT=10;

--
-- AUTO_INCREMENT de tabela `sintomavalentina`
--
ALTER TABLE `sintomavalentina`
  MODIFY `idsintomavalentina` int(10) UNSIGNED NOT NULL AUTO_INCREMENT, AUTO_INCREMENT=6;

--
-- AUTO_INCREMENT de tabela `sintomavinicius`
--
ALTER TABLE `sintomavinicius`
  MODIFY `idsintomavinicius` int(10) UNSIGNED NOT NULL AUTO_INCREMENT, AUTO_INCREMENT=11;

--
-- AUTO_INCREMENT de tabela `sintomavitor`
--
ALTER TABLE `sintomavitor`
  MODIFY `idsintomavitor` int(10) UNSIGNED NOT NULL AUTO_INCREMENT, AUTO_INCREMENT=11;

--
-- AUTO_INCREMENT de tabela `sintomayasmim`
--
ALTER TABLE `sintomayasmim`
  MODIFY `idsintomayasmim` int(10) UNSIGNED NOT NULL AUTO_INCREMENT, AUTO_INCREMENT=11;

--
-- AUTO_INCREMENT de tabela `tratamentoalves`
--
ALTER TABLE `tratamentoalves`
  MODIFY `idtratamentoalves` int(10) UNSIGNED NOT NULL AUTO_INCREMENT, AUTO_INCREMENT=10;

--
-- AUTO_INCREMENT de tabela `tratamentoamandha`
--
ALTER TABLE `tratamentoamandha`
  MODIFY `idtratamentoamandha` int(10) UNSIGNED NOT NULL AUTO_INCREMENT, AUTO_INCREMENT=9;

--
-- AUTO_INCREMENT de tabela `tratamentoana`
--
ALTER TABLE `tratamentoana`
  MODIFY `idtratamentoana` int(10) UNSIGNED NOT NULL AUTO_INCREMENT, AUTO_INCREMENT=9;

--
-- AUTO_INCREMENT de tabela `tratamentoarthur`
--
ALTER TABLE `tratamentoarthur`
  MODIFY `idtratamentoarthur` int(10) UNSIGNED NOT NULL AUTO_INCREMENT, AUTO_INCREMENT=8;

--
-- AUTO_INCREMENT de tabela `tratamentodeidiani`
--
ALTER TABLE `tratamentodeidiani`
  MODIFY `idtratamentodeidiani` int(10) UNSIGNED NOT NULL AUTO_INCREMENT;

--
-- AUTO_INCREMENT de tabela `tratamentoeduardo`
--
ALTER TABLE `tratamentoeduardo`
  MODIFY `idtratamentoeduardo` int(10) UNSIGNED NOT NULL AUTO_INCREMENT, AUTO_INCREMENT=10;

--
-- AUTO_INCREMENT de tabela `tratamentoenzo`
--
ALTER TABLE `tratamentoenzo`
  MODIFY `idtratamentoenzo` int(10) UNSIGNED NOT NULL AUTO_INCREMENT, AUTO_INCREMENT=14;

--
-- AUTO_INCREMENT de tabela `tratamentofelipe`
--
ALTER TABLE `tratamentofelipe`
  MODIFY `idtratamentofelipe` int(10) UNSIGNED NOT NULL AUTO_INCREMENT, AUTO_INCREMENT=9;

--
-- AUTO_INCREMENT de tabela `tratamentogabrieli`
--
ALTER TABLE `tratamentogabrieli`
  MODIFY `idtratamentogabrieli` int(10) UNSIGNED NOT NULL AUTO_INCREMENT, AUTO_INCREMENT=12;

--
-- AUTO_INCREMENT de tabela `tratamentoguilherme`
--
ALTER TABLE `tratamentoguilherme`
  MODIFY `idtratamentoguilherme` int(10) UNSIGNED NOT NULL AUTO_INCREMENT, AUTO_INCREMENT=7;

--
-- AUTO_INCREMENT de tabela `tratamentohigor`
--
ALTER TABLE `tratamentohigor`
  MODIFY `idtratamentohigor` int(10) UNSIGNED NOT NULL AUTO_INCREMENT, AUTO_INCREMENT=7;

--
-- AUTO_INCREMENT de tabela `tratamentojoao`
--
ALTER TABLE `tratamentojoao`
  MODIFY `idtratamentojoao` int(10) UNSIGNED NOT NULL AUTO_INCREMENT, AUTO_INCREMENT=9;

--
-- AUTO_INCREMENT de tabela `tratamentoluiza`
--
ALTER TABLE `tratamentoluiza`
  MODIFY `idtratamentoluiza` int(10) UNSIGNED NOT NULL AUTO_INCREMENT, AUTO_INCREMENT=8;

--
-- AUTO_INCREMENT de tabela `tratamentomiguel`
--
ALTER TABLE `tratamentomiguel`
  MODIFY `idtratamentomiguel` int(10) UNSIGNED NOT NULL AUTO_INCREMENT, AUTO_INCREMENT=7;

--
-- AUTO_INCREMENT de tabela `tratamentonicolas`
--
ALTER TABLE `tratamentonicolas`
  MODIFY `idtratamentonicolas` int(10) UNSIGNED NOT NULL AUTO_INCREMENT, AUTO_INCREMENT=11;

--
-- AUTO_INCREMENT de tabela `tratamentootavio`
--
ALTER TABLE `tratamentootavio`
  MODIFY `idtratamentootavio` int(10) UNSIGNED NOT NULL AUTO_INCREMENT, AUTO_INCREMENT=6;

--
-- AUTO_INCREMENT de tabela `tratamentopedro`
--
ALTER TABLE `tratamentopedro`
  MODIFY `idtratamentopedro` int(10) UNSIGNED NOT NULL AUTO_INCREMENT, AUTO_INCREMENT=7;

--
-- AUTO_INCREMENT de tabela `tratamentopietro`
--
ALTER TABLE `tratamentopietro`
  MODIFY `idtratamentopietro` int(10) UNSIGNED NOT NULL AUTO_INCREMENT, AUTO_INCREMENT=9;

--
-- AUTO_INCREMENT de tabela `tratamentosarah`
--
ALTER TABLE `tratamentosarah`
  MODIFY `idtratamentosarah` int(10) UNSIGNED NOT NULL AUTO_INCREMENT, AUTO_INCREMENT=9;

--
-- AUTO_INCREMENT de tabela `tratamentostella`
--
ALTER TABLE `tratamentostella`
  MODIFY `idtratamentostella` int(10) UNSIGNED NOT NULL AUTO_INCREMENT, AUTO_INCREMENT=10;

--
-- AUTO_INCREMENT de tabela `tratamentotais`
--
ALTER TABLE `tratamentotais`
  MODIFY `idtratamentotais` int(10) UNSIGNED NOT NULL AUTO_INCREMENT, AUTO_INCREMENT=8;

--
-- AUTO_INCREMENT de tabela `tratamentovalentina`
--
ALTER TABLE `tratamentovalentina`
  MODIFY `idtratamentovalentina` int(10) UNSIGNED NOT NULL AUTO_INCREMENT, AUTO_INCREMENT=4;

--
-- AUTO_INCREMENT de tabela `tratamentovinicius`
--
ALTER TABLE `tratamentovinicius`
  MODIFY `idtratamentovinicius` int(10) UNSIGNED NOT NULL AUTO_INCREMENT, AUTO_INCREMENT=8;

--
-- AUTO_INCREMENT de tabela `tratamentovitor`
--
ALTER TABLE `tratamentovitor`
  MODIFY `idtratamentovitor` int(10) UNSIGNED NOT NULL AUTO_INCREMENT, AUTO_INCREMENT=10;

--
-- AUTO_INCREMENT de tabela `tratamentoyasmim`
--
ALTER TABLE `tratamentoyasmim`
  MODIFY `idtratamentoyasmim` int(10) UNSIGNED NOT NULL AUTO_INCREMENT, AUTO_INCREMENT=9;

--
-- Restrições para tabelas despejadas
--

--
-- Restrições para tabelas `casjoao`
--
ALTER TABLE `casjoao`
  ADD CONSTRAINT `casjoao_ibfk_1` FOREIGN KEY (`consultajoao_idconsultaJoao`) REFERENCES `consultajoao` (`idconsultajoao`) ON DELETE NO ACTION ON UPDATE NO ACTION,
  ADD CONSTRAINT `casjoao_ibfk_2` FOREIGN KEY (`sintomasjoao_idsintomasJoao`) REFERENCES `sintomasjoao` (`idsintomasjoao`) ON DELETE NO ACTION ON UPDATE NO ACTION,
  ADD CONSTRAINT `casjoao_ibfk_3` FOREIGN KEY (`tratamentojoao_idtratamentoJoao`) REFERENCES `tratamentojoao` (`idtratamentojoao`) ON DELETE NO ACTION ON UPDATE NO ACTION;

--
-- Restrições para tabelas `castalves`
--
ALTER TABLE `castalves`
  ADD CONSTRAINT `castalves_ibfk_1` FOREIGN KEY (`consultaalves_idconsultaalves`) REFERENCES `consultaalves` (`idconsultaalves`) ON DELETE NO ACTION ON UPDATE NO ACTION,
  ADD CONSTRAINT `castalves_ibfk_2` FOREIGN KEY (`sintomaalves_idsintomaalves`) REFERENCES `sintomaalves` (`idsintomaalves`) ON DELETE NO ACTION ON UPDATE NO ACTION,
  ADD CONSTRAINT `castalves_ibfk_3` FOREIGN KEY (`tratamentoalves_idtratamentoalves`) REFERENCES `tratamentoalves` (`idtratamentoalves`) ON DELETE NO ACTION ON UPDATE NO ACTION;

--
-- Restrições para tabelas `castamandha`
--
ALTER TABLE `castamandha`
  ADD CONSTRAINT `castamandha_ibfk_1` FOREIGN KEY (`consultaamandha_idconsultamandha`) REFERENCES `consultaamandha` (`idconsultamandha`) ON DELETE NO ACTION ON UPDATE NO ACTION,
  ADD CONSTRAINT `castamandha_ibfk_2` FOREIGN KEY (`sintomaamandha_issintomaamandha`) REFERENCES `sintomaamandha` (`issintomaamandha`) ON DELETE NO ACTION ON UPDATE NO ACTION,
  ADD CONSTRAINT `castamandha_ibfk_3` FOREIGN KEY (`tratamentoamandha_idtratamentoamandha`) REFERENCES `tratamentoamandha` (`idtratamentoamandha`) ON DELETE NO ACTION ON UPDATE NO ACTION;

--
-- Restrições para tabelas `castana`
--
ALTER TABLE `castana`
  ADD CONSTRAINT `castana_ibfk_1` FOREIGN KEY (`consultaana_idconsultaana`) REFERENCES `consultaana` (`idconsultaana`) ON DELETE NO ACTION ON UPDATE NO ACTION,
  ADD CONSTRAINT `castana_ibfk_2` FOREIGN KEY (`sintomaana_idsintomaana`) REFERENCES `sintomaana` (`idsintomaana`) ON DELETE NO ACTION ON UPDATE NO ACTION,
  ADD CONSTRAINT `castana_ibfk_3` FOREIGN KEY (`tratamentoana_idtratamentoana`) REFERENCES `tratamentoana` (`idtratamentoana`) ON DELETE NO ACTION ON UPDATE NO ACTION;

--
-- Restrições para tabelas `castarthur`
--
ALTER TABLE `castarthur`
  ADD CONSTRAINT `castarthur_ibfk_1` FOREIGN KEY (`sintomaarthur_idsintomaarthur`) REFERENCES `sintomaarthur` (`idsintomaarthur`) ON DELETE NO ACTION ON UPDATE NO ACTION,
  ADD CONSTRAINT `castarthur_ibfk_2` FOREIGN KEY (`consultaarthur_idconsultaarthur`) REFERENCES `consultaarthur` (`idconsultaarthur`) ON DELETE NO ACTION ON UPDATE NO ACTION,
  ADD CONSTRAINT `castarthur_ibfk_3` FOREIGN KEY (`tratamentoarthur_idtratamentoarthur`) REFERENCES `tratamentoarthur` (`idtratamentoarthur`) ON DELETE NO ACTION ON UPDATE NO ACTION;

--
-- Restrições para tabelas `castdavi`
--
ALTER TABLE `castdavi`
  ADD CONSTRAINT `castdavi_ibfk_1` FOREIGN KEY (`consultadavi_idconsultadavi`) REFERENCES `consultadavi` (`idconsultadavi`),
  ADD CONSTRAINT `castdavi_ibfk_2` FOREIGN KEY (`sintomadavi_idsintomadavi`) REFERENCES `sintomadavi` (`idsintomadavi`),
  ADD CONSTRAINT `castdavi_ibfk_3` FOREIGN KEY (`tratamentodavi_idtratamentodavi`) REFERENCES `tratamentodavi` (`idtratamentodavi`);

--
-- Restrições para tabelas `castdeidiani`
--
ALTER TABLE `castdeidiani`
  ADD CONSTRAINT `castdeidiani_ibfk_1` FOREIGN KEY (`consultadeidiani_idconsultadeidiani`) REFERENCES `consultadeidiani` (`idconsultadeidiani`) ON DELETE NO ACTION ON UPDATE NO ACTION,
  ADD CONSTRAINT `castdeidiani_ibfk_2` FOREIGN KEY (`sintomadeidiani_idsintomadeidiani`) REFERENCES `sintomadeidiani` (`idsintomadeidiani`) ON DELETE NO ACTION ON UPDATE NO ACTION,
  ADD CONSTRAINT `castdeidiani_ibfk_3` FOREIGN KEY (`tratamentodeidiani_idtratamentodeidiani`) REFERENCES `tratamentodeidiani` (`idtratamentodeidiani`) ON DELETE NO ACTION ON UPDATE NO ACTION;

--
-- Restrições para tabelas `casteduardo`
--
ALTER TABLE `casteduardo`
  ADD CONSTRAINT `casteduardo_ibfk_1` FOREIGN KEY (`consultaeduardo_idconsultaeduardo`) REFERENCES `consultaeduardo` (`idconsultaeduardo`) ON DELETE NO ACTION ON UPDATE NO ACTION,
  ADD CONSTRAINT `casteduardo_ibfk_2` FOREIGN KEY (`sintomaeduardo_idsintomaeduardo`) REFERENCES `sintomaeduardo` (`idsintomaeduardo`) ON DELETE NO ACTION ON UPDATE NO ACTION,
  ADD CONSTRAINT `casteduardo_ibfk_3` FOREIGN KEY (`tratamentoeduardo_idtratamentoeduardo`) REFERENCES `tratamentoeduardo` (`idtratamentoeduardo`) ON DELETE NO ACTION ON UPDATE NO ACTION;

--
-- Restrições para tabelas `castenzo`
--
ALTER TABLE `castenzo`
  ADD CONSTRAINT `castenzo_ibfk_1` FOREIGN KEY (`sintomaenzo_idsintomaenzo`) REFERENCES `sintomaenzo` (`idsintomaenzo`) ON DELETE NO ACTION ON UPDATE NO ACTION,
  ADD CONSTRAINT `castenzo_ibfk_2` FOREIGN KEY (`tratamentoenzo_idtratamentoenzo`) REFERENCES `tratamentoenzo` (`idtratamentoenzo`) ON DELETE NO ACTION ON UPDATE NO ACTION,
  ADD CONSTRAINT `castenzo_ibfk_3` FOREIGN KEY (`consultaenzo_idconsultaenzo`) REFERENCES `consultaenzo` (`idconsultaenzo`) ON DELETE NO ACTION ON UPDATE NO ACTION;

--
-- Restrições para tabelas `castfelipe`
--
ALTER TABLE `castfelipe`
  ADD CONSTRAINT `castfelipe_ibfk_1` FOREIGN KEY (`consultafelipe_idconsultafelipe`) REFERENCES `consultafelipe` (`idconsultafelipe`) ON DELETE NO ACTION ON UPDATE NO ACTION,
  ADD CONSTRAINT `castfelipe_ibfk_2` FOREIGN KEY (`sintomasfelipe_idsintomasfelipe`) REFERENCES `sintomasfelipe` (`idsintomasfelipe`) ON DELETE NO ACTION ON UPDATE NO ACTION,
  ADD CONSTRAINT `castfelipe_ibfk_3` FOREIGN KEY (`tratamentofelipe_idtratamentofelipe`) REFERENCES `tratamentofelipe` (`idtratamentofelipe`) ON DELETE NO ACTION ON UPDATE NO ACTION;

--
-- Restrições para tabelas `castgabrieli`
--
ALTER TABLE `castgabrieli`
  ADD CONSTRAINT `castgabrieli_ibfk_1` FOREIGN KEY (`consultagabrieli_idconsultagabrieli`) REFERENCES `consultagabrieli` (`idconsultagabrieli`) ON DELETE NO ACTION ON UPDATE NO ACTION,
  ADD CONSTRAINT `castgabrieli_ibfk_2` FOREIGN KEY (`sintomagabrieli_idsintomagabrieli`) REFERENCES `sintomagabrieli` (`idsintomagabrieli`) ON DELETE NO ACTION ON UPDATE NO ACTION,
  ADD CONSTRAINT `castgabrieli_ibfk_3` FOREIGN KEY (`tratamentogabrieli_idtratamentogabrieli`) REFERENCES `tratamentogabrieli` (`idtratamentogabrieli`) ON DELETE NO ACTION ON UPDATE NO ACTION;

--
-- Restrições para tabelas `castgean`
--
ALTER TABLE `castgean`
  ADD CONSTRAINT `castgean_ibfk_1` FOREIGN KEY (`consultagean_idconsultagean`) REFERENCES `consultagean` (`idconsultagean`),
  ADD CONSTRAINT `castgean_ibfk_2` FOREIGN KEY (`sintomagean_idsintomagean`) REFERENCES `sintomagean` (`idsintomagean`),
  ADD CONSTRAINT `castgean_ibfk_3` FOREIGN KEY (`tratamentogean_idtratamentogean`) REFERENCES `tratamentogean` (`idtratamentogean`);

--
-- Restrições para tabelas `castguilherme`
--
ALTER TABLE `castguilherme`
  ADD CONSTRAINT `castguilherme_ibfk_1` FOREIGN KEY (`consultaguilherme_idconsultaguilherme`) REFERENCES `consultaguilherme` (`idconsultaguilherme`) ON DELETE NO ACTION ON UPDATE NO ACTION,
  ADD CONSTRAINT `castguilherme_ibfk_2` FOREIGN KEY (`sintomaguilherme_idsintomaguilherme`) REFERENCES `sintomaguilherme` (`idsintomaguilherme`) ON DELETE NO ACTION ON UPDATE NO ACTION,
  ADD CONSTRAINT `castguilherme_ibfk_3` FOREIGN KEY (`tratamentoguilherme_idtratamentoguilherme`) REFERENCES `tratamentoguilherme` (`idtratamentoguilherme`) ON DELETE NO ACTION ON UPDATE NO ACTION;

--
-- Restrições para tabelas `casthigor`
--
ALTER TABLE `casthigor`
  ADD CONSTRAINT `casthigor_ibfk_1` FOREIGN KEY (`consultahigor_idconsultahigor`) REFERENCES `consultahigor` (`idconsultahigor`) ON DELETE NO ACTION ON UPDATE NO ACTION,
  ADD CONSTRAINT `casthigor_ibfk_2` FOREIGN KEY (`sintomahigor_idsintomahigor`) REFERENCES `sintomahigor` (`idsintomahigor`) ON DELETE NO ACTION ON UPDATE NO ACTION,
  ADD CONSTRAINT `casthigor_ibfk_3` FOREIGN KEY (`tratamentohigor_idtratamentohigor`) REFERENCES `tratamentohigor` (`idtratamentohigor`) ON DELETE NO ACTION ON UPDATE NO ACTION;

--
-- Restrições para tabelas `castluiza`
--
ALTER TABLE `castluiza`
  ADD CONSTRAINT `castluiza_ibfk_1` FOREIGN KEY (`consultaluiza_idconsultaluiza`) REFERENCES `consultaluiza` (`idconsultaluiza`) ON DELETE NO ACTION ON UPDATE NO ACTION,
  ADD CONSTRAINT `castluiza_ibfk_2` FOREIGN KEY (`sintomaluiza_idsintomaluiza`) REFERENCES `sintomaluiza` (`idsintomaluiza`) ON DELETE NO ACTION ON UPDATE NO ACTION,
  ADD CONSTRAINT `castluiza_ibfk_3` FOREIGN KEY (`tratamentoluiza_idtratamentoluiza`) REFERENCES `tratamentoluiza` (`idtratamentoluiza`) ON DELETE NO ACTION ON UPDATE NO ACTION;

--
-- Restrições para tabelas `castmiguel`
--
ALTER TABLE `castmiguel`
  ADD CONSTRAINT `castmiguel_ibfk_1` FOREIGN KEY (`consultamiguel_idconsultamiguel`) REFERENCES `consultamiguel` (`idconsultamiguel`) ON DELETE NO ACTION ON UPDATE NO ACTION,
  ADD CONSTRAINT `castmiguel_ibfk_2` FOREIGN KEY (`sintomamiguel_idsintomamiguel`) REFERENCES `sintomamiguel` (`idsintomamiguel`) ON DELETE NO ACTION ON UPDATE NO ACTION,
  ADD CONSTRAINT `castmiguel_ibfk_3` FOREIGN KEY (`tratamentomiguel_idtratamentomiguel`) REFERENCES `tratamentomiguel` (`idtratamentomiguel`) ON DELETE NO ACTION ON UPDATE NO ACTION;

--
-- Restrições para tabelas `castnicolas`
--
ALTER TABLE `castnicolas`
  ADD CONSTRAINT `castnicolas_ibfk_1` FOREIGN KEY (`sintomanicolas_idsintomanicolas`) REFERENCES `sintomanicolas` (`idsintomanicolas`) ON DELETE NO ACTION ON UPDATE NO ACTION,
  ADD CONSTRAINT `castnicolas_ibfk_2` FOREIGN KEY (`tratamentonicolas_idtratamentonicolas`) REFERENCES `tratamentonicolas` (`idtratamentonicolas`) ON DELETE NO ACTION ON UPDATE NO ACTION,
  ADD CONSTRAINT `castnicolas_ibfk_3` FOREIGN KEY (`consultanicolas_idconsultanicolas`) REFERENCES `consultanicolas` (`idconsultanicolas`) ON DELETE NO ACTION ON UPDATE NO ACTION;

--
-- Restrições para tabelas `castotavio`
--
ALTER TABLE `castotavio`
  ADD CONSTRAINT `castotavio_ibfk_1` FOREIGN KEY (`consultaotavio_idconsultaotavio`) REFERENCES `consultaotavio` (`idconsultaotavio`) ON DELETE NO ACTION ON UPDATE NO ACTION,
  ADD CONSTRAINT `castotavio_ibfk_2` FOREIGN KEY (`sintomaotavio_idsintomaotavio`) REFERENCES `sintomaotavio` (`idsintomaotavio`) ON DELETE NO ACTION ON UPDATE NO ACTION,
  ADD CONSTRAINT `castotavio_ibfk_3` FOREIGN KEY (`tratamentootavio_idtratamentootavio`) REFERENCES `tratamentootavio` (`idtratamentootavio`) ON DELETE NO ACTION ON UPDATE NO ACTION;

--
-- Restrições para tabelas `castpedro`
--
ALTER TABLE `castpedro`
  ADD CONSTRAINT `castpedro_ibfk_1` FOREIGN KEY (`consultapedro_idconsultapedro`) REFERENCES `consultapedro` (`idconsultapedro`) ON DELETE NO ACTION ON UPDATE NO ACTION,
  ADD CONSTRAINT `castpedro_ibfk_2` FOREIGN KEY (`tratamentopedro_idtratamentopedro`) REFERENCES `tratamentopedro` (`idtratamentopedro`) ON DELETE NO ACTION ON UPDATE NO ACTION,
  ADD CONSTRAINT `castpedro_ibfk_3` FOREIGN KEY (`sintomapedro_idsintomapedro`) REFERENCES `sintomapedro` (`idsintomapedro`) ON DELETE NO ACTION ON UPDATE NO ACTION;

--
-- Restrições para tabelas `castpietro`
--
ALTER TABLE `castpietro`
  ADD CONSTRAINT `castpietro_ibfk_1` FOREIGN KEY (`consultapietro_idconsultapietro`) REFERENCES `consultapietro` (`idconsultapietro`) ON DELETE NO ACTION ON UPDATE NO ACTION,
  ADD CONSTRAINT `castpietro_ibfk_2` FOREIGN KEY (`sintomaspietro_idsintomaspietro`) REFERENCES `sintomaspietro` (`idsintomaspietro`) ON DELETE NO ACTION ON UPDATE NO ACTION,
  ADD CONSTRAINT `castpietro_ibfk_3` FOREIGN KEY (`tratamentopietro_idtratamentopietro`) REFERENCES `tratamentopietro` (`idtratamentopietro`) ON DELETE NO ACTION ON UPDATE NO ACTION;

--
-- Restrições para tabelas `castsarah`
--
ALTER TABLE `castsarah`
  ADD CONSTRAINT `castsarah_ibfk_1` FOREIGN KEY (`consultasarah_idconsultasarah`) REFERENCES `consultasarah` (`idconsultasarah`) ON DELETE NO ACTION ON UPDATE NO ACTION,
  ADD CONSTRAINT `castsarah_ibfk_2` FOREIGN KEY (`sintomasarah_idsintomasarah`) REFERENCES `sintomasarah` (`idsintomasarah`) ON DELETE NO ACTION ON UPDATE NO ACTION,
  ADD CONSTRAINT `castsarah_ibfk_3` FOREIGN KEY (`tratamentosarah_idtratamentosarah`) REFERENCES `tratamentosarah` (`idtratamentosarah`) ON DELETE NO ACTION ON UPDATE NO ACTION;

--
-- Restrições para tabelas `caststella`
--
ALTER TABLE `caststella`
  ADD CONSTRAINT `caststella_ibfk_1` FOREIGN KEY (`consultastella_idconsultastella`) REFERENCES `consultastella` (`idconsultastella`) ON DELETE NO ACTION ON UPDATE NO ACTION,
  ADD CONSTRAINT `caststella_ibfk_2` FOREIGN KEY (`sintomastella_idsintomastella`) REFERENCES `sintomastella` (`idsintomastella`) ON DELETE NO ACTION ON UPDATE NO ACTION,
  ADD CONSTRAINT `caststella_ibfk_3` FOREIGN KEY (`tratamentostella_idtratamentostella`) REFERENCES `tratamentostella` (`idtratamentostella`) ON DELETE NO ACTION ON UPDATE NO ACTION;

--
-- Restrições para tabelas `casttais`
--
ALTER TABLE `casttais`
  ADD CONSTRAINT `casttais_ibfk_1` FOREIGN KEY (`consultatais_idconsultatais`) REFERENCES `consultatais` (`idconsultatais`) ON DELETE NO ACTION ON UPDATE NO ACTION,
  ADD CONSTRAINT `casttais_ibfk_2` FOREIGN KEY (`sintomatais_idsintomatais`) REFERENCES `sintomatais` (`idsintomatais`) ON DELETE NO ACTION ON UPDATE NO ACTION,
  ADD CONSTRAINT `casttais_ibfk_3` FOREIGN KEY (`tratamentotais_idtratamentotais`) REFERENCES `tratamentotais` (`idtratamentotais`) ON DELETE NO ACTION ON UPDATE NO ACTION;

--
-- Restrições para tabelas `castvalentina`
--
ALTER TABLE `castvalentina`
  ADD CONSTRAINT `castvalentina_ibfk_1` FOREIGN KEY (`consultavalentina_idconsultavalentina`) REFERENCES `consultavalentina` (`idconsultavalentina`) ON DELETE NO ACTION ON UPDATE NO ACTION,
  ADD CONSTRAINT `castvalentina_ibfk_2` FOREIGN KEY (`sintomavalentina_idsintomavalentina`) REFERENCES `sintomavalentina` (`idsintomavalentina`) ON DELETE NO ACTION ON UPDATE NO ACTION,
  ADD CONSTRAINT `castvalentina_ibfk_3` FOREIGN KEY (`tratamentovalentina_idtratamentovalentina`) REFERENCES `tratamentovalentina` (`idtratamentovalentina`) ON DELETE NO ACTION ON UPDATE NO ACTION;

--
-- Restrições para tabelas `castvinicius`
--
ALTER TABLE `castvinicius`
  ADD CONSTRAINT `castvinicius_ibfk_1` FOREIGN KEY (`consultavinicius_idconsultavinicius`) REFERENCES `consultavinicius` (`idconsultavinicius`) ON DELETE NO ACTION ON UPDATE NO ACTION,
  ADD CONSTRAINT `castvinicius_ibfk_2` FOREIGN KEY (`sintomavinicius_idsintomavinicius`) REFERENCES `sintomavinicius` (`idsintomavinicius`) ON DELETE NO ACTION ON UPDATE NO ACTION,
  ADD CONSTRAINT `castvinicius_ibfk_3` FOREIGN KEY (`tratamentovinicius_idtratamentovinicius`) REFERENCES `tratamentovinicius` (`idtratamentovinicius`) ON DELETE NO ACTION ON UPDATE NO ACTION;

--
-- Restrições para tabelas `castvitor`
--
ALTER TABLE `castvitor`
  ADD CONSTRAINT `castvitor_ibfk_1` FOREIGN KEY (`consultavitor_idconsultavitor`) REFERENCES `consultavitor` (`idconsultavitor`) ON DELETE NO ACTION ON UPDATE NO ACTION,
  ADD CONSTRAINT `castvitor_ibfk_2` FOREIGN KEY (`sintomavitor_idsintomavitor`) REFERENCES `sintomavitor` (`idsintomavitor`) ON DELETE NO ACTION ON UPDATE NO ACTION,
  ADD CONSTRAINT `castvitor_ibfk_3` FOREIGN KEY (`tratamentovitor_idtratamentovitor`) REFERENCES `tratamentovitor` (`idtratamentovitor`) ON DELETE NO ACTION ON UPDATE NO ACTION;

--
-- Restrições para tabelas `castyasmim`
--
ALTER TABLE `castyasmim`
  ADD CONSTRAINT `castyasmim_ibfk_1` FOREIGN KEY (`consultayasmim_idconsultayasmim`) REFERENCES `consultayasmim` (`idconsultayasmim`) ON DELETE NO ACTION ON UPDATE NO ACTION,
  ADD CONSTRAINT `castyasmim_ibfk_2` FOREIGN KEY (`sintomayasmim_idsintomayasmim`) REFERENCES `sintomayasmim` (`idsintomayasmim`) ON DELETE NO ACTION ON UPDATE NO ACTION,
  ADD CONSTRAINT `castyasmim_ibfk_3` FOREIGN KEY (`tratamentoyasmim_idtratamentoyasmim`) REFERENCES `tratamentoyasmim` (`idtratamentoyasmim`) ON DELETE NO ACTION ON UPDATE NO ACTION;

--
-- Restrições para tabelas `consultaalves`
--
ALTER TABLE `consultaalves`
  ADD CONSTRAINT `consultaalves_ibfk_1` FOREIGN KEY (`medicoalves_idmedicoalves`) REFERENCES `medicoalves` (`idmedicoalves`) ON DELETE NO ACTION ON UPDATE NO ACTION,
  ADD CONSTRAINT `consultaalves_ibfk_2` FOREIGN KEY (`pacientealves_idpacientealves`) REFERENCES `pacientealves` (`idpacientealves`) ON DELETE NO ACTION ON UPDATE NO ACTION;

--
-- Restrições para tabelas `consultaamandha`
--
ALTER TABLE `consultaamandha`
  ADD CONSTRAINT `consultaamandha_ibfk_1` FOREIGN KEY (`pacienteamandha_idpacienteamandha`) REFERENCES `pacienteamandha` (`idpacienteamandha`) ON DELETE NO ACTION ON UPDATE NO ACTION,
  ADD CONSTRAINT `consultaamandha_ibfk_2` FOREIGN KEY (`medicoamandha_idmedicoamandha`) REFERENCES `medicoamandha` (`idmedicoamandha`) ON DELETE NO ACTION ON UPDATE NO ACTION;

--
-- Restrições para tabelas `consultaana`
--
ALTER TABLE `consultaana`
  ADD CONSTRAINT `consultaana_ibfk_1` FOREIGN KEY (`pacienteana_idpacienteana`) REFERENCES `pacienteana` (`idpacienteana`) ON DELETE NO ACTION ON UPDATE NO ACTION,
  ADD CONSTRAINT `consultaana_ibfk_2` FOREIGN KEY (`medicoana_idmedicoana`) REFERENCES `medicoana` (`idmedicoana`) ON DELETE NO ACTION ON UPDATE NO ACTION;

--
-- Restrições para tabelas `consultaarthur`
--
ALTER TABLE `consultaarthur`
  ADD CONSTRAINT `consultaarthur_ibfk_1` FOREIGN KEY (`pacientearthur_idpacientearthur`) REFERENCES `pacientearthur` (`idpacientearthur`) ON DELETE NO ACTION ON UPDATE NO ACTION,
  ADD CONSTRAINT `consultaarthur_ibfk_2` FOREIGN KEY (`medicoarthur_idmedicoarthur`) REFERENCES `medicoarthur` (`idmedicoarthur`) ON DELETE NO ACTION ON UPDATE NO ACTION;

--
-- Restrições para tabelas `consultadavi`
--
ALTER TABLE `consultadavi`
  ADD CONSTRAINT `consultadavi_ibfk_1` FOREIGN KEY (`pacientedavi_idpacientedavi`) REFERENCES `pacientedavi` (`idpacientedavi`),
  ADD CONSTRAINT `consultadavi_ibfk_2` FOREIGN KEY (`medicodavi_idmedicodavi`) REFERENCES `medicodavi` (`idmedicodavi`);

--
-- Restrições para tabelas `consultadeidiani`
--
ALTER TABLE `consultadeidiani`
  ADD CONSTRAINT `consultadeidiani_ibfk_1` FOREIGN KEY (`pacientedeidiani_idpacientedeidiani`) REFERENCES `pacientedeidiani` (`idpacientedeidiani`) ON DELETE NO ACTION ON UPDATE NO ACTION,
  ADD CONSTRAINT `consultadeidiani_ibfk_2` FOREIGN KEY (`medicodeidiani_idmedicodeidiani`) REFERENCES `medicodeidiani` (`idmedicodeidiani`) ON DELETE NO ACTION ON UPDATE NO ACTION;

--
-- Restrições para tabelas `consultaeduardo`
--
ALTER TABLE `consultaeduardo`
  ADD CONSTRAINT `consultaeduardo_ibfk_1` FOREIGN KEY (`pacienteeduardo_idpacienteeduardo`) REFERENCES `pacienteeduardo` (`idpacienteeduardo`) ON DELETE NO ACTION ON UPDATE NO ACTION,
  ADD CONSTRAINT `consultaeduardo_ibfk_2` FOREIGN KEY (`medicoeduardo_idmedicoeduardo`) REFERENCES `medicoeduardo` (`idmedicoeduardo`) ON DELETE NO ACTION ON UPDATE NO ACTION;

--
-- Restrições para tabelas `consultaenzo`
--
ALTER TABLE `consultaenzo`
  ADD CONSTRAINT `consultaenzo_ibfk_1` FOREIGN KEY (`pacienteenzo_idpacienteenzo`) REFERENCES `pacienteenzo` (`idpacienteenzo`) ON DELETE NO ACTION ON UPDATE NO ACTION,
  ADD CONSTRAINT `consultaenzo_ibfk_2` FOREIGN KEY (`medicoenzo_idmedicoenzo`) REFERENCES `medicoenzo` (`idmedicoenzo`) ON DELETE NO ACTION ON UPDATE NO ACTION;

--
-- Restrições para tabelas `consultafelipe`
--
ALTER TABLE `consultafelipe`
  ADD CONSTRAINT `consultafelipe_ibfk_1` FOREIGN KEY (`pacientefelipe_idpacientefelipe`) REFERENCES `pacientefelipe` (`idpacientefelipe`) ON DELETE NO ACTION ON UPDATE NO ACTION,
  ADD CONSTRAINT `consultafelipe_ibfk_2` FOREIGN KEY (`medicofelipe_idmedicofelipe`) REFERENCES `medicofelipe` (`idmedicofelipe`) ON DELETE NO ACTION ON UPDATE NO ACTION;

--
-- Restrições para tabelas `consultagabrieli`
--
ALTER TABLE `consultagabrieli`
  ADD CONSTRAINT `consultagabrieli_ibfk_1` FOREIGN KEY (`pacientegabrieli_idpacientegabrieli`) REFERENCES `pacientegabrieli` (`idpacientegabrieli`) ON DELETE NO ACTION ON UPDATE NO ACTION,
  ADD CONSTRAINT `consultagabrieli_ibfk_2` FOREIGN KEY (`medicogabrieli_idmedicogabrieli`) REFERENCES `medicogabrieli` (`idmedicogabrieli`) ON DELETE NO ACTION ON UPDATE NO ACTION;

--
-- Restrições para tabelas `consultagean`
--
ALTER TABLE `consultagean`
  ADD CONSTRAINT `consultagean_ibfk_1` FOREIGN KEY (`pacientegean_idpacientegean`) REFERENCES `pacientegean` (`idpacientegean`),
  ADD CONSTRAINT `consultagean_ibfk_2` FOREIGN KEY (`medicogean_idmedicogean`) REFERENCES `medicogean` (`idmedicogean`);

--
-- Restrições para tabelas `consultaguilherme`
--
ALTER TABLE `consultaguilherme`
  ADD CONSTRAINT `consultaguilherme_ibfk_1` FOREIGN KEY (`pacienteguilherme_idpacienteguilherme`) REFERENCES `pacienteguilherme` (`idpacienteguilherme`) ON DELETE NO ACTION ON UPDATE NO ACTION,
  ADD CONSTRAINT `consultaguilherme_ibfk_2` FOREIGN KEY (`medicoguilherme_idmedicoguilherme`) REFERENCES `medicoguilherme` (`idmedicoguilherme`) ON DELETE NO ACTION ON UPDATE NO ACTION;

--
-- Restrições para tabelas `consultahigor`
--
ALTER TABLE `consultahigor`
  ADD CONSTRAINT `consultahigor_ibfk_1` FOREIGN KEY (`pacientehigor_idpacientehigor`) REFERENCES `pacientehigor` (`idpacientehigor`) ON DELETE NO ACTION ON UPDATE NO ACTION,
  ADD CONSTRAINT `consultahigor_ibfk_2` FOREIGN KEY (`medicohigor_idmedicohigor`) REFERENCES `medicohigor` (`idmedicohigor`) ON DELETE NO ACTION ON UPDATE NO ACTION;

--
-- Restrições para tabelas `consultajoao`
--
ALTER TABLE `consultajoao`
  ADD CONSTRAINT `consultajoao_ibfk_1` FOREIGN KEY (`pacientejoao_idpacientejoao`) REFERENCES `pacientejoao` (`idpaciente`) ON DELETE NO ACTION ON UPDATE NO ACTION,
  ADD CONSTRAINT `consultajoao_ibfk_2` FOREIGN KEY (`medicojoao_idmedicojoao`) REFERENCES `medicojoao` (`idmedicojoao`) ON DELETE NO ACTION ON UPDATE NO ACTION;

--
-- Restrições para tabelas `consultaluiza`
--
ALTER TABLE `consultaluiza`
  ADD CONSTRAINT `consultaluiza_ibfk_1` FOREIGN KEY (`pacienteluiza_idpacienteluiza`) REFERENCES `pacienteluiza` (`idpacienteluiza`) ON DELETE NO ACTION ON UPDATE NO ACTION,
  ADD CONSTRAINT `consultaluiza_ibfk_2` FOREIGN KEY (`medicoluiza_idmedicoluiza`) REFERENCES `medicoluiza` (`idmedicoluiza`) ON DELETE NO ACTION ON UPDATE NO ACTION;

--
-- Restrições para tabelas `consultamiguel`
--
ALTER TABLE `consultamiguel`
  ADD CONSTRAINT `consultamiguel_ibfk_1` FOREIGN KEY (`pacientemiguel_idpacientemiguel`) REFERENCES `pacientemiguel` (`idpacientemiguel`) ON DELETE NO ACTION ON UPDATE NO ACTION,
  ADD CONSTRAINT `consultamiguel_ibfk_2` FOREIGN KEY (`medicomiguel_idmedicomiguel`) REFERENCES `medicomiguel` (`idmedicomiguel`) ON DELETE NO ACTION ON UPDATE NO ACTION;

--
-- Restrições para tabelas `consultamiguel_has_sintomamiguel`
--
ALTER TABLE `consultamiguel_has_sintomamiguel`
  ADD CONSTRAINT `consultamiguel_has_sintomamiguel_ibfk_1` FOREIGN KEY (`consultamiguel_idconsultamiguel`) REFERENCES `consultamiguel` (`idconsultamiguel`) ON DELETE NO ACTION ON UPDATE NO ACTION,
  ADD CONSTRAINT `consultamiguel_has_sintomamiguel_ibfk_2` FOREIGN KEY (`sintomamiguel_idsintomamiguel`) REFERENCES `sintomamiguel` (`idsintomamiguel`) ON DELETE NO ACTION ON UPDATE NO ACTION,
  ADD CONSTRAINT `consultamiguel_has_sintomamiguel_ibfk_3` FOREIGN KEY (`tratamentomiguel_idtratamentomiguel`) REFERENCES `tratamentomiguel` (`idtratamentomiguel`) ON DELETE NO ACTION ON UPDATE NO ACTION;

--
-- Restrições para tabelas `consultanicolas`
--
ALTER TABLE `consultanicolas`
  ADD CONSTRAINT `consultanicolas_ibfk_1` FOREIGN KEY (`pacientenicolas_idpacientenicolas`) REFERENCES `pacientenicolas` (`idpacientenicolas`) ON DELETE NO ACTION ON UPDATE NO ACTION,
  ADD CONSTRAINT `consultanicolas_ibfk_2` FOREIGN KEY (`mediconicolas_idmediconicolas`) REFERENCES `mediconicolas` (`idmediconicolas`) ON DELETE NO ACTION ON UPDATE NO ACTION;

--
-- Restrições para tabelas `consultaotavio`
--
ALTER TABLE `consultaotavio`
  ADD CONSTRAINT `consultaotavio_ibfk_1` FOREIGN KEY (`pacienteotavio_idpacienteotavio`) REFERENCES `pacienteotavio` (`idpacienteotavio`) ON DELETE NO ACTION ON UPDATE NO ACTION,
  ADD CONSTRAINT `consultaotavio_ibfk_2` FOREIGN KEY (`medicootavio_idmedicootavio`) REFERENCES `medicootavio` (`idmedicootavio`) ON DELETE NO ACTION ON UPDATE NO ACTION;

--
-- Restrições para tabelas `consultapedro`
--
ALTER TABLE `consultapedro`
  ADD CONSTRAINT `consultapedro_ibfk_1` FOREIGN KEY (`pacientepedro_idpacientepedro`) REFERENCES `pacientepedro` (`idpacientepedro`) ON DELETE NO ACTION ON UPDATE NO ACTION,
  ADD CONSTRAINT `consultapedro_ibfk_2` FOREIGN KEY (`medicopedro_idmedicopedro`) REFERENCES `medicopedro` (`idmedicopedro`) ON DELETE NO ACTION ON UPDATE NO ACTION;

--
-- Restrições para tabelas `consultapietro`
--
ALTER TABLE `consultapietro`
  ADD CONSTRAINT `consultapietro_ibfk_1` FOREIGN KEY (`pacientepietropietro_idpacientepietro`) REFERENCES `pacientepietro` (`idpacientepietro`) ON DELETE NO ACTION ON UPDATE NO ACTION,
  ADD CONSTRAINT `consultapietro_ibfk_2` FOREIGN KEY (`medicopietropietro_idmedicopietro`) REFERENCES `medicopietro` (`idmedicopietro`) ON DELETE NO ACTION ON UPDATE NO ACTION;

--
-- Restrições para tabelas `consultasarah`
--
ALTER TABLE `consultasarah`
  ADD CONSTRAINT `consultasarah_ibfk_1` FOREIGN KEY (`pacientesarah_idpacientesarah`) REFERENCES `pacientesarah` (`idpacientesarah`) ON DELETE NO ACTION ON UPDATE NO ACTION,
  ADD CONSTRAINT `consultasarah_ibfk_2` FOREIGN KEY (`medicosarah_idmedicosarah`) REFERENCES `medicosarah` (`idmedicosarah`) ON DELETE NO ACTION ON UPDATE NO ACTION;

--
-- Restrições para tabelas `consultastella`
--
ALTER TABLE `consultastella`
  ADD CONSTRAINT `consultastella_ibfk_1` FOREIGN KEY (`medicostella_idmedicostella`) REFERENCES `medicostella` (`idmedicostella`) ON DELETE NO ACTION ON UPDATE NO ACTION,
  ADD CONSTRAINT `consultastella_ibfk_2` FOREIGN KEY (`pacientestella_idpacientestella`) REFERENCES `pacientestella` (`idpacientestella`) ON DELETE NO ACTION ON UPDATE NO ACTION;

--
-- Restrições para tabelas `consultatais`
--
ALTER TABLE `consultatais`
  ADD CONSTRAINT `consultatais_ibfk_1` FOREIGN KEY (`pacientetais_idpacientetais`) REFERENCES `pacientetais` (`idpacientetais`) ON DELETE NO ACTION ON UPDATE NO ACTION,
  ADD CONSTRAINT `consultatais_ibfk_2` FOREIGN KEY (`medicotais_idmedicotais`) REFERENCES `medicotais` (`idmedicotais`) ON DELETE NO ACTION ON UPDATE NO ACTION;

--
-- Restrições para tabelas `consultavalentina`
--
ALTER TABLE `consultavalentina`
  ADD CONSTRAINT `consultavalentina_ibfk_1` FOREIGN KEY (`pacientevalentina_idpacientevalentina`) REFERENCES `pacientevalentina` (`idpacientevalentina`) ON DELETE NO ACTION ON UPDATE NO ACTION,
  ADD CONSTRAINT `consultavalentina_ibfk_2` FOREIGN KEY (`medicovalentina_idmedicovalentina`) REFERENCES `medicovalentina` (`idmedicovalentina`) ON DELETE NO ACTION ON UPDATE NO ACTION,
  ADD CONSTRAINT `fk_consulta_sintoma` FOREIGN KEY (`sintomavalentina_idsintomavalentina`) REFERENCES `sintomavalentina` (`idsintomavalentina`) ON DELETE NO ACTION ON UPDATE NO ACTION;

--
-- Restrições para tabelas `consultavinicius`
--
ALTER TABLE `consultavinicius`
  ADD CONSTRAINT `consultavinicius_ibfk_1` FOREIGN KEY (`pacientevinicius_idpacientevinicius`) REFERENCES `pacientevinicius` (`idpacientevinicius`) ON DELETE NO ACTION ON UPDATE NO ACTION,
  ADD CONSTRAINT `consultavinicius_ibfk_2` FOREIGN KEY (`medicovinicius_idmedicovinicius`) REFERENCES `medicovinicius` (`idmedicovinicius`) ON DELETE NO ACTION ON UPDATE NO ACTION;

--
-- Restrições para tabelas `consultavitor`
--
ALTER TABLE `consultavitor`
  ADD CONSTRAINT `consultavitor_ibfk_1` FOREIGN KEY (`pacientevitor_idpacientevitor`) REFERENCES `pacientevitor` (`idpacientevitor`) ON DELETE NO ACTION ON UPDATE NO ACTION,
  ADD CONSTRAINT `consultavitor_ibfk_2` FOREIGN KEY (`medicovitor_idmedicovitor`) REFERENCES `medicovitor` (`idmedicovitor`) ON DELETE NO ACTION ON UPDATE NO ACTION;

--
-- Restrições para tabelas `consultayasmim`
--
ALTER TABLE `consultayasmim`
  ADD CONSTRAINT `consultayasmim_ibfk_1` FOREIGN KEY (`pacienteyasmim_idpacienteyasmim`) REFERENCES `pacienteyasmim` (`idpacienteyasmim`) ON DELETE NO ACTION ON UPDATE NO ACTION,
  ADD CONSTRAINT `consultayasmim_ibfk_2` FOREIGN KEY (`medicoyasmim_idmedicoyasmim`) REFERENCES `medicoyasmim` (`idmedicoyasmim`) ON DELETE NO ACTION ON UPDATE NO ACTION;
COMMIT;

